Back to Multiple platform build/check report for BioC 3.13 experimental data
ABCDEFGHIJKLMNOPQRSTUVWX[Y]Z

CHECK report for yri1kgv on riesling1

This page was generated on 2021-01-21 16:01:40 -0500 (Thu, 21 Jan 2021).

TO THE DEVELOPERS/MAINTAINERS OF THE yri1kgv PACKAGE: Please make sure to use the following settings in order to reproduce any error or warning you see on this page.
Package 385/386HostnameOS / ArchINSTALLBUILDCHECK
yri1kgv 0.33.1
VJ Carey
Snapshot Date: 2021-01-21 09:00:14 -0500 (Thu, 21 Jan 2021)
URL: https://git.bioconductor.org/packages/yri1kgv
Branch: master
Last Commit: 5f6db5d
Last Changed Date: 2020-11-30 08:26:53 -0500 (Mon, 30 Nov 2020)
malbec2 Linux (Ubuntu 20.04.1 LTS) / x86_64  ERROR  OK  ERROR 
riesling1 Windows Server 2019 Standard / x64  ERROR  OK [ ERROR ]

Summary

Package: yri1kgv
Version: 0.33.1
Command: D:\biocbuild\bbs-3.13-bioc\R\bin\R.exe CMD check --force-multiarch --install=check:yri1kgv.install-out.txt --library=D:\biocbuild\bbs-3.13-bioc\R\library --no-vignettes --timings yri1kgv_0.33.1.tar.gz
StartedAt: 2021-01-21 11:53:37 -0500 (Thu, 21 Jan 2021)
EndedAt: 2021-01-21 11:53:50 -0500 (Thu, 21 Jan 2021)
EllapsedTime: 13.3 seconds
RetCode: 1
Status:  ERROR  
CheckDir: yri1kgv.Rcheck
Warnings: NA

Command output

##############################################################################
##############################################################################
###
### Running command:
###
###   D:\biocbuild\bbs-3.13-bioc\R\bin\R.exe CMD check --force-multiarch --install=check:yri1kgv.install-out.txt --library=D:\biocbuild\bbs-3.13-bioc\R\library --no-vignettes --timings yri1kgv_0.33.1.tar.gz
###
##############################################################################
##############################################################################


* using log directory 'D:/biocbuild/bbs-3.13-data-experiment/meat/yri1kgv.Rcheck'
* using R Under development (unstable) (2020-12-30 r79736)
* using platform: x86_64-w64-mingw32 (64-bit)
* using session charset: ISO8859-1
* using option '--no-vignettes'
* checking for file 'yri1kgv/DESCRIPTION' ... OK
* this is package 'yri1kgv' version '0.33.1'
* checking package namespace information ... OK
* checking package dependencies ... ERROR
Package required but not available: 'GGBase'

See section 'The DESCRIPTION file' in the 'Writing R Extensions'
manual.
* DONE

Status: 1 ERROR
See
  'D:/biocbuild/bbs-3.13-data-experiment/meat/yri1kgv.Rcheck/00check.log'
for details.


Installation output


Tests output


Example timings