Back to Multiple platform build/check report for BioC 3.13 experimental data
ABCDEFGHIJKLMNOPQRS[T]UVWXYZ

CHECK report for tinesath1cdf on riesling1

This page was generated on 2021-01-14 15:59:12 -0500 (Thu, 14 Jan 2021).

TO THE DEVELOPERS/MAINTAINERS OF THE tinesath1cdf PACKAGE: Please make sure to use the following settings in order to reproduce any error or warning you see on this page.
Package 366/385HostnameOS / ArchINSTALLBUILDCHECK
tinesath1cdf 1.29.0
Tine Casneuf
Snapshot Date: 2021-01-14 09:00:13 -0500 (Thu, 14 Jan 2021)
URL: https://git.bioconductor.org/packages/tinesath1cdf
Branch: master
Last Commit: 9a3a827
Last Changed Date: 2020-10-27 09:48:31 -0500 (Tue, 27 Oct 2020)
malbec2 Linux (Ubuntu 20.04.1 LTS) / x86_64  OK  OK  WARNINGS UNNEEDED, same version exists in internal repository
riesling1 Windows Server 2019 Standard / x64  OK  OK [ WARNINGS ]

Summary

Package: tinesath1cdf
Version: 1.29.0
Command: D:\biocbuild\bbs-3.13-bioc\R\bin\R.exe CMD check --force-multiarch --install=check:tinesath1cdf.install-out.txt --library=D:\biocbuild\bbs-3.13-bioc\R\library --no-vignettes --timings tinesath1cdf_1.29.0.tar.gz
StartedAt: 2021-01-14 11:45:27 -0500 (Thu, 14 Jan 2021)
EndedAt: 2021-01-14 11:45:46 -0500 (Thu, 14 Jan 2021)
EllapsedTime: 19.3 seconds
RetCode: 0
Status:  WARNINGS  
CheckDir: tinesath1cdf.Rcheck
Warnings: 1

Command output

##############################################################################
##############################################################################
###
### Running command:
###
###   D:\biocbuild\bbs-3.13-bioc\R\bin\R.exe CMD check --force-multiarch --install=check:tinesath1cdf.install-out.txt --library=D:\biocbuild\bbs-3.13-bioc\R\library --no-vignettes --timings tinesath1cdf_1.29.0.tar.gz
###
##############################################################################
##############################################################################


* using log directory 'D:/biocbuild/bbs-3.13-data-experiment/meat/tinesath1cdf.Rcheck'
* using R Under development (unstable) (2020-12-30 r79736)
* using platform: x86_64-w64-mingw32 (64-bit)
* using session charset: ISO8859-1
* using option '--no-vignettes'
* checking for file 'tinesath1cdf/DESCRIPTION' ... OK
* this is package 'tinesath1cdf' version '1.29.0'
* checking package namespace information ... OK
* checking package dependencies ... OK
* checking if this is a source package ... OK
* checking if there is a namespace ... OK
* checking for hidden files and directories ... OK
* checking for portable file names ... OK
* checking whether package 'tinesath1cdf' can be installed ... OK
* checking installed package size ... OK
* checking package directory ... OK
* checking DESCRIPTION meta-information ... OK
* checking top-level files ... OK
* checking for left-over files ... OK
* checking index information ... OK
* checking package subdirectories ... OK
* checking R files for non-ASCII characters ... OK
* checking R files for syntax errors ... OK
* loading checks for arch 'i386'
** checking whether the package can be loaded ... OK
** checking whether the package can be loaded with stated dependencies ... OK
** checking whether the package can be unloaded cleanly ... OK
** checking whether the namespace can be loaded with stated dependencies ... OK
** checking whether the namespace can be unloaded cleanly ... OK
* loading checks for arch 'x64'
** checking whether the package can be loaded ... OK
** checking whether the package can be loaded with stated dependencies ... OK
** checking whether the package can be unloaded cleanly ... OK
** checking whether the namespace can be loaded with stated dependencies ... OK
** checking whether the namespace can be unloaded cleanly ... OK
* checking dependencies in R code ... OK
* checking S3 generic/method consistency ... OK
* checking replacement functions ... OK
* checking foreign function calls ... OK
* checking R code for possible problems ... OK
* checking Rd files ... OK
* checking Rd metadata ... OK
* checking Rd cross-references ... OK
* checking for missing documentation entries ... OK
* checking for code/documentation mismatches ... OK
* checking Rd \usage sections ... OK
* checking Rd contents ... OK
* checking for unstated dependencies in examples ... OK
* checking contents of 'data' directory ... OK
* checking data for non-ASCII characters ... OK
* checking data for ASCII and uncompressed saves ... WARNING
  
  Note: significantly better compression could be obtained
        by using R CMD build --resave-data
                   old_size new_size compress
  tinesath1cdf.rda    1.5Mb    1.1Mb    bzip2
* checking examples ...
** running examples for arch 'i386' ... OK
** running examples for arch 'x64' ... OK
* checking PDF version of manual ... OK
* DONE

Status: 1 WARNING
See
  'D:/biocbuild/bbs-3.13-data-experiment/meat/tinesath1cdf.Rcheck/00check.log'
for details.



Installation output

tinesath1cdf.Rcheck/00install.out

##############################################################################
##############################################################################
###
### Running command:
###
###   C:\cygwin\bin\curl.exe -O http://172.29.0.4/BBS/3.13/data-experiment/src/contrib/tinesath1cdf_1.29.0.tar.gz && rm -rf tinesath1cdf.buildbin-libdir && mkdir tinesath1cdf.buildbin-libdir && D:\biocbuild\bbs-3.13-bioc\R\bin\R.exe CMD INSTALL --merge-multiarch --build --library=tinesath1cdf.buildbin-libdir tinesath1cdf_1.29.0.tar.gz && D:\biocbuild\bbs-3.13-bioc\R\bin\R.exe CMD INSTALL tinesath1cdf_1.29.0.zip && rm tinesath1cdf_1.29.0.tar.gz tinesath1cdf_1.29.0.zip
###
##############################################################################
##############################################################################


  % Total    % Received % Xferd  Average Speed   Time    Time     Time  Current
                                 Dload  Upload   Total   Spent    Left  Speed

  0     0    0     0    0     0      0      0 --:--:-- --:--:-- --:--:--     0
  0 1513k    0  1215    0     0  25851      0  0:00:59 --:--:--  0:00:59 25312
100 1513k  100 1513k    0     0  10.7M      0 --:--:-- --:--:-- --:--:-- 10.6M

install for i386

* installing *source* package 'tinesath1cdf' ...
** using staged installation
** R
** data
** byte-compile and prepare package for lazy loading
** help
*** installing help indices
  converting help for package 'tinesath1cdf'
    finding HTML links ... done
    geometry                                html  
REDIRECT:topic	 i2xy -> geometry.html [ SUCCESS ]
REDIRECT:topic	 xy2i -> geometry.html [ SUCCESS ]
REDIRECT:file	 geometry.html -> geometry.html [ SUCCESS ]
    tinesath1cdf                            html  
REDIRECT:topic	 tinesath1cdf -> tinesath1cdf.html [ SUCCESS ]
** building package indices
** testing if installed package can be loaded from temporary location
** testing if installed package can be loaded from final location
** testing if installed package keeps a record of temporary installation path

install for x64

* installing *source* package 'tinesath1cdf' ...
** testing if installed package can be loaded
* MD5 sums
packaged installation of 'tinesath1cdf' as tinesath1cdf_1.29.0.zip
* DONE (tinesath1cdf)
* installing to library 'D:/biocbuild/bbs-3.13-bioc/R/library'
package 'tinesath1cdf' successfully unpacked and MD5 sums checked

Tests output


Example timings

tinesath1cdf.Rcheck/examples_i386/tinesath1cdf-Ex.timings

nameusersystemelapsed
geometry0.040.000.05

tinesath1cdf.Rcheck/examples_x64/tinesath1cdf-Ex.timings

nameusersystemelapsed
geometry0.010.020.04