Back to Multiple platform build/check report for BioC 3.13 experimental data
ABCDEFGHIJKLMNOP[Q]RSTUVWXYZ

BUILD report for qPLEXdata on riesling1

This page was generated on 2021-01-14 15:59:11 -0500 (Thu, 14 Jan 2021).

TO THE DEVELOPERS/MAINTAINERS OF THE qPLEXdata PACKAGE: Please make sure to use the following settings in order to reproduce any error or warning you see on this page.
Package 286/385HostnameOS / ArchINSTALLBUILDCHECK
qPLEXdata 1.9.0
Kamal Kishore Developer
Snapshot Date: 2021-01-14 09:00:13 -0500 (Thu, 14 Jan 2021)
URL: https://git.bioconductor.org/packages/qPLEXdata
Branch: master
Last Commit: ffaf3d3
Last Changed Date: 2020-10-27 10:27:05 -0500 (Tue, 27 Oct 2020)
malbec2 Linux (Ubuntu 20.04.1 LTS) / x86_64  OK  ERROR  skipped 
riesling1 Windows Server 2019 Standard / x64  OK [ ERROR ] skipped 

Summary

Package: qPLEXdata
Version: 1.9.0
Command: chmod a+r qPLEXdata -R && D:\biocbuild\bbs-3.13-bioc\R\bin\R.exe CMD build --keep-empty-dirs --no-resave-data qPLEXdata
StartedAt: 2021-01-14 10:50:39 -0500 (Thu, 14 Jan 2021)
EndedAt: 2021-01-14 10:50:59 -0500 (Thu, 14 Jan 2021)
EllapsedTime: 20.2 seconds
RetCode: 1
Status:  ERROR  
PackageFile: None
PackageFileSize: NA

Command output

##############################################################################
##############################################################################
###
### Running command:
###
###   chmod a+r qPLEXdata -R && D:\biocbuild\bbs-3.13-bioc\R\bin\R.exe CMD build --keep-empty-dirs --no-resave-data qPLEXdata
###
##############################################################################
##############################################################################


* checking for file 'qPLEXdata/DESCRIPTION' ... OK
* preparing 'qPLEXdata':
* checking DESCRIPTION meta-information ... OK
* installing the package to build vignettes
* creating vignettes ... ERROR
--- re-building 'qPLEXdata.Rnw' using knitr

Attaching package: 'dplyr'

The following objects are masked from 'package:stats':

    filter, lag

The following objects are masked from 'package:base':

    intersect, setdiff, setequal, union

Loading required package: Biobase
Loading required package: BiocGenerics
Loading required package: parallel

Attaching package: 'BiocGenerics'

The following objects are masked from 'package:parallel':

    clusterApply, clusterApplyLB, clusterCall, clusterEvalQ,
    clusterExport, clusterMap, parApply, parCapply, parLapply,
    parLapplyLB, parRapply, parSapply, parSapplyLB

The following objects are masked from 'package:dplyr':

    combine, intersect, setdiff, union

The following objects are masked from 'package:stats':

    IQR, mad, sd, var, xtabs

The following objects are masked from 'package:base':

    Filter, Find, Map, Position, Reduce, anyDuplicated, append,
    as.data.frame, basename, cbind, colnames, dirname, do.call,
    duplicated, eval, evalq, get, grep, grepl, intersect,
    is.unsorted, lapply, mapply, match, mget, order, paste,
    pmax, pmax.int, pmin, pmin.int, rank, rbind, rownames,
    sapply, setdiff, sort, table, tapply, union, unique,
    unsplit, which.max, which.min

Welcome to Bioconductor

    Vignettes contain introductory material; view with
    'browseVignettes()'. To cite Bioconductor, see
    'citation("Biobase")', and for packages
    'citation("pkgname")'.

Loading required package: MSnbase
Loading required package: mzR
Loading required package: Rcpp
Loading required package: S4Vectors
Loading required package: stats4

Attaching package: 'S4Vectors'

The following objects are masked from 'package:dplyr':

    first, rename

The following objects are masked from 'package:base':

    I, expand.grid, unname

Loading required package: ProtGenerics

Attaching package: 'ProtGenerics'

The following object is masked from 'package:stats':

    smooth


This is MSnbase version 2.17.4 
  Visit https://lgatto.github.io/MSnbase/ to get started.


Attaching package: 'MSnbase'

The following object is masked from 'package:base':

    trimws


This is qPLEXdata version 1.9.0.
Use 'qPLEXdata()' to list available data sets.
Quitting from lines 55-74 (qPLEXdata.Rnw) 
Error: processing vignette 'qPLEXdata.Rnw' failed with diagnostics:
unimplemented type '...' in 'deparse2buff'

--- failed re-building 'qPLEXdata.Rnw'

SUMMARY: processing the following file failed:
  'qPLEXdata.Rnw'

Error: Vignette re-building failed.
Execution halted