Back to Multiple platform build/check report for BioC 3.13 experimental data
ABCDEFGHIJKLMNO[P]QRSTUVWXYZ

CHECK report for pcxnData on riesling1

This page was generated on 2021-01-14 15:59:10 -0500 (Thu, 14 Jan 2021).

TO THE DEVELOPERS/MAINTAINERS OF THE pcxnData PACKAGE: Please make sure to use the following settings in order to reproduce any error or warning you see on this page.
Package 261/385HostnameOS / ArchINSTALLBUILDCHECK
pcxnData 2.13.0
Sokratis Kariotis
Snapshot Date: 2021-01-14 09:00:13 -0500 (Thu, 14 Jan 2021)
URL: https://git.bioconductor.org/packages/pcxnData
Branch: master
Last Commit: bc0ba62
Last Changed Date: 2020-10-27 10:24:20 -0500 (Tue, 27 Oct 2020)
malbec2 Linux (Ubuntu 20.04.1 LTS) / x86_64  OK  OK  WARNINGS UNNEEDED, same version exists in internal repository
riesling1 Windows Server 2019 Standard / x64  OK  OK [ WARNINGS ]

Summary

Package: pcxnData
Version: 2.13.0
Command: D:\biocbuild\bbs-3.13-bioc\R\bin\R.exe CMD check --force-multiarch --install=check:pcxnData.install-out.txt --library=D:\biocbuild\bbs-3.13-bioc\R\library --no-vignettes --timings pcxnData_2.13.0.tar.gz
StartedAt: 2021-01-14 11:33:33 -0500 (Thu, 14 Jan 2021)
EndedAt: 2021-01-14 11:34:04 -0500 (Thu, 14 Jan 2021)
EllapsedTime: 31.0 seconds
RetCode: 0
Status:  WARNINGS  
CheckDir: pcxnData.Rcheck
Warnings: 1

Command output

##############################################################################
##############################################################################
###
### Running command:
###
###   D:\biocbuild\bbs-3.13-bioc\R\bin\R.exe CMD check --force-multiarch --install=check:pcxnData.install-out.txt --library=D:\biocbuild\bbs-3.13-bioc\R\library --no-vignettes --timings pcxnData_2.13.0.tar.gz
###
##############################################################################
##############################################################################


* using log directory 'D:/biocbuild/bbs-3.13-data-experiment/meat/pcxnData.Rcheck'
* using R Under development (unstable) (2020-12-30 r79736)
* using platform: x86_64-w64-mingw32 (64-bit)
* using session charset: ISO8859-1
* using option '--no-vignettes'
* checking for file 'pcxnData/DESCRIPTION' ... OK
* this is package 'pcxnData' version '2.13.0'
* package encoding: UTF-8
* checking package namespace information ... OK
* checking package dependencies ... OK
* checking if this is a source package ... OK
* checking if there is a namespace ... OK
* checking for hidden files and directories ... NOTE
Found the following hidden files and directories:
  .BBSoptions
These were most likely included in error. See section 'Package
structure' in the 'Writing R Extensions' manual.
* checking for portable file names ... OK
* checking whether package 'pcxnData' can be installed ... OK
* checking installed package size ... NOTE
  installed size is 40.4Mb
  sub-directories of 1Mb or more:
    data  40.3Mb
* checking package directory ... OK
* checking 'build' directory ... OK
* checking DESCRIPTION meta-information ... OK
* checking top-level files ... OK
* checking for left-over files ... OK
* checking index information ... OK
* checking package subdirectories ... OK
* loading checks for arch 'i386'
** checking whether the package can be loaded ... OK
** checking whether the package can be loaded with stated dependencies ... OK
** checking whether the package can be unloaded cleanly ... OK
** checking whether the namespace can be loaded with stated dependencies ... OK
** checking whether the namespace can be unloaded cleanly ... OK
* loading checks for arch 'x64'
** checking whether the package can be loaded ... OK
** checking whether the package can be loaded with stated dependencies ... OK
** checking whether the package can be unloaded cleanly ... OK
** checking whether the namespace can be loaded with stated dependencies ... OK
** checking whether the namespace can be unloaded cleanly ... OK
* checking Rd files ... OK
* checking Rd metadata ... OK
* checking Rd cross-references ... OK
* checking for missing documentation entries ... OK
* checking for code/documentation mismatches ... OK
* checking Rd \usage sections ... OK
* checking Rd contents ... OK
* checking for unstated dependencies in examples ... OK
* checking contents of 'data' directory ... WARNING
File 'data/datalist' contains malformed line(s):
  'cp_gs_v5.1:cp_gs_v5.1' 'gobp_gs_v5.1:gobp_gs_v5.1'
  'h_gs_v5.1:h_gs_v5.1' 'pathprint.Hs.gs:pathprint.Hs.gs'
  'pathCor_CPv5.1_dframe:pathCor_CPv5.1_dframe'
  'pathCor_GOBPv5.1_dframe:pathCor_GOBPv5.1_dframe'
  'pathCor_Hv5.1_dframe:pathCor_Hv5.1_dframe'
  'pathCor_pathprint_v1.2.3_dframe:pathCor_pathprint_v1.2.3_dframe'
  'pathCor_CPv5.1_unadjusted_dframe:pathCor_CPv5.1_unadjusted_dframe'
  'pathCor_GOBPv5.1_unadjusted_dframe:pathCor_GOBPv5.1_unadjusted_dframe'
  'pathCor_Hv5.1_unadjusted_dframe:pathCor_Hv5.1_unadjusted_dframe'
  'pathCor_pathprint_v1.2.3_unadjusted_dframe:pathCor_pathprint_v1.2.3_unadjusted_dframe'
* checking data for non-ASCII characters ... OK
* checking data for ASCII and uncompressed saves ... OK
* checking files in 'vignettes' ... OK
* checking examples ...
** running examples for arch 'i386' ... OK
** running examples for arch 'x64' ... OK
* checking for unstated dependencies in vignettes ... OK
* checking package vignettes in 'inst/doc' ... OK
* checking running R code from vignettes ... SKIPPED
* checking re-building of vignette outputs ... SKIPPED
* checking PDF version of manual ... OK
* DONE

Status: 1 WARNING, 2 NOTEs
See
  'D:/biocbuild/bbs-3.13-data-experiment/meat/pcxnData.Rcheck/00check.log'
for details.



Installation output

pcxnData.Rcheck/00install.out

##############################################################################
##############################################################################
###
### Running command:
###
###   C:\cygwin\bin\curl.exe -O http://172.29.0.4/BBS/3.13/data-experiment/src/contrib/pcxnData_2.13.0.tar.gz && rm -rf pcxnData.buildbin-libdir && mkdir pcxnData.buildbin-libdir && D:\biocbuild\bbs-3.13-bioc\R\bin\R.exe CMD INSTALL --merge-multiarch --build --library=pcxnData.buildbin-libdir pcxnData_2.13.0.tar.gz && D:\biocbuild\bbs-3.13-bioc\R\bin\R.exe CMD INSTALL pcxnData_2.13.0.zip && rm pcxnData_2.13.0.tar.gz pcxnData_2.13.0.zip
###
##############################################################################
##############################################################################


  % Total    % Received % Xferd  Average Speed   Time    Time     Time  Current
                                 Dload  Upload   Total   Spent    Left  Speed

  0     0    0     0    0     0      0      0 --:--:-- --:--:-- --:--:--     0
  0 37.9M    0 14353    0     0  69338      0  0:09:33 --:--:--  0:09:33 69338
  4 37.9M    4 1864k    0     0  1488k      0  0:00:26  0:00:01  0:00:25 1486k
100 37.9M  100 37.9M    0     0  18.4M      0  0:00:02  0:00:02 --:--:-- 18.4M

install for i386

* installing *source* package 'pcxnData' ...
** using staged installation
** data
** help
*** installing help indices
  converting help for package 'pcxnData'
    finding HTML links ... done
    pcxnData                                html  
REDIRECT:topic	 Introduction to pcxnData -> pcxnData.html [ SUCCESS ]
REDIRECT:topic	 pcxnData -> pcxnData.html [ SUCCESS ]
REDIRECT:topic	 cp_gs_v5.1 -> pcxnData.html [ SUCCESS ]
REDIRECT:topic	 gobp_gs_v5.1 -> pcxnData.html [ SUCCESS ]
REDIRECT:topic	 h_gs_v5.1 -> pcxnData.html [ SUCCESS ]
REDIRECT:topic	 pathCor_CPv5.1_dframe -> pcxnData.html [ SUCCESS ]
REDIRECT:topic	 pathCor_GOBPv5.1_dframe -> pcxnData.html [ SUCCESS ]
REDIRECT:topic	 pathCor_Hv5.1_dframe -> pcxnData.html [ SUCCESS ]
REDIRECT:topic	 pathCor_pathprint_v1.2.3_dframe -> pcxnData.html [ SUCCESS ]
REDIRECT:topic	 pathprint.Hs.gs -> pcxnData.html [ SUCCESS ]
REDIRECT:topic	 pathCor_CPv5.1_unadjusted_dframe -> pcxnData.html [ SUCCESS ]
REDIRECT:topic	 pathCor_GOBPv5.1_unadjusted_dframe -> pcxnData.html [ SUCCESS ]
REDIRECT:topic	 pathCor_Hv5.1_unadjusted_dframe -> pcxnData.html [ SUCCESS ]
REDIRECT:topic	 pathCor_pathprint_v1.2.3_unadjusted_dframe -> pcxnData.html [ SUCCESS ]
** building package indices
** installing vignettes
** testing if installed package can be loaded from temporary location
** testing if installed package can be loaded from final location
** testing if installed package keeps a record of temporary installation path

install for x64

* installing *source* package 'pcxnData' ...
** testing if installed package can be loaded
* MD5 sums
packaged installation of 'pcxnData' as pcxnData_2.13.0.zip
* DONE (pcxnData)
* installing to library 'D:/biocbuild/bbs-3.13-bioc/R/library'
package 'pcxnData' successfully unpacked and MD5 sums checked

Tests output


Example timings

pcxnData.Rcheck/examples_i386/pcxnData-Ex.timings

nameusersystemelapsed
pcxnData2.920.002.92

pcxnData.Rcheck/examples_x64/pcxnData-Ex.timings

nameusersystemelapsed
pcxnData2.390.062.45