Back to Multiple platform build/check report for BioC 3.13 experimental data
ABCDEFGHIJKL[M]NOPQRSTUVWXYZ

CHECK report for mAPKLData on riesling1

This page was generated on 2021-01-14 15:59:09 -0500 (Thu, 14 Jan 2021).

TO THE DEVELOPERS/MAINTAINERS OF THE mAPKLData PACKAGE: Please make sure to use the following settings in order to reproduce any error or warning you see on this page.
Package 207/385HostnameOS / ArchINSTALLBUILDCHECK
mAPKLData 1.23.0
Argiris Sakellariou
Snapshot Date: 2021-01-14 09:00:13 -0500 (Thu, 14 Jan 2021)
URL: https://git.bioconductor.org/packages/mAPKLData
Branch: master
Last Commit: 0e6106e
Last Changed Date: 2020-10-27 10:11:15 -0500 (Tue, 27 Oct 2020)
malbec2 Linux (Ubuntu 20.04.1 LTS) / x86_64  OK  OK  WARNINGS UNNEEDED, same version exists in internal repository
riesling1 Windows Server 2019 Standard / x64  OK  OK [ WARNINGS ]

Summary

Package: mAPKLData
Version: 1.23.0
Command: D:\biocbuild\bbs-3.13-bioc\R\bin\R.exe CMD check --force-multiarch --install=check:mAPKLData.install-out.txt --library=D:\biocbuild\bbs-3.13-bioc\R\library --no-vignettes --timings mAPKLData_1.23.0.tar.gz
StartedAt: 2021-01-14 11:26:33 -0500 (Thu, 14 Jan 2021)
EndedAt: 2021-01-14 11:26:51 -0500 (Thu, 14 Jan 2021)
EllapsedTime: 18.5 seconds
RetCode: 0
Status:  WARNINGS  
CheckDir: mAPKLData.Rcheck
Warnings: 1

Command output

##############################################################################
##############################################################################
###
### Running command:
###
###   D:\biocbuild\bbs-3.13-bioc\R\bin\R.exe CMD check --force-multiarch --install=check:mAPKLData.install-out.txt --library=D:\biocbuild\bbs-3.13-bioc\R\library --no-vignettes --timings mAPKLData_1.23.0.tar.gz
###
##############################################################################
##############################################################################


* using log directory 'D:/biocbuild/bbs-3.13-data-experiment/meat/mAPKLData.Rcheck'
* using R Under development (unstable) (2020-12-30 r79736)
* using platform: x86_64-w64-mingw32 (64-bit)
* using session charset: ISO8859-1
* using option '--no-vignettes'
* checking for file 'mAPKLData/DESCRIPTION' ... OK
* checking extension type ... Package
* this is package 'mAPKLData' version '1.23.0'
* checking package namespace information ... OK
* checking package dependencies ... OK
* checking if this is a source package ... OK
* checking if there is a namespace ... OK
* checking for hidden files and directories ... OK
* checking for portable file names ... OK
* checking whether package 'mAPKLData' can be installed ... OK
* checking installed package size ... NOTE
  installed size is  9.1Mb
  sub-directories of 1Mb or more:
    data   9.1Mb
* checking package directory ... OK
* checking DESCRIPTION meta-information ... NOTE
Malformed Title field: should not end in a period.
* checking top-level files ... OK
* checking for left-over files ... OK
* checking index information ... OK
* checking package subdirectories ... OK
* loading checks for arch 'i386'
** checking whether the package can be loaded ... OK
** checking whether the package can be loaded with stated dependencies ... OK
** checking whether the package can be unloaded cleanly ... OK
** checking whether the namespace can be loaded with stated dependencies ... OK
** checking whether the namespace can be unloaded cleanly ... OK
* loading checks for arch 'x64'
** checking whether the package can be loaded ... OK
** checking whether the package can be loaded with stated dependencies ... OK
** checking whether the package can be unloaded cleanly ... OK
** checking whether the namespace can be loaded with stated dependencies ... OK
** checking whether the namespace can be unloaded cleanly ... OK
* checking Rd files ... OK
* checking Rd metadata ... OK
* checking Rd cross-references ... OK
* checking for missing documentation entries ... OK
* checking for code/documentation mismatches ... OK
* checking Rd \usage sections ... OK
* checking Rd contents ... OK
* checking for unstated dependencies in examples ... OK
* checking contents of 'data' directory ... OK
* checking data for non-ASCII characters ... OK
* checking data for ASCII and uncompressed saves ... OK
* checking files in 'vignettes' ... WARNING
Files in the 'vignettes' directory but no files in 'inst/doc':
  'mAPKLData.Rnw'
Files named as vignettes but with no recognized vignette engine:
   'vignettes/mAPKLData.Rnw'
(Is a VignetteBuilder field missing?)
* checking examples ...
** running examples for arch 'i386' ... OK
** running examples for arch 'x64' ... OK
* checking PDF version of manual ... OK
* DONE

Status: 1 WARNING, 2 NOTEs
See
  'D:/biocbuild/bbs-3.13-data-experiment/meat/mAPKLData.Rcheck/00check.log'
for details.



Installation output

mAPKLData.Rcheck/00install.out

##############################################################################
##############################################################################
###
### Running command:
###
###   C:\cygwin\bin\curl.exe -O http://172.29.0.4/BBS/3.13/data-experiment/src/contrib/mAPKLData_1.23.0.tar.gz && rm -rf mAPKLData.buildbin-libdir && mkdir mAPKLData.buildbin-libdir && D:\biocbuild\bbs-3.13-bioc\R\bin\R.exe CMD INSTALL --merge-multiarch --build --library=mAPKLData.buildbin-libdir mAPKLData_1.23.0.tar.gz && D:\biocbuild\bbs-3.13-bioc\R\bin\R.exe CMD INSTALL mAPKLData_1.23.0.zip && rm mAPKLData_1.23.0.tar.gz mAPKLData_1.23.0.zip
###
##############################################################################
##############################################################################


  % Total    % Received % Xferd  Average Speed   Time    Time     Time  Current
                                 Dload  Upload   Total   Spent    Left  Speed

  0     0    0     0    0     0      0      0 --:--:-- --:--:-- --:--:--     0
 74 9280k   74 6916k    0     0  4493k      0  0:00:02  0:00:01  0:00:01 4493k
100 9280k  100 9280k    0     0  5718k      0  0:00:01  0:00:01 --:--:-- 5718k

install for i386

* installing *source* package 'mAPKLData' ...
** using staged installation
** data
** help
*** installing help indices
  converting help for package 'mAPKLData'
    finding HTML links ... done
    mAPKLData                               html  
REDIRECT:topic	 mAPKLData -> mAPKLData.html [ SUCCESS ]
** building package indices
** installing vignettes
** testing if installed package can be loaded from temporary location
** testing if installed package can be loaded from final location
** testing if installed package keeps a record of temporary installation path

install for x64

* installing *source* package 'mAPKLData' ...
** testing if installed package can be loaded
* MD5 sums
packaged installation of 'mAPKLData' as mAPKLData_1.23.0.zip
* DONE (mAPKLData)
* installing to library 'D:/biocbuild/bbs-3.13-bioc/R/library'
package 'mAPKLData' successfully unpacked and MD5 sums checked

Tests output


Example timings

mAPKLData.Rcheck/examples_i386/mAPKLData-Ex.timings

nameusersystemelapsed
mAPKLData1.090.061.15

mAPKLData.Rcheck/examples_x64/mAPKLData-Ex.timings

nameusersystemelapsed
mAPKLData0.950.061.01