Back to Multiple platform build/check report for BioC 3.13 experimental data |
|
This page was generated on 2021-01-21 16:01:30 -0500 (Thu, 21 Jan 2021).
TO THE DEVELOPERS/MAINTAINERS OF THE kidpack PACKAGE: Please make sure to use the following settings in order to reproduce any error or warning you see on this page. |
Package 193/386 | Hostname | OS / Arch | INSTALL | BUILD | CHECK | ||||||
kidpack 1.33.0 Wolfgang Huber
| malbec2 | Linux (Ubuntu 20.04.1 LTS) / x86_64 | OK | OK | WARNINGS | ![]() | |||||
riesling1 | Windows Server 2019 Standard / x64 | OK | OK | [ WARNINGS ] |
Package: kidpack |
Version: 1.33.0 |
Command: D:\biocbuild\bbs-3.13-bioc\R\bin\R.exe CMD check --force-multiarch --install=check:kidpack.install-out.txt --library=D:\biocbuild\bbs-3.13-bioc\R\library --no-vignettes --timings kidpack_1.33.0.tar.gz |
StartedAt: 2021-01-21 11:30:10 -0500 (Thu, 21 Jan 2021) |
EndedAt: 2021-01-21 11:30:45 -0500 (Thu, 21 Jan 2021) |
EllapsedTime: 34.5 seconds |
RetCode: 0 |
Status: WARNINGS |
CheckDir: kidpack.Rcheck |
Warnings: 1 |
############################################################################## ############################################################################## ### ### Running command: ### ### D:\biocbuild\bbs-3.13-bioc\R\bin\R.exe CMD check --force-multiarch --install=check:kidpack.install-out.txt --library=D:\biocbuild\bbs-3.13-bioc\R\library --no-vignettes --timings kidpack_1.33.0.tar.gz ### ############################################################################## ############################################################################## * using log directory 'D:/biocbuild/bbs-3.13-data-experiment/meat/kidpack.Rcheck' * using R Under development (unstable) (2020-12-30 r79736) * using platform: x86_64-w64-mingw32 (64-bit) * using session charset: ISO8859-1 * using option '--no-vignettes' * checking for file 'kidpack/DESCRIPTION' ... OK * this is package 'kidpack' version '1.33.0' * checking package namespace information ... OK * checking package dependencies ... OK * checking if this is a source package ... OK * checking if there is a namespace ... OK * checking for hidden files and directories ... OK * checking for portable file names ... OK * checking whether package 'kidpack' can be installed ... OK * checking installed package size ... NOTE installed size is 20.0Mb sub-directories of 1Mb or more: data 19.8Mb * checking package directory ... OK * checking 'build' directory ... OK * checking DESCRIPTION meta-information ... NOTE Malformed Description field: should contain one or more complete sentences. * checking top-level files ... OK * checking for left-over files ... OK * checking index information ... OK * checking package subdirectories ... OK * checking R files for non-ASCII characters ... OK * checking R files for syntax errors ... OK * loading checks for arch 'i386' ** checking whether the package can be loaded ... OK ** checking whether the package can be loaded with stated dependencies ... OK ** checking whether the package can be unloaded cleanly ... OK ** checking whether the namespace can be loaded with stated dependencies ... OK ** checking whether the namespace can be unloaded cleanly ... OK * loading checks for arch 'x64' ** checking whether the package can be loaded ... OK ** checking whether the package can be loaded with stated dependencies ... OK ** checking whether the package can be unloaded cleanly ... OK ** checking whether the namespace can be loaded with stated dependencies ... OK ** checking whether the namespace can be unloaded cleanly ... OK * checking dependencies in R code ... NOTE Package in Depends field not imported from: 'Biobase' These packages need to be imported from (in the NAMESPACE file) for when this namespace is loaded but not attached. * checking S3 generic/method consistency ... OK * checking replacement functions ... OK * checking foreign function calls ... OK * checking R code for possible problems ... NOTE File 'kidpack/R/zzz.R': .onLoad calls: message(sprintf("\n*** Deprecation warning ***:\nThe package '%s' is deprecated and will not be supported after Bioconductor release 2.1.\n\n", pkgname)) Package startup functions should use 'packageStartupMessage' to generate messages. See section 'Good practice' in '?.onAttach'. * checking Rd files ... OK * checking Rd metadata ... OK * checking Rd cross-references ... OK * checking for missing documentation entries ... OK * checking for code/documentation mismatches ... OK * checking Rd \usage sections ... OK * checking Rd contents ... OK * checking for unstated dependencies in examples ... OK * checking contents of 'data' directory ... OK * checking data for non-ASCII characters ... OK * checking data for ASCII and uncompressed saves ... WARNING Warning: large data files saved inefficiently: size ASCII compress cloneanno.rda 742Kb FALSE none spotanno.rda 1.4Mb FALSE none Warning: package needs dependence on R (>= 2.10) * checking files in 'vignettes' ... OK * checking examples ... ** running examples for arch 'i386' ... OK ** running examples for arch 'x64' ... OK * checking for unstated dependencies in vignettes ... OK * checking package vignettes in 'inst/doc' ... OK * checking running R code from vignettes ... SKIPPED * checking re-building of vignette outputs ... SKIPPED * checking PDF version of manual ... OK * DONE Status: 1 WARNING, 4 NOTEs See 'D:/biocbuild/bbs-3.13-data-experiment/meat/kidpack.Rcheck/00check.log' for details.
kidpack.Rcheck/00install.out
############################################################################## ############################################################################## ### ### Running command: ### ### C:\cygwin\bin\curl.exe -O http://172.29.0.4/BBS/3.13/data-experiment/src/contrib/kidpack_1.33.0.tar.gz && rm -rf kidpack.buildbin-libdir && mkdir kidpack.buildbin-libdir && D:\biocbuild\bbs-3.13-bioc\R\bin\R.exe CMD INSTALL --merge-multiarch --build --library=kidpack.buildbin-libdir kidpack_1.33.0.tar.gz && D:\biocbuild\bbs-3.13-bioc\R\bin\R.exe CMD INSTALL kidpack_1.33.0.zip && rm kidpack_1.33.0.tar.gz kidpack_1.33.0.zip ### ############################################################################## ############################################################################## % Total % Received % Xferd Average Speed Time Time Time Current Dload Upload Total Spent Left Speed 0 0 0 0 0 0 0 0 --:--:-- --:--:-- --:--:-- 0 100 18.2M 100 18.2M 0 0 22.0M 0 --:--:-- --:--:-- --:--:-- 22.0M install for i386 * installing *source* package 'kidpack' ... ** using staged installation ** R ** data ** inst ** byte-compile and prepare package for lazy loading ** help *** installing help indices converting help for package 'kidpack' finding HTML links ... done eset html REDIRECT:topic eset -> eset.html [ SUCCESS ] REDIRECT:topic esetSpot -> eset.html [ SUCCESS ] REDIRECT:topic cloneanno -> eset.html [ SUCCESS ] qua html REDIRECT:topic qua -> qua.html [ SUCCESS ] REDIRECT:topic spotanno -> qua.html [ SUCCESS ] REDIRECT:topic hybanno -> qua.html [ SUCCESS ] ** building package indices ** installing vignettes ** testing if installed package can be loaded from temporary location *** Deprecation warning ***: The package 'kidpack' is deprecated and will not be supported after Bioconductor release 2.1. ** testing if installed package can be loaded from final location *** Deprecation warning ***: The package 'kidpack' is deprecated and will not be supported after Bioconductor release 2.1. ** testing if installed package keeps a record of temporary installation path install for x64 * installing *source* package 'kidpack' ... ** testing if installed package can be loaded *** Deprecation warning ***: The package 'kidpack' is deprecated and will not be supported after Bioconductor release 2.1. * MD5 sums packaged installation of 'kidpack' as kidpack_1.33.0.zip * DONE (kidpack) * installing to library 'D:/biocbuild/bbs-3.13-bioc/R/library' package 'kidpack' successfully unpacked and MD5 sums checked
kidpack.Rcheck/examples_i386/kidpack-Ex.timings
|
kidpack.Rcheck/examples_x64/kidpack-Ex.timings
|