Back to Multiple platform build/check report for BioC 3.13 experimental data
ABCDEFG[H]IJKLMNOPQRSTUVWXYZ

CHECK report for humanStemCell on riesling1

This page was generated on 2021-01-21 16:01:30 -0500 (Thu, 21 Jan 2021).

TO THE DEVELOPERS/MAINTAINERS OF THE humanStemCell PACKAGE: Please make sure to use the following settings in order to reproduce any error or warning you see on this page.
Package 182/386HostnameOS / ArchINSTALLBUILDCHECK
humanStemCell 0.31.0
R. Gentleman
Snapshot Date: 2021-01-21 09:00:14 -0500 (Thu, 21 Jan 2021)
URL: https://git.bioconductor.org/packages/humanStemCell
Branch: master
Last Commit: f26eac3
Last Changed Date: 2020-10-27 09:50:51 -0500 (Tue, 27 Oct 2020)
malbec2 Linux (Ubuntu 20.04.1 LTS) / x86_64  OK  OK  WARNINGS UNNEEDED, same version exists in internal repository
riesling1 Windows Server 2019 Standard / x64  OK  OK [ WARNINGS ]

Summary

Package: humanStemCell
Version: 0.31.0
Command: D:\biocbuild\bbs-3.13-bioc\R\bin\R.exe CMD check --force-multiarch --install=check:humanStemCell.install-out.txt --library=D:\biocbuild\bbs-3.13-bioc\R\library --no-vignettes --timings humanStemCell_0.31.0.tar.gz
StartedAt: 2021-01-21 11:28:12 -0500 (Thu, 21 Jan 2021)
EndedAt: 2021-01-21 11:28:50 -0500 (Thu, 21 Jan 2021)
EllapsedTime: 37.5 seconds
RetCode: 0
Status:  WARNINGS  
CheckDir: humanStemCell.Rcheck
Warnings: 1

Command output

##############################################################################
##############################################################################
###
### Running command:
###
###   D:\biocbuild\bbs-3.13-bioc\R\bin\R.exe CMD check --force-multiarch --install=check:humanStemCell.install-out.txt --library=D:\biocbuild\bbs-3.13-bioc\R\library --no-vignettes --timings humanStemCell_0.31.0.tar.gz
###
##############################################################################
##############################################################################


* using log directory 'D:/biocbuild/bbs-3.13-data-experiment/meat/humanStemCell.Rcheck'
* using R Under development (unstable) (2020-12-30 r79736)
* using platform: x86_64-w64-mingw32 (64-bit)
* using session charset: ISO8859-1
* using option '--no-vignettes'
* checking for file 'humanStemCell/DESCRIPTION' ... OK
* this is package 'humanStemCell' version '0.31.0'
* checking package namespace information ... OK
* checking package dependencies ... OK
* checking if this is a source package ... OK
* checking if there is a namespace ... OK
* checking for hidden files and directories ... OK
* checking for portable file names ... OK
* checking whether package 'humanStemCell' can be installed ... OK
* checking installed package size ... NOTE
  installed size is 78.4Mb
  sub-directories of 1Mb or more:
    extdata  77.6Mb
* checking package directory ... OK
* checking DESCRIPTION meta-information ... OK
* checking top-level files ... OK
* checking for left-over files ... OK
* checking index information ... OK
* checking package subdirectories ... OK
* loading checks for arch 'i386'
** checking whether the package can be loaded ... OK
** checking whether the package can be loaded with stated dependencies ... OK
** checking whether the package can be unloaded cleanly ... OK
** checking whether the namespace can be loaded with stated dependencies ... OK
** checking whether the namespace can be unloaded cleanly ... OK
* loading checks for arch 'x64'
** checking whether the package can be loaded ... OK
** checking whether the package can be loaded with stated dependencies ... OK
** checking whether the package can be unloaded cleanly ... OK
** checking whether the namespace can be loaded with stated dependencies ... OK
** checking whether the namespace can be unloaded cleanly ... OK
* checking Rd files ... OK
* checking Rd metadata ... OK
* checking Rd cross-references ... OK
* checking for missing documentation entries ... OK
* checking for code/documentation mismatches ... OK
* checking Rd \usage sections ... OK
* checking Rd contents ... OK
* checking for unstated dependencies in examples ... OK
* checking contents of 'data' directory ... OK
* checking data for non-ASCII characters ... OK
* checking data for ASCII and uncompressed saves ... WARNING
  
  Note: significantly better compression could be obtained
        by using R CMD build --resave-data
            old_size new_size compress
  fhesc.rda    788Kb    659Kb       xz
* checking examples ...
** running examples for arch 'i386' ... OK
** running examples for arch 'x64' ... OK
* checking PDF version of manual ... OK
* DONE

Status: 1 WARNING, 1 NOTE
See
  'D:/biocbuild/bbs-3.13-data-experiment/meat/humanStemCell.Rcheck/00check.log'
for details.



Installation output

humanStemCell.Rcheck/00install.out

##############################################################################
##############################################################################
###
### Running command:
###
###   C:\cygwin\bin\curl.exe -O http://172.29.0.4/BBS/3.13/data-experiment/src/contrib/humanStemCell_0.31.0.tar.gz && rm -rf humanStemCell.buildbin-libdir && mkdir humanStemCell.buildbin-libdir && D:\biocbuild\bbs-3.13-bioc\R\bin\R.exe CMD INSTALL --merge-multiarch --build --library=humanStemCell.buildbin-libdir humanStemCell_0.31.0.tar.gz && D:\biocbuild\bbs-3.13-bioc\R\bin\R.exe CMD INSTALL humanStemCell_0.31.0.zip && rm humanStemCell_0.31.0.tar.gz humanStemCell_0.31.0.zip
###
##############################################################################
##############################################################################


  % Total    % Received % Xferd  Average Speed   Time    Time     Time  Current
                                 Dload  Upload   Total   Spent    Left  Speed

  0     0    0     0    0     0      0      0 --:--:-- --:--:-- --:--:--     0
100 31.3M  100 31.3M    0     0  53.2M      0 --:--:-- --:--:-- --:--:-- 53.2M

install for i386

* installing *source* package 'humanStemCell' ...
** using staged installation
** data
** inst
** help
*** installing help indices
  converting help for package 'humanStemCell'
    finding HTML links ... done
    fhesc                                   html  
REDIRECT:topic	 fhesc -> fhesc.html [ SUCCESS ]
** building package indices
** testing if installed package can be loaded from temporary location
** testing if installed package can be loaded from final location
** testing if installed package keeps a record of temporary installation path

install for x64

* installing *source* package 'humanStemCell' ...
** testing if installed package can be loaded
* MD5 sums
packaged installation of 'humanStemCell' as humanStemCell_0.31.0.zip
* DONE (humanStemCell)
* installing to library 'D:/biocbuild/bbs-3.13-bioc/R/library'
package 'humanStemCell' successfully unpacked and MD5 sums checked

Tests output


Example timings

humanStemCell.Rcheck/examples_i386/humanStemCell-Ex.timings

nameusersystemelapsed
fhesc0.070.000.08

humanStemCell.Rcheck/examples_x64/humanStemCell-Ex.timings

nameusersystemelapsed
fhesc0.070.020.09