Back to Multiple platform build/check report for BioC 3.13 experimental data
ABCDEFG[H]IJKLMNOPQRSTUVWXYZ

CHECK report for hmyriB36 on riesling1

This page was generated on 2021-01-14 15:59:08 -0500 (Thu, 14 Jan 2021).

TO THE DEVELOPERS/MAINTAINERS OF THE hmyriB36 PACKAGE: Please make sure to use the following settings in order to reproduce any error or warning you see on this page.
Package 179/385HostnameOS / ArchINSTALLBUILDCHECK
hmyriB36 1.27.1
Vincent Carey
Snapshot Date: 2021-01-14 09:00:13 -0500 (Thu, 14 Jan 2021)
URL: https://git.bioconductor.org/packages/hmyriB36
Branch: master
Last Commit: 6d8b85f
Last Changed Date: 2020-11-30 08:25:13 -0500 (Mon, 30 Nov 2020)
malbec2 Linux (Ubuntu 20.04.1 LTS) / x86_64  ERROR  OK  ERROR 
riesling1 Windows Server 2019 Standard / x64  ERROR  OK [ ERROR ]

Summary

Package: hmyriB36
Version: 1.27.1
Command: D:\biocbuild\bbs-3.13-bioc\R\bin\R.exe CMD check --force-multiarch --install=check:hmyriB36.install-out.txt --library=D:\biocbuild\bbs-3.13-bioc\R\library --no-vignettes --timings hmyriB36_1.27.1.tar.gz
StartedAt: 2021-01-14 11:23:42 -0500 (Thu, 14 Jan 2021)
EndedAt: 2021-01-14 11:23:49 -0500 (Thu, 14 Jan 2021)
EllapsedTime: 6.4 seconds
RetCode: 1
Status:  ERROR  
CheckDir: hmyriB36.Rcheck
Warnings: NA

Command output

##############################################################################
##############################################################################
###
### Running command:
###
###   D:\biocbuild\bbs-3.13-bioc\R\bin\R.exe CMD check --force-multiarch --install=check:hmyriB36.install-out.txt --library=D:\biocbuild\bbs-3.13-bioc\R\library --no-vignettes --timings hmyriB36_1.27.1.tar.gz
###
##############################################################################
##############################################################################


* using log directory 'D:/biocbuild/bbs-3.13-data-experiment/meat/hmyriB36.Rcheck'
* using R Under development (unstable) (2020-12-30 r79736)
* using platform: x86_64-w64-mingw32 (64-bit)
* using session charset: ISO8859-1
* using option '--no-vignettes'
* checking for file 'hmyriB36/DESCRIPTION' ... OK
* this is package 'hmyriB36' version '1.27.1'
* checking package namespace information ... OK
* checking package dependencies ... ERROR
Package required but not available: 'GGBase'

Package suggested but not available: 'GGtools'

The suggested packages are required for a complete check.
Checking can be attempted without them by setting the environment
variable _R_CHECK_FORCE_SUGGESTS_ to a false value.

See section 'The DESCRIPTION file' in the 'Writing R Extensions'
manual.
* DONE

Status: 1 ERROR
See
  'D:/biocbuild/bbs-3.13-data-experiment/meat/hmyriB36.Rcheck/00check.log'
for details.


Installation output


Tests output


Example timings