Back to Multiple platform build/check report for BioC 3.13 experimental data
ABCDE[F]GHIJKLMNOPQRSTUVWXYZ

CHECK report for frmaExampleData on riesling1

This page was generated on 2021-01-21 16:01:28 -0500 (Thu, 21 Jan 2021).

TO THE DEVELOPERS/MAINTAINERS OF THE frmaExampleData PACKAGE: Please make sure to use the following settings in order to reproduce any error or warning you see on this page.
Package 133/386HostnameOS / ArchINSTALLBUILDCHECK
frmaExampleData 1.27.0
Matthew N. McCall
Snapshot Date: 2021-01-21 09:00:14 -0500 (Thu, 21 Jan 2021)
URL: https://git.bioconductor.org/packages/frmaExampleData
Branch: master
Last Commit: 1cdae3f
Last Changed Date: 2020-10-27 09:51:30 -0500 (Tue, 27 Oct 2020)
malbec2 Linux (Ubuntu 20.04.1 LTS) / x86_64  OK  OK  WARNINGS UNNEEDED, same version exists in internal repository
riesling1 Windows Server 2019 Standard / x64  OK  OK [ WARNINGS ]

Summary

Package: frmaExampleData
Version: 1.27.0
Command: D:\biocbuild\bbs-3.13-bioc\R\bin\R.exe CMD check --force-multiarch --install=check:frmaExampleData.install-out.txt --library=D:\biocbuild\bbs-3.13-bioc\R\library --no-vignettes --timings frmaExampleData_1.27.0.tar.gz
StartedAt: 2021-01-21 11:23:44 -0500 (Thu, 21 Jan 2021)
EndedAt: 2021-01-21 11:25:18 -0500 (Thu, 21 Jan 2021)
EllapsedTime: 94.0 seconds
RetCode: 0
Status:  WARNINGS  
CheckDir: frmaExampleData.Rcheck
Warnings: 1

Command output

##############################################################################
##############################################################################
###
### Running command:
###
###   D:\biocbuild\bbs-3.13-bioc\R\bin\R.exe CMD check --force-multiarch --install=check:frmaExampleData.install-out.txt --library=D:\biocbuild\bbs-3.13-bioc\R\library --no-vignettes --timings frmaExampleData_1.27.0.tar.gz
###
##############################################################################
##############################################################################


* using log directory 'D:/biocbuild/bbs-3.13-data-experiment/meat/frmaExampleData.Rcheck'
* using R Under development (unstable) (2020-12-30 r79736)
* using platform: x86_64-w64-mingw32 (64-bit)
* using session charset: ISO8859-1
* using option '--no-vignettes'
* checking for file 'frmaExampleData/DESCRIPTION' ... OK
* this is package 'frmaExampleData' version '1.27.0'
* checking package namespace information ... OK
* checking package dependencies ... OK
* checking if this is a source package ... OK
* checking if there is a namespace ... OK
* checking for hidden files and directories ... OK
* checking for portable file names ... OK
* checking whether package 'frmaExampleData' can be installed ... OK
* checking installed package size ... NOTE
  installed size is 22.8Mb
  sub-directories of 1Mb or more:
    data  22.7Mb
* checking package directory ... OK
* checking DESCRIPTION meta-information ... NOTE
Malformed Description field: should contain one or more complete sentences.
* checking top-level files ... OK
* checking for left-over files ... OK
* checking index information ... OK
* checking package subdirectories ... OK
* loading checks for arch 'i386'
** checking whether the package can be loaded ... OK
** checking whether the package can be loaded with stated dependencies ... OK
** checking whether the package can be unloaded cleanly ... OK
** checking whether the namespace can be loaded with stated dependencies ... OK
** checking whether the namespace can be unloaded cleanly ... OK
* loading checks for arch 'x64'
** checking whether the package can be loaded ... OK
** checking whether the package can be loaded with stated dependencies ... OK
** checking whether the package can be unloaded cleanly ... OK
** checking whether the namespace can be loaded with stated dependencies ... OK
** checking whether the namespace can be unloaded cleanly ... OK
* checking Rd files ... OK
* checking Rd metadata ... OK
* checking Rd cross-references ... OK
* checking for missing documentation entries ... OK
* checking for code/documentation mismatches ... OK
* checking Rd \usage sections ... OK
* checking Rd contents ... OK
* checking for unstated dependencies in examples ... OK
* checking contents of 'data' directory ... OK
* checking data for non-ASCII characters ... OK
* checking data for ASCII and uncompressed saves ... WARNING
  
  Note: significantly better compression could be obtained
        by using R CMD build --resave-data
                        old_size new_size compress
  AffyBatch133a.rda       10.8Mb    6.9Mb       xz
  AffyBatch133atag.rda     2.2Mb    891Kb       xz
  AffyBatch133plus2.rda    5.4Mb    1.9Mb       xz
  AffyBatchExample.rda     4.3Mb    2.3Mb       xz
* checking examples ...
** running examples for arch 'i386' ... OK
** running examples for arch 'x64' ... OK
* checking PDF version of manual ... OK
* DONE

Status: 1 WARNING, 2 NOTEs
See
  'D:/biocbuild/bbs-3.13-data-experiment/meat/frmaExampleData.Rcheck/00check.log'
for details.



Installation output

frmaExampleData.Rcheck/00install.out

##############################################################################
##############################################################################
###
### Running command:
###
###   C:\cygwin\bin\curl.exe -O http://172.29.0.4/BBS/3.13/data-experiment/src/contrib/frmaExampleData_1.27.0.tar.gz && rm -rf frmaExampleData.buildbin-libdir && mkdir frmaExampleData.buildbin-libdir && D:\biocbuild\bbs-3.13-bioc\R\bin\R.exe CMD INSTALL --merge-multiarch --build --library=frmaExampleData.buildbin-libdir frmaExampleData_1.27.0.tar.gz && D:\biocbuild\bbs-3.13-bioc\R\bin\R.exe CMD INSTALL frmaExampleData_1.27.0.zip && rm frmaExampleData_1.27.0.tar.gz frmaExampleData_1.27.0.zip
###
##############################################################################
##############################################################################


  % Total    % Received % Xferd  Average Speed   Time    Time     Time  Current
                                 Dload  Upload   Total   Spent    Left  Speed

  0     0    0     0    0     0      0      0 --:--:-- --:--:-- --:--:--     0
100 15.8M  100 15.8M    0     0  47.9M      0 --:--:-- --:--:-- --:--:-- 47.9M

install for i386

* installing *source* package 'frmaExampleData' ...
** using staged installation
** data
** help
*** installing help indices
  converting help for package 'frmaExampleData'
    finding HTML links ... done
    AffyBatch133a                           html  
REDIRECT:topic	 AffyBatch133a -> AffyBatch133a.html [ SUCCESS ]
    AffyBatch133atag                        html  
REDIRECT:topic	 AffyBatch133atag -> AffyBatch133atag.html [ SUCCESS ]
    AffyBatch133plus2                       html  
REDIRECT:topic	 AffyBatch133plus2 -> AffyBatch133plus2.html [ SUCCESS ]
    AffyBatchExample                        html  
REDIRECT:topic	 AffyBatchExample -> AffyBatchExample.html [ SUCCESS ]
** building package indices
** testing if installed package can be loaded from temporary location
** testing if installed package can be loaded from final location
** testing if installed package keeps a record of temporary installation path

install for x64

* installing *source* package 'frmaExampleData' ...
** testing if installed package can be loaded
* MD5 sums
packaged installation of 'frmaExampleData' as frmaExampleData_1.27.0.zip
* DONE (frmaExampleData)
* installing to library 'D:/biocbuild/bbs-3.13-bioc/R/library'
package 'frmaExampleData' successfully unpacked and MD5 sums checked

Tests output


Example timings

frmaExampleData.Rcheck/examples_i386/frmaExampleData-Ex.timings

nameusersystemelapsed
AffyBatch133a0.440.000.44
AffyBatch133atag0.160.000.15
AffyBatch133plus20.670.030.70
AffyBatchExample0.170.000.17

frmaExampleData.Rcheck/examples_x64/frmaExampleData-Ex.timings

nameusersystemelapsed
AffyBatch133a0.390.010.40
AffyBatch133atag0.140.000.15
AffyBatch133plus20.610.030.64
AffyBatchExample0.170.000.17