Back to Multiple platform build/check report for BioC 3.13 experimental data
ABCDE[F]GHIJKLMNOPQRSTUVWXYZ

CHECK report for fibroEset on riesling1

This page was generated on 2021-01-21 16:01:28 -0500 (Thu, 21 Jan 2021).

TO THE DEVELOPERS/MAINTAINERS OF THE fibroEset PACKAGE: Please make sure to use the following settings in order to reproduce any error or warning you see on this page.
Package 119/386HostnameOS / ArchINSTALLBUILDCHECK
fibroEset 1.33.0
Sylvia Merk
Snapshot Date: 2021-01-21 09:00:14 -0500 (Thu, 21 Jan 2021)
URL: https://git.bioconductor.org/packages/fibroEset
Branch: master
Last Commit: 3a688d5
Last Changed Date: 2020-10-27 09:45:46 -0500 (Tue, 27 Oct 2020)
malbec2 Linux (Ubuntu 20.04.1 LTS) / x86_64  OK  OK  WARNINGS UNNEEDED, same version exists in internal repository
riesling1 Windows Server 2019 Standard / x64  OK  OK [ WARNINGS ]

Summary

Package: fibroEset
Version: 1.33.0
Command: D:\biocbuild\bbs-3.13-bioc\R\bin\R.exe CMD check --force-multiarch --install=check:fibroEset.install-out.txt --library=D:\biocbuild\bbs-3.13-bioc\R\library --no-vignettes --timings fibroEset_1.33.0.tar.gz
StartedAt: 2021-01-21 11:22:29 -0500 (Thu, 21 Jan 2021)
EndedAt: 2021-01-21 11:23:02 -0500 (Thu, 21 Jan 2021)
EllapsedTime: 32.3 seconds
RetCode: 0
Status:  WARNINGS  
CheckDir: fibroEset.Rcheck
Warnings: 1

Command output

##############################################################################
##############################################################################
###
### Running command:
###
###   D:\biocbuild\bbs-3.13-bioc\R\bin\R.exe CMD check --force-multiarch --install=check:fibroEset.install-out.txt --library=D:\biocbuild\bbs-3.13-bioc\R\library --no-vignettes --timings fibroEset_1.33.0.tar.gz
###
##############################################################################
##############################################################################


* using log directory 'D:/biocbuild/bbs-3.13-data-experiment/meat/fibroEset.Rcheck'
* using R Under development (unstable) (2020-12-30 r79736)
* using platform: x86_64-w64-mingw32 (64-bit)
* using session charset: ISO8859-1
* using option '--no-vignettes'
* checking for file 'fibroEset/DESCRIPTION' ... OK
* this is package 'fibroEset' version '1.33.0'
* checking package namespace information ... OK
* checking package dependencies ... OK
* checking if this is a source package ... OK
* checking if there is a namespace ... OK
* checking for hidden files and directories ... OK
* checking for portable file names ... OK
* checking whether package 'fibroEset' can be installed ... OK
* checking installed package size ... OK
* checking package directory ... OK
* checking DESCRIPTION meta-information ... NOTE
Malformed Description field: should contain one or more complete sentences.
* checking top-level files ... OK
* checking for left-over files ... OK
* checking index information ... OK
* checking package subdirectories ... OK
* checking R files for non-ASCII characters ... OK
* checking R files for syntax errors ... OK
* loading checks for arch 'i386'
** checking whether the package can be loaded ... OK
** checking whether the package can be loaded with stated dependencies ... OK
** checking whether the package can be unloaded cleanly ... OK
** checking whether the namespace can be loaded with stated dependencies ... OK
** checking whether the namespace can be unloaded cleanly ... OK
* loading checks for arch 'x64'
** checking whether the package can be loaded ... OK
** checking whether the package can be loaded with stated dependencies ... OK
** checking whether the package can be unloaded cleanly ... OK
** checking whether the namespace can be loaded with stated dependencies ... OK
** checking whether the namespace can be unloaded cleanly ... OK
* checking dependencies in R code ... NOTE
Package in Depends field not imported from: 'Biobase'
  These packages need to be imported from (in the NAMESPACE file)
  for when this namespace is loaded but not attached.
* checking S3 generic/method consistency ... OK
* checking replacement functions ... OK
* checking foreign function calls ... OK
* checking R code for possible problems ... OK
* checking Rd files ... OK
* checking Rd metadata ... OK
* checking Rd cross-references ... OK
* checking for missing documentation entries ... OK
* checking for code/documentation mismatches ... OK
* checking Rd \usage sections ... OK
* checking Rd contents ... OK
* checking for unstated dependencies in examples ... OK
* checking contents of 'data' directory ... OK
* checking data for non-ASCII characters ... OK
* checking data for ASCII and uncompressed saves ... WARNING
  
  Note: significantly better compression could be obtained
        by using R CMD build --resave-data
                old_size new_size compress
  fibroEset.rda    1.9Mb    587Kb       xz
* checking examples ...
** running examples for arch 'i386' ... OK
** running examples for arch 'x64' ... OK
* checking PDF version of manual ... OK
* DONE

Status: 1 WARNING, 2 NOTEs
See
  'D:/biocbuild/bbs-3.13-data-experiment/meat/fibroEset.Rcheck/00check.log'
for details.



Installation output

fibroEset.Rcheck/00install.out

##############################################################################
##############################################################################
###
### Running command:
###
###   C:\cygwin\bin\curl.exe -O http://172.29.0.4/BBS/3.13/data-experiment/src/contrib/fibroEset_1.33.0.tar.gz && rm -rf fibroEset.buildbin-libdir && mkdir fibroEset.buildbin-libdir && D:\biocbuild\bbs-3.13-bioc\R\bin\R.exe CMD INSTALL --merge-multiarch --build --library=fibroEset.buildbin-libdir fibroEset_1.33.0.tar.gz && D:\biocbuild\bbs-3.13-bioc\R\bin\R.exe CMD INSTALL fibroEset_1.33.0.zip && rm fibroEset_1.33.0.tar.gz fibroEset_1.33.0.zip
###
##############################################################################
##############################################################################


  % Total    % Received % Xferd  Average Speed   Time    Time     Time  Current
                                 Dload  Upload   Total   Spent    Left  Speed

  0     0    0     0    0     0      0      0 --:--:-- --:--:-- --:--:--     0
100 1853k  100 1853k    0     0  39.3M      0 --:--:-- --:--:-- --:--:-- 40.2M

install for i386

* installing *source* package 'fibroEset' ...
** using staged installation
** R
** data
** byte-compile and prepare package for lazy loading
** help
*** installing help indices
  converting help for package 'fibroEset'
    finding HTML links ... done
    fibroEset                               html  
REDIRECT:topic	 fibroEset -> fibroEset.html [ SUCCESS ]
** building package indices
** testing if installed package can be loaded from temporary location
** testing if installed package can be loaded from final location
** testing if installed package keeps a record of temporary installation path

install for x64

* installing *source* package 'fibroEset' ...
** testing if installed package can be loaded
* MD5 sums
packaged installation of 'fibroEset' as fibroEset_1.33.0.zip
* DONE (fibroEset)
* installing to library 'D:/biocbuild/bbs-3.13-bioc/R/library'
package 'fibroEset' successfully unpacked and MD5 sums checked

Tests output


Example timings

fibroEset.Rcheck/examples_i386/fibroEset-Ex.timings

nameusersystemelapsed
fibroEset0.060.000.06

fibroEset.Rcheck/examples_x64/fibroEset-Ex.timings

nameusersystemelapsed
fibroEset0.060.000.06