Back to Multiple platform build/check report for BioC 3.13 experimental data
ABCDE[F]GHIJKLMNOPQRSTUVWXYZ

CHECK report for facsDorit on riesling1

This page was generated on 2021-01-11 15:59:30 -0500 (Mon, 11 Jan 2021).

TO THE DEVELOPERS/MAINTAINERS OF THE facsDorit PACKAGE: Please make sure to use the following settings in order to reproduce any error or warning you see on this page.
Package 116/385HostnameOS / ArchINSTALLBUILDCHECK
facsDorit 1.33.1
Florian Hahne
Snapshot Date: 2021-01-11 09:00:09 -0500 (Mon, 11 Jan 2021)
URL: https://git.bioconductor.org/packages/facsDorit
Branch: master
Last Commit: 5f31c45
Last Changed Date: 2020-11-30 08:24:02 -0500 (Mon, 30 Nov 2020)
malbec2 Linux (Ubuntu 20.04.1 LTS) / x86_64  ERROR  OK  ERROR 
riesling1 Windows Server 2019 Standard / x64  ERROR  OK [ ERROR ]

Summary

Package: facsDorit
Version: 1.33.1
Command: D:\biocbuild\bbs-3.13-bioc\R\bin\R.exe CMD check --force-multiarch --install=check:facsDorit.install-out.txt --library=D:\biocbuild\bbs-3.13-bioc\R\library --no-vignettes --timings facsDorit_1.33.1.tar.gz
StartedAt: 2021-01-11 11:22:56 -0500 (Mon, 11 Jan 2021)
EndedAt: 2021-01-11 11:23:05 -0500 (Mon, 11 Jan 2021)
EllapsedTime: 9.1 seconds
RetCode: 1
Status:  ERROR  
CheckDir: facsDorit.Rcheck
Warnings: NA

Command output

##############################################################################
##############################################################################
###
### Running command:
###
###   D:\biocbuild\bbs-3.13-bioc\R\bin\R.exe CMD check --force-multiarch --install=check:facsDorit.install-out.txt --library=D:\biocbuild\bbs-3.13-bioc\R\library --no-vignettes --timings facsDorit_1.33.1.tar.gz
###
##############################################################################
##############################################################################


* using log directory 'D:/biocbuild/bbs-3.13-data-experiment/meat/facsDorit.Rcheck'
* using R Under development (unstable) (2020-12-30 r79736)
* using platform: x86_64-w64-mingw32 (64-bit)
* using session charset: ISO8859-1
* using option '--no-vignettes'
* checking for file 'facsDorit/DESCRIPTION' ... OK
* this is package 'facsDorit' version '1.33.1'
* checking package namespace information ... OK
* checking package dependencies ... ERROR
Package required but not available: 'prada'

See section 'The DESCRIPTION file' in the 'Writing R Extensions'
manual.
* DONE

Status: 1 ERROR
See
  'D:/biocbuild/bbs-3.13-data-experiment/meat/facsDorit.Rcheck/00check.log'
for details.


Installation output


Tests output


Example timings