Back to Multiple platform build/check report for BioC 3.13 experimental data
ABC[D]EFGHIJKLMNOPQRSTUVWXYZ

CHECK report for dyebiasexamples on riesling1

This page was generated on 2021-01-21 16:01:27 -0500 (Thu, 21 Jan 2021).

TO THE DEVELOPERS/MAINTAINERS OF THE dyebiasexamples PACKAGE: Please make sure to use the following settings in order to reproduce any error or warning you see on this page.
Package 107/386HostnameOS / ArchINSTALLBUILDCHECK
dyebiasexamples 1.31.0
Philip Lijnzaad
Snapshot Date: 2021-01-21 09:00:14 -0500 (Thu, 21 Jan 2021)
URL: https://git.bioconductor.org/packages/dyebiasexamples
Branch: master
Last Commit: de2c585
Last Changed Date: 2020-10-27 09:51:10 -0500 (Tue, 27 Oct 2020)
malbec2 Linux (Ubuntu 20.04.1 LTS) / x86_64  OK  OK  WARNINGS UNNEEDED, same version exists in internal repository
riesling1 Windows Server 2019 Standard / x64  OK  OK [ WARNINGS ]

Summary

Package: dyebiasexamples
Version: 1.31.0
Command: D:\biocbuild\bbs-3.13-bioc\R\bin\R.exe CMD check --force-multiarch --install=check:dyebiasexamples.install-out.txt --library=D:\biocbuild\bbs-3.13-bioc\R\library --no-vignettes --timings dyebiasexamples_1.31.0.tar.gz
StartedAt: 2021-01-21 11:21:09 -0500 (Thu, 21 Jan 2021)
EndedAt: 2021-01-21 11:22:03 -0500 (Thu, 21 Jan 2021)
EllapsedTime: 54.5 seconds
RetCode: 0
Status:  WARNINGS  
CheckDir: dyebiasexamples.Rcheck
Warnings: 5

Command output

##############################################################################
##############################################################################
###
### Running command:
###
###   D:\biocbuild\bbs-3.13-bioc\R\bin\R.exe CMD check --force-multiarch --install=check:dyebiasexamples.install-out.txt --library=D:\biocbuild\bbs-3.13-bioc\R\library --no-vignettes --timings dyebiasexamples_1.31.0.tar.gz
###
##############################################################################
##############################################################################


* using log directory 'D:/biocbuild/bbs-3.13-data-experiment/meat/dyebiasexamples.Rcheck'
* using R Under development (unstable) (2020-12-30 r79736)
* using platform: x86_64-w64-mingw32 (64-bit)
* using session charset: ISO8859-1
* using option '--no-vignettes'
* checking for file 'dyebiasexamples/DESCRIPTION' ... OK
* this is package 'dyebiasexamples' version '1.31.0'
* checking package namespace information ... OK
* checking package dependencies ... OK
* checking if this is a source package ... OK
* checking if there is a namespace ... OK
* checking for hidden files and directories ... OK
* checking for portable file names ... OK
* checking whether package 'dyebiasexamples' can be installed ... WARNING
Found the following significant warnings:
  Warning: D:/biocbuild/bbs-3.13-data-experiment/tmpdir/RtmpasOomf/R.INSTALL11fec4e01b24/dyebiasexamples/man/dyebias.geo2marray.Rd:10-17: Section \synopsis is unrecognized and will be dropped
  Warning: D:/biocbuild/bbs-3.13-data-experiment/tmpdir/RtmpasOomf/R.INSTALL11fec4e01b24/dyebiasexamples/man/dyebias.umcu.proper.estimators.Rd:11-13: Section \synopsis is unrecognized and will be dropped
See 'D:/biocbuild/bbs-3.13-data-experiment/meat/dyebiasexamples.Rcheck/00install.out' for details.
* checking installed package size ... NOTE
  installed size is 40.2Mb
  sub-directories of 1Mb or more:
    data        5.3Mb
    extradata  34.8Mb
* checking package directory ... OK
* checking DESCRIPTION meta-information ... NOTE
Malformed Title field: should not end in a period.
Malformed Description field: should contain one or more complete sentences.
* checking top-level files ... NOTE
File
  LICENSE
is not mentioned in the DESCRIPTION file.
* checking for left-over files ... OK
* checking index information ... OK
* checking package subdirectories ... OK
* checking R files for non-ASCII characters ... OK
* checking R files for syntax errors ... OK
* loading checks for arch 'i386'
** checking whether the package can be loaded ... OK
** checking whether the package can be loaded with stated dependencies ... OK
** checking whether the package can be unloaded cleanly ... OK
** checking whether the namespace can be loaded with stated dependencies ... OK
** checking whether the namespace can be unloaded cleanly ... OK
* loading checks for arch 'x64'
** checking whether the package can be loaded ... OK
** checking whether the package can be loaded with stated dependencies ... OK
** checking whether the package can be unloaded cleanly ... OK
** checking whether the namespace can be loaded with stated dependencies ... OK
** checking whether the namespace can be unloaded cleanly ... OK
* checking dependencies in R code ... NOTE
Packages in Depends field not imported from:
  'GEOquery' 'marray'
  These packages need to be imported from (in the NAMESPACE file)
  for when this namespace is loaded but not attached.
* checking S3 generic/method consistency ... OK
* checking replacement functions ... OK
* checking foreign function calls ... OK
* checking R code for possible problems ... NOTE
.extract.measurements: no visible global function definition for
  'GSMList'
.extract.measurements : <anonymous>: no visible global function
  definition for 'Table'
.extract.meta: no visible global function definition for 'GSMList'
.extract.meta : <anonymous>: no visible global function definition for
  'Meta'
.gsmlist2targetinfo: no visible global function definition for
  'GSMList'
.gsmlist2targetinfo: no visible global function definition for 'Meta'
.have.umcu.version: no visible global function definition for
  'package.version'
dyebias.geo2marray: no visible global function definition for 'GSMList'
dyebias.geo2marray : <anonymous>: no visible global function definition
  for 'Meta'
dyebias.geo2marray: no visible global function definition for 'Meta'
dyebias.geo2marray: no visible global function definition for 'GPLList'
dyebias.geo2marray: no visible global function definition for 'Table'
dyebias.geo2marray: no visible global function definition for
  'read.marrayLayout'
dyebias.geo2marray: no visible global function definition for
  'Accession'
dyebias.geo2marray: no visible global function definition for
  'maControls<-'
dyebias.geo2marray: no visible global function definition for 'new'
dyebias.geo2marray: no visible global function definition for
  'maLabels<-'
dyebias.geo2marray: no visible global function definition for
  'maInfo<-'
dyebias.geo2marray: no visible global function definition for 'maRf'
dyebias.geo2marray: no visible global function definition for 'maRb<-'
dyebias.geo2marray: no visible global function definition for 'maGb<-'
dyebias.geo2marray: no visible global function definition for
  'maTargets<-'
dyebias.geo2marray: no visible global function definition for
  'maLayout<-'
dyebias.geo2marray: no visible global function definition for
  'maGnames<-'
Undefined global functions or variables:
  Accession GPLList GSMList Meta Table maControls<- maGb<- maGnames<-
  maInfo<- maLabels<- maLayout<- maRb<- maRf maTargets<- new
  package.version read.marrayLayout
Consider adding
  importFrom("methods", "new")
to your NAMESPACE file (and ensure that your DESCRIPTION Imports field
contains 'methods').
* checking Rd files ... WARNING
prepare_Rd: dyebias.geo2marray.Rd:10-17: Section \synopsis is unrecognized and will be dropped
prepare_Rd: dyebias.umcu.proper.estimators.Rd:11-13: Section \synopsis is unrecognized and will be dropped
* checking Rd metadata ... OK
* checking Rd cross-references ... OK
* checking for missing documentation entries ... OK
* checking for code/documentation mismatches ... OK
* checking Rd \usage sections ... OK
* checking Rd contents ... OK
* checking for unstated dependencies in examples ... OK
* checking contents of 'data' directory ... WARNING
Files not of a type allowed in a 'data' directory:
  'README'
Please use e.g. 'inst/extdata' for non-R data files

* checking data for non-ASCII characters ... OK
* checking data for ASCII and uncompressed saves ... WARNING
  
  Note: significantly better compression could be obtained
        by using R CMD build --resave-data
                old_size new_size compress
  data.norm.rda    2.1Mb    1.5Mb       xz
  data.raw.rda     3.2Mb    2.2Mb       xz
* checking files in 'vignettes' ... WARNING
Files in the 'vignettes' directory but no files in 'inst/doc':
  'ChangeLog'
Package has no Sweave vignette sources and no VignetteBuilder field.
* checking examples ...
** running examples for arch 'i386' ... OK
** running examples for arch 'x64' ... OK
* checking PDF version of manual ... OK
* DONE

Status: 5 WARNINGs, 5 NOTEs
See
  'D:/biocbuild/bbs-3.13-data-experiment/meat/dyebiasexamples.Rcheck/00check.log'
for details.



Installation output

dyebiasexamples.Rcheck/00install.out

##############################################################################
##############################################################################
###
### Running command:
###
###   C:\cygwin\bin\curl.exe -O http://172.29.0.4/BBS/3.13/data-experiment/src/contrib/dyebiasexamples_1.31.0.tar.gz && rm -rf dyebiasexamples.buildbin-libdir && mkdir dyebiasexamples.buildbin-libdir && D:\biocbuild\bbs-3.13-bioc\R\bin\R.exe CMD INSTALL --merge-multiarch --build --library=dyebiasexamples.buildbin-libdir dyebiasexamples_1.31.0.tar.gz && D:\biocbuild\bbs-3.13-bioc\R\bin\R.exe CMD INSTALL dyebiasexamples_1.31.0.zip && rm dyebiasexamples_1.31.0.tar.gz dyebiasexamples_1.31.0.zip
###
##############################################################################
##############################################################################


  % Total    % Received % Xferd  Average Speed   Time    Time     Time  Current
                                 Dload  Upload   Total   Spent    Left  Speed

  0     0    0     0    0     0      0      0 --:--:-- --:--:-- --:--:--     0
  0 15.3M    0  148k    0     0   624k      0  0:00:25 --:--:--  0:00:25  622k
100 15.3M  100 15.3M    0     0  32.0M      0 --:--:-- --:--:-- --:--:-- 31.9M

install for i386

* installing *source* package 'dyebiasexamples' ...
** using staged installation
** R
** data
** inst
** byte-compile and prepare package for lazy loading
** help
Warning: D:/biocbuild/bbs-3.13-data-experiment/tmpdir/RtmpasOomf/R.INSTALL11fec4e01b24/dyebiasexamples/man/dyebias.geo2marray.Rd:10-17: Section \synopsis is unrecognized and will be dropped
Warning: D:/biocbuild/bbs-3.13-data-experiment/tmpdir/RtmpasOomf/R.INSTALL11fec4e01b24/dyebiasexamples/man/dyebias.umcu.proper.estimators.Rd:11-13: Section \synopsis is unrecognized and will be dropped
*** installing help indices
  converting help for package 'dyebiasexamples'
    finding HTML links ... done
    data.raw                                html  
REDIRECT:topic	 data.raw -> data.raw.html [ SUCCESS ]
REDIRECT:topic	 data.norm -> data.raw.html [ SUCCESS ]
    dyebias.geo2marray                      html  
REDIRECT:topic	 dyebias.geo2marray -> dyebias.geo2marray.html [ SUCCESS ]
    dyebias.umcu.proper.estimators          html  
REDIRECT:topic	 dyebias.umcu.proper.estimators -> dyebias.umcu.proper.estimators.html [ SUCCESS ]
** building package indices
** installing vignettes
** testing if installed package can be loaded from temporary location
** testing if installed package can be loaded from final location
** testing if installed package keeps a record of temporary installation path

install for x64

* installing *source* package 'dyebiasexamples' ...
** testing if installed package can be loaded
* MD5 sums
packaged installation of 'dyebiasexamples' as dyebiasexamples_1.31.0.zip
* DONE (dyebiasexamples)
* installing to library 'D:/biocbuild/bbs-3.13-bioc/R/library'
package 'dyebiasexamples' successfully unpacked and MD5 sums checked

Tests output


Example timings

dyebiasexamples.Rcheck/examples_i386/dyebiasexamples-Ex.timings

nameusersystemelapsed
data.raw0.310.020.33
dyebias.geo2marray000
dyebias.umcu.proper.estimators0.740.010.78

dyebiasexamples.Rcheck/examples_x64/dyebiasexamples-Ex.timings

nameusersystemelapsed
data.raw0.280.000.28
dyebias.geo2marray000
dyebias.umcu.proper.estimators0.710.030.73