Back to Multiple platform build/check report for BioC 3.13 experimental data
AB[C]DEFGHIJKLMNOPQRSTUVWXYZ

CHECK report for ceuhm3 on riesling1

This page was generated on 2021-01-14 15:59:07 -0500 (Thu, 14 Jan 2021).

TO THE DEVELOPERS/MAINTAINERS OF THE ceuhm3 PACKAGE: Please make sure to use the following settings in order to reproduce any error or warning you see on this page.
Package 54/385HostnameOS / ArchINSTALLBUILDCHECK
ceuhm3 0.29.1
VJ Carey
Snapshot Date: 2021-01-14 09:00:13 -0500 (Thu, 14 Jan 2021)
URL: https://git.bioconductor.org/packages/ceuhm3
Branch: master
Last Commit: 27a06f7
Last Changed Date: 2020-11-30 08:20:45 -0500 (Mon, 30 Nov 2020)
malbec2 Linux (Ubuntu 20.04.1 LTS) / x86_64  ERROR  OK  ERROR 
riesling1 Windows Server 2019 Standard / x64  ERROR  OK [ ERROR ]

Summary

Package: ceuhm3
Version: 0.29.1
Command: D:\biocbuild\bbs-3.13-bioc\R\bin\R.exe CMD check --force-multiarch --install=check:ceuhm3.install-out.txt --library=D:\biocbuild\bbs-3.13-bioc\R\library --no-vignettes --timings ceuhm3_0.29.1.tar.gz
StartedAt: 2021-01-14 11:09:42 -0500 (Thu, 14 Jan 2021)
EndedAt: 2021-01-14 11:09:46 -0500 (Thu, 14 Jan 2021)
EllapsedTime: 4.1 seconds
RetCode: 1
Status:  ERROR  
CheckDir: ceuhm3.Rcheck
Warnings: NA

Command output

##############################################################################
##############################################################################
###
### Running command:
###
###   D:\biocbuild\bbs-3.13-bioc\R\bin\R.exe CMD check --force-multiarch --install=check:ceuhm3.install-out.txt --library=D:\biocbuild\bbs-3.13-bioc\R\library --no-vignettes --timings ceuhm3_0.29.1.tar.gz
###
##############################################################################
##############################################################################


* using log directory 'D:/biocbuild/bbs-3.13-data-experiment/meat/ceuhm3.Rcheck'
* using R Under development (unstable) (2020-12-30 r79736)
* using platform: x86_64-w64-mingw32 (64-bit)
* using session charset: ISO8859-1
* using option '--no-vignettes'
* checking for file 'ceuhm3/DESCRIPTION' ... OK
* this is package 'ceuhm3' version '0.29.1'
* checking package namespace information ... OK
* checking package dependencies ... ERROR
Packages required but not available: 'GGBase', 'GGtools'

See section 'The DESCRIPTION file' in the 'Writing R Extensions'
manual.
* DONE

Status: 1 ERROR
See
  'D:/biocbuild/bbs-3.13-data-experiment/meat/ceuhm3.Rcheck/00check.log'
for details.


Installation output


Tests output


Example timings