Back to Multiple platform build/check report for BioC 3.13 experimental data
A[B]CDEFGHIJKLMNOPQRSTUVWXYZ

CHECK report for breastCancerMAINZ on riesling1

This page was generated on 2021-01-14 15:59:06 -0500 (Thu, 14 Jan 2021).

TO THE DEVELOPERS/MAINTAINERS OF THE breastCancerMAINZ PACKAGE: Please make sure to use the following settings in order to reproduce any error or warning you see on this page.
Package 35/385HostnameOS / ArchINSTALLBUILDCHECK
breastCancerMAINZ 1.29.0
Markus Schroeder , Benjamin Haibe-Kains
Snapshot Date: 2021-01-14 09:00:13 -0500 (Thu, 14 Jan 2021)
URL: https://git.bioconductor.org/packages/breastCancerMAINZ
Branch: master
Last Commit: c14abaf
Last Changed Date: 2020-10-27 09:52:40 -0500 (Tue, 27 Oct 2020)
malbec2 Linux (Ubuntu 20.04.1 LTS) / x86_64  OK  OK  WARNINGS UNNEEDED, same version exists in internal repository
riesling1 Windows Server 2019 Standard / x64  OK  OK [ WARNINGS ]

Summary

Package: breastCancerMAINZ
Version: 1.29.0
Command: D:\biocbuild\bbs-3.13-bioc\R\bin\R.exe CMD check --force-multiarch --install=check:breastCancerMAINZ.install-out.txt --library=D:\biocbuild\bbs-3.13-bioc\R\library --no-vignettes --timings breastCancerMAINZ_1.29.0.tar.gz
StartedAt: 2021-01-14 11:07:57 -0500 (Thu, 14 Jan 2021)
EndedAt: 2021-01-14 11:08:45 -0500 (Thu, 14 Jan 2021)
EllapsedTime: 48.0 seconds
RetCode: 0
Status:  WARNINGS  
CheckDir: breastCancerMAINZ.Rcheck
Warnings: 1

Command output

##############################################################################
##############################################################################
###
### Running command:
###
###   D:\biocbuild\bbs-3.13-bioc\R\bin\R.exe CMD check --force-multiarch --install=check:breastCancerMAINZ.install-out.txt --library=D:\biocbuild\bbs-3.13-bioc\R\library --no-vignettes --timings breastCancerMAINZ_1.29.0.tar.gz
###
##############################################################################
##############################################################################


* using log directory 'D:/biocbuild/bbs-3.13-data-experiment/meat/breastCancerMAINZ.Rcheck'
* using R Under development (unstable) (2020-12-30 r79736)
* using platform: x86_64-w64-mingw32 (64-bit)
* using session charset: ISO8859-1
* using option '--no-vignettes'
* checking for file 'breastCancerMAINZ/DESCRIPTION' ... OK
* checking extension type ... Package
* this is package 'breastCancerMAINZ' version '1.29.0'
* checking package namespace information ... OK
* checking package dependencies ... OK
* checking if this is a source package ... OK
* checking if there is a namespace ... OK
* checking for hidden files and directories ... OK
* checking for portable file names ... OK
* checking whether package 'breastCancerMAINZ' can be installed ... OK
* checking installed package size ... NOTE
  installed size is 34.9Mb
  sub-directories of 1Mb or more:
    data  34.8Mb
* checking package directory ... OK
* checking DESCRIPTION meta-information ... OK
* checking top-level files ... OK
* checking for left-over files ... OK
* checking index information ... OK
* checking package subdirectories ... OK
* loading checks for arch 'i386'
** checking whether the package can be loaded ... OK
** checking whether the package can be loaded with stated dependencies ... OK
** checking whether the package can be unloaded cleanly ... OK
** checking whether the namespace can be loaded with stated dependencies ... OK
** checking whether the namespace can be unloaded cleanly ... OK
* loading checks for arch 'x64'
** checking whether the package can be loaded ... OK
** checking whether the package can be loaded with stated dependencies ... OK
** checking whether the package can be unloaded cleanly ... OK
** checking whether the namespace can be loaded with stated dependencies ... OK
** checking whether the namespace can be unloaded cleanly ... OK
* checking Rd files ... OK
* checking Rd metadata ... OK
* checking Rd cross-references ... OK
* checking for missing documentation entries ... OK
* checking for code/documentation mismatches ... OK
* checking Rd \usage sections ... OK
* checking Rd contents ... OK
* checking for unstated dependencies in examples ... OK
* checking contents of 'data' directory ... OK
* checking data for non-ASCII characters ... OK
* checking data for ASCII and uncompressed saves ... WARNING
  
  Note: significantly better compression could be obtained
        by using R CMD build --resave-data
            old_size new_size compress
  mainz.rda   34.8Mb   31.2Mb       xz
* checking examples ...
** running examples for arch 'i386' ... OK
** running examples for arch 'x64' ... OK
* checking PDF version of manual ... OK
* DONE

Status: 1 WARNING, 1 NOTE
See
  'D:/biocbuild/bbs-3.13-data-experiment/meat/breastCancerMAINZ.Rcheck/00check.log'
for details.



Installation output

breastCancerMAINZ.Rcheck/00install.out

##############################################################################
##############################################################################
###
### Running command:
###
###   C:\cygwin\bin\curl.exe -O http://172.29.0.4/BBS/3.13/data-experiment/src/contrib/breastCancerMAINZ_1.29.0.tar.gz && rm -rf breastCancerMAINZ.buildbin-libdir && mkdir breastCancerMAINZ.buildbin-libdir && D:\biocbuild\bbs-3.13-bioc\R\bin\R.exe CMD INSTALL --merge-multiarch --build --library=breastCancerMAINZ.buildbin-libdir breastCancerMAINZ_1.29.0.tar.gz && D:\biocbuild\bbs-3.13-bioc\R\bin\R.exe CMD INSTALL breastCancerMAINZ_1.29.0.zip && rm breastCancerMAINZ_1.29.0.tar.gz breastCancerMAINZ_1.29.0.zip
###
##############################################################################
##############################################################################


  % Total    % Received % Xferd  Average Speed   Time    Time     Time  Current
                                 Dload  Upload   Total   Spent    Left  Speed

  0     0    0     0    0     0      0      0 --:--:-- --:--:-- --:--:--     0
100 34.7M  100 34.7M    0     0   102M      0 --:--:-- --:--:-- --:--:--  103M

install for i386

* installing *source* package 'breastCancerMAINZ' ...
** using staged installation
** data
** help
*** installing help indices
  converting help for package 'breastCancerMAINZ'
    finding HTML links ... done
    mainz                                   html  
REDIRECT:topic	 mainz -> mainz.html [ SUCCESS ]
** building package indices
** testing if installed package can be loaded from temporary location
** testing if installed package can be loaded from final location
** testing if installed package keeps a record of temporary installation path

install for x64

* installing *source* package 'breastCancerMAINZ' ...
** testing if installed package can be loaded
* MD5 sums
packaged installation of 'breastCancerMAINZ' as breastCancerMAINZ_1.29.0.zip
* DONE (breastCancerMAINZ)
* installing to library 'D:/biocbuild/bbs-3.13-bioc/R/library'
package 'breastCancerMAINZ' successfully unpacked and MD5 sums checked

Tests output


Example timings

breastCancerMAINZ.Rcheck/examples_i386/breastCancerMAINZ-Ex.timings

nameusersystemelapsed
mainz0.780.040.83

breastCancerMAINZ.Rcheck/examples_x64/breastCancerMAINZ-Ex.timings

nameusersystemelapsed
mainz0.720.050.76