Back to Multiple platform build/check report for BioC 3.13 experimental data
A[B]CDEFGHIJKLMNOPQRSTUVWXYZ

CHECK report for bladderbatch on riesling1

This page was generated on 2021-01-14 15:59:06 -0500 (Thu, 14 Jan 2021).

TO THE DEVELOPERS/MAINTAINERS OF THE bladderbatch PACKAGE: Please make sure to use the following settings in order to reproduce any error or warning you see on this page.
Package 29/385HostnameOS / ArchINSTALLBUILDCHECK
bladderbatch 1.29.0
Jeffrey T. Leek
Snapshot Date: 2021-01-14 09:00:13 -0500 (Thu, 14 Jan 2021)
URL: https://git.bioconductor.org/packages/bladderbatch
Branch: master
Last Commit: 8eb688a
Last Changed Date: 2020-10-27 09:53:50 -0500 (Tue, 27 Oct 2020)
malbec2 Linux (Ubuntu 20.04.1 LTS) / x86_64  OK  OK  WARNINGS UNNEEDED, same version exists in internal repository
riesling1 Windows Server 2019 Standard / x64  OK  OK [ WARNINGS ]

Summary

Package: bladderbatch
Version: 1.29.0
Command: D:\biocbuild\bbs-3.13-bioc\R\bin\R.exe CMD check --force-multiarch --install=check:bladderbatch.install-out.txt --library=D:\biocbuild\bbs-3.13-bioc\R\library --no-vignettes --timings bladderbatch_1.29.0.tar.gz
StartedAt: 2021-01-14 11:07:40 -0500 (Thu, 14 Jan 2021)
EndedAt: 2021-01-14 11:08:06 -0500 (Thu, 14 Jan 2021)
EllapsedTime: 25.7 seconds
RetCode: 0
Status:  WARNINGS  
CheckDir: bladderbatch.Rcheck
Warnings: 1

Command output

##############################################################################
##############################################################################
###
### Running command:
###
###   D:\biocbuild\bbs-3.13-bioc\R\bin\R.exe CMD check --force-multiarch --install=check:bladderbatch.install-out.txt --library=D:\biocbuild\bbs-3.13-bioc\R\library --no-vignettes --timings bladderbatch_1.29.0.tar.gz
###
##############################################################################
##############################################################################


* using log directory 'D:/biocbuild/bbs-3.13-data-experiment/meat/bladderbatch.Rcheck'
* using R Under development (unstable) (2020-12-30 r79736)
* using platform: x86_64-w64-mingw32 (64-bit)
* using session charset: ISO8859-1
* using option '--no-vignettes'
* checking for file 'bladderbatch/DESCRIPTION' ... OK
* this is package 'bladderbatch' version '1.29.0'
* checking package namespace information ... OK
* checking package dependencies ... OK
* checking if this is a source package ... OK
* checking if there is a namespace ... OK
* checking for hidden files and directories ... OK
* checking for portable file names ... OK
* checking whether package 'bladderbatch' can be installed ... OK
* checking installed package size ... NOTE
  installed size is  9.2Mb
  sub-directories of 1Mb or more:
    data   9.1Mb
* checking package directory ... OK
* checking 'build' directory ... OK
* checking DESCRIPTION meta-information ... OK
* checking top-level files ... OK
* checking for left-over files ... OK
* checking index information ... OK
* checking package subdirectories ... OK
* loading checks for arch 'i386'
** checking whether the package can be loaded ... OK
** checking whether the package can be loaded with stated dependencies ... OK
** checking whether the package can be unloaded cleanly ... OK
** checking whether the namespace can be loaded with stated dependencies ... OK
** checking whether the namespace can be unloaded cleanly ... OK
* loading checks for arch 'x64'
** checking whether the package can be loaded ... OK
** checking whether the package can be loaded with stated dependencies ... OK
** checking whether the package can be unloaded cleanly ... OK
** checking whether the namespace can be loaded with stated dependencies ... OK
** checking whether the namespace can be unloaded cleanly ... OK
* checking Rd files ... OK
* checking Rd metadata ... OK
* checking Rd cross-references ... OK
* checking for missing documentation entries ... OK
* checking for code/documentation mismatches ... OK
* checking Rd \usage sections ... OK
* checking Rd contents ... OK
* checking for unstated dependencies in examples ... OK
* checking contents of 'data' directory ... OK
* checking data for non-ASCII characters ... OK
* checking data for ASCII and uncompressed saves ... WARNING
  
  Note: significantly better compression could be obtained
        by using R CMD build --resave-data
                  old_size new_size compress
  bladderdata.rda    9.1Mb    8.1Mb       xz
* checking files in 'vignettes' ... OK
* checking examples ... NONE
* checking for unstated dependencies in vignettes ... OK
* checking package vignettes in 'inst/doc' ... OK
* checking running R code from vignettes ... SKIPPED
* checking re-building of vignette outputs ... SKIPPED
* checking PDF version of manual ... OK
* DONE

Status: 1 WARNING, 1 NOTE
See
  'D:/biocbuild/bbs-3.13-data-experiment/meat/bladderbatch.Rcheck/00check.log'
for details.



Installation output

bladderbatch.Rcheck/00install.out

##############################################################################
##############################################################################
###
### Running command:
###
###   C:\cygwin\bin\curl.exe -O http://172.29.0.4/BBS/3.13/data-experiment/src/contrib/bladderbatch_1.29.0.tar.gz && rm -rf bladderbatch.buildbin-libdir && mkdir bladderbatch.buildbin-libdir && D:\biocbuild\bbs-3.13-bioc\R\bin\R.exe CMD INSTALL --merge-multiarch --build --library=bladderbatch.buildbin-libdir bladderbatch_1.29.0.tar.gz && D:\biocbuild\bbs-3.13-bioc\R\bin\R.exe CMD INSTALL bladderbatch_1.29.0.zip && rm bladderbatch_1.29.0.tar.gz bladderbatch_1.29.0.zip
###
##############################################################################
##############################################################################


  % Total    % Received % Xferd  Average Speed   Time    Time     Time  Current
                                 Dload  Upload   Total   Spent    Left  Speed

  0     0    0     0    0     0      0      0 --:--:-- --:--:-- --:--:--     0
100 9357k  100 9357k    0     0  73.6M      0 --:--:-- --:--:-- --:--:-- 73.6M

install for i386

* installing *source* package 'bladderbatch' ...
** using staged installation
** data
** help
*** installing help indices
  converting help for package 'bladderbatch'
    finding HTML links ... done
    bladderEset                             html  
REDIRECT:topic	 bladderEset -> bladderEset.html [ SUCCESS ]
** building package indices
** installing vignettes
** testing if installed package can be loaded from temporary location
** testing if installed package can be loaded from final location
** testing if installed package keeps a record of temporary installation path

install for x64

* installing *source* package 'bladderbatch' ...
** testing if installed package can be loaded
* MD5 sums
packaged installation of 'bladderbatch' as bladderbatch_1.29.0.zip
* DONE (bladderbatch)
* installing to library 'D:/biocbuild/bbs-3.13-bioc/R/library'
package 'bladderbatch' successfully unpacked and MD5 sums checked

Tests output


Example timings