Back to Multiple platform build/check report for BioC 3.13 experimental data
[A]BCDEFGHIJKLMNOPQRSTUVWXYZ

CHECK report for affydata on riesling1

This page was generated on 2021-01-21 16:01:24 -0500 (Thu, 21 Jan 2021).

TO THE DEVELOPERS/MAINTAINERS OF THE affydata PACKAGE: Please make sure to use the following settings in order to reproduce any error or warning you see on this page.
Package 4/386HostnameOS / ArchINSTALLBUILDCHECK
affydata 1.39.0
Harris Jaffee
Snapshot Date: 2021-01-21 09:00:14 -0500 (Thu, 21 Jan 2021)
URL: https://git.bioconductor.org/packages/affydata
Branch: master
Last Commit: 080210b
Last Changed Date: 2020-10-27 09:44:24 -0500 (Tue, 27 Oct 2020)
malbec2 Linux (Ubuntu 20.04.1 LTS) / x86_64  OK  OK  WARNINGS UNNEEDED, same version exists in internal repository
riesling1 Windows Server 2019 Standard / x64  OK  OK [ WARNINGS ]

Summary

Package: affydata
Version: 1.39.0
Command: D:\biocbuild\bbs-3.13-bioc\R\bin\R.exe CMD check --force-multiarch --install=check:affydata.install-out.txt --library=D:\biocbuild\bbs-3.13-bioc\R\library --no-vignettes --timings affydata_1.39.0.tar.gz
StartedAt: 2021-01-21 11:11:23 -0500 (Thu, 21 Jan 2021)
EndedAt: 2021-01-21 11:12:28 -0500 (Thu, 21 Jan 2021)
EllapsedTime: 64.2 seconds
RetCode: 0
Status:  WARNINGS  
CheckDir: affydata.Rcheck
Warnings: 3

Command output

##############################################################################
##############################################################################
###
### Running command:
###
###   D:\biocbuild\bbs-3.13-bioc\R\bin\R.exe CMD check --force-multiarch --install=check:affydata.install-out.txt --library=D:\biocbuild\bbs-3.13-bioc\R\library --no-vignettes --timings affydata_1.39.0.tar.gz
###
##############################################################################
##############################################################################


* using log directory 'D:/biocbuild/bbs-3.13-data-experiment/meat/affydata.Rcheck'
* using R Under development (unstable) (2020-12-30 r79736)
* using platform: x86_64-w64-mingw32 (64-bit)
* using session charset: ISO8859-1
* using option '--no-vignettes'
* checking for file 'affydata/DESCRIPTION' ... OK
* this is package 'affydata' version '1.39.0'
* checking package namespace information ... OK
* checking package dependencies ... OK
* checking if this is a source package ... OK
* checking if there is a namespace ... OK
* checking for hidden files and directories ... OK
* checking for portable file names ... OK
* checking whether package 'affydata' can be installed ... OK
* checking installed package size ... NOTE
  installed size is 23.3Mb
  sub-directories of 1Mb or more:
    celfiles       16.2Mb
    data            4.4Mb
    extracelfiles   2.7Mb
* checking package directory ... OK
* checking 'build' directory ... OK
* checking DESCRIPTION meta-information ... OK
* checking top-level files ... OK
* checking for left-over files ... OK
* checking index information ... OK
* checking package subdirectories ... OK
* checking R files for non-ASCII characters ... OK
* checking R files for syntax errors ... OK
* loading checks for arch 'i386'
** checking whether the package can be loaded ... OK
** checking whether the package can be loaded with stated dependencies ... OK
** checking whether the package can be unloaded cleanly ... OK
** checking whether the namespace can be loaded with stated dependencies ... WARNING
Error: .onLoad failed in loadNamespace() for 'affydata', details:
  call: h(simpleError(msg, call))
  error: error in evaluating the argument 'object' in selecting a method for function 'show': could not find function "data"
Execution halted

A namespace must be able to be loaded with just the base namespace
loaded: otherwise if the namespace gets loaded by a saved object, the
session will be unable to start.

Probably some imports need to be declared in the NAMESPACE file.
** checking whether the namespace can be unloaded cleanly ... OK
* loading checks for arch 'x64'
** checking whether the package can be loaded ... OK
** checking whether the package can be loaded with stated dependencies ... OK
** checking whether the package can be unloaded cleanly ... OK
** checking whether the namespace can be loaded with stated dependencies ... WARNING
Error: .onLoad failed in loadNamespace() for 'affydata', details:
  call: h(simpleError(msg, call))
  error: error in evaluating the argument 'object' in selecting a method for function 'show': could not find function "data"
Execution halted

A namespace must be able to be loaded with just the base namespace
loaded: otherwise if the namespace gets loaded by a saved object, the
session will be unable to start.

Probably some imports need to be declared in the NAMESPACE file.
** checking whether the namespace can be unloaded cleanly ... OK
* checking dependencies in R code ... NOTE
Package in Depends field not imported from: 'affy'
  These packages need to be imported from (in the NAMESPACE file)
  for when this namespace is loaded but not attached.
* checking S3 generic/method consistency ... OK
* checking replacement functions ... OK
* checking foreign function calls ... OK
* checking R code for possible problems ... NOTE
Error: .onLoad failed in loadNamespace() for 'affydata', details:
  call: h(simpleError(msg, call))
  error: error in evaluating the argument 'object' in selecting a method for function 'show': could not find function "data"
Execution halted
* checking Rd files ... OK
* checking Rd metadata ... OK
* checking Rd cross-references ... OK
* checking for missing documentation entries ... OK
* checking for code/documentation mismatches ... OK
* checking Rd \usage sections ... OK
* checking Rd contents ... OK
* checking for unstated dependencies in examples ... OK
* checking contents of 'data' directory ... OK
* checking data for non-ASCII characters ... OK
* checking data for ASCII and uncompressed saves ... WARNING
  
  Note: significantly better compression could be obtained
        by using R CMD build --resave-data
               old_size new_size compress
  Dilution.rda    4.4Mb    2.4Mb       xz
* checking files in 'vignettes' ... OK
* checking examples ... NONE
* checking for unstated dependencies in vignettes ... OK
* checking package vignettes in 'inst/doc' ... OK
* checking running R code from vignettes ... SKIPPED
* checking re-building of vignette outputs ... SKIPPED
* checking PDF version of manual ... OK
* DONE

Status: 3 WARNINGs, 3 NOTEs
See
  'D:/biocbuild/bbs-3.13-data-experiment/meat/affydata.Rcheck/00check.log'
for details.



Installation output

affydata.Rcheck/00install.out

##############################################################################
##############################################################################
###
### Running command:
###
###   C:\cygwin\bin\curl.exe -O http://172.29.0.4/BBS/3.13/data-experiment/src/contrib/affydata_1.39.0.tar.gz && rm -rf affydata.buildbin-libdir && mkdir affydata.buildbin-libdir && D:\biocbuild\bbs-3.13-bioc\R\bin\R.exe CMD INSTALL --merge-multiarch --build --library=affydata.buildbin-libdir affydata_1.39.0.tar.gz && D:\biocbuild\bbs-3.13-bioc\R\bin\R.exe CMD INSTALL affydata_1.39.0.zip && rm affydata_1.39.0.tar.gz affydata_1.39.0.zip
###
##############################################################################
##############################################################################


  % Total    % Received % Xferd  Average Speed   Time    Time     Time  Current
                                 Dload  Upload   Total   Spent    Left  Speed

  0     0    0     0    0     0      0      0 --:--:-- --:--:-- --:--:--     0
 50 12.0M   50 6276k    0     0  73.8M      0 --:--:-- --:--:-- --:--:-- 72.9M
100 12.0M  100 12.0M    0     0  24.5M      0 --:--:-- --:--:-- --:--:-- 24.5M

install for i386

* installing *source* package 'affydata' ...
** using staged installation
** R
** data
** inst
** byte-compile and prepare package for lazy loading
** help
*** installing help indices
  converting help for package 'affydata'
    finding HTML links ... done
    Dilution                                html  
REDIRECT:topic	 Dilution -> Dilution.html [ SUCCESS ]
** building package indices
** installing vignettes
** testing if installed package can be loaded from temporary location
     Package   
[1,] "affydata"
     LibPath                                                                                    
[1,] "D:/biocbuild/bbs-3.13-data-experiment/meat/affydata.buildbin-libdir/00LOCK-affydata/00new"
     Item       Title                        
[1,] "Dilution" "AffyBatch instance Dilution"
** testing if installed package can be loaded from final location
     Package   
[1,] "affydata"
     LibPath                                                              
[1,] "D:/biocbuild/bbs-3.13-data-experiment/meat/affydata.buildbin-libdir"
     Item       Title                        
[1,] "Dilution" "AffyBatch instance Dilution"
** testing if installed package keeps a record of temporary installation path

install for x64

* installing *source* package 'affydata' ...
** testing if installed package can be loaded
     Package   
[1,] "affydata"
     LibPath                                                              
[1,] "D:/biocbuild/bbs-3.13-data-experiment/meat/affydata.buildbin-libdir"
     Item       Title                        
[1,] "Dilution" "AffyBatch instance Dilution"
* MD5 sums
packaged installation of 'affydata' as affydata_1.39.0.zip
* DONE (affydata)
* installing to library 'D:/biocbuild/bbs-3.13-bioc/R/library'
package 'affydata' successfully unpacked and MD5 sums checked

Tests output


Example timings