Back to Multiple platform build/check report for BioC 3.13 experimental data
ABCDEFGHIJKLMNOPQR[S]TUVWXYZ

CHECK report for SpikeInSubset on riesling1

This page was generated on 2021-01-11 15:59:33 -0500 (Mon, 11 Jan 2021).

TO THE DEVELOPERS/MAINTAINERS OF THE SpikeInSubset PACKAGE: Please make sure to use the following settings in order to reproduce any error or warning you see on this page.
Package 343/385HostnameOS / ArchINSTALLBUILDCHECK
SpikeInSubset 1.31.0
Rafael A. Irizarry
Snapshot Date: 2021-01-11 09:00:09 -0500 (Mon, 11 Jan 2021)
URL: https://git.bioconductor.org/packages/SpikeInSubset
Branch: master
Last Commit: a23e23d
Last Changed Date: 2020-10-27 09:47:05 -0500 (Tue, 27 Oct 2020)
malbec2 Linux (Ubuntu 20.04.1 LTS) / x86_64  OK  OK  WARNINGS UNNEEDED, same version exists in internal repository
riesling1 Windows Server 2019 Standard / x64  OK  OK [ WARNINGS ]

Summary

Package: SpikeInSubset
Version: 1.31.0
Command: D:\biocbuild\bbs-3.13-bioc\R\bin\R.exe CMD check --force-multiarch --install=check:SpikeInSubset.install-out.txt --library=D:\biocbuild\bbs-3.13-bioc\R\library --no-vignettes --timings SpikeInSubset_1.31.0.tar.gz
StartedAt: 2021-01-11 11:47:38 -0500 (Mon, 11 Jan 2021)
EndedAt: 2021-01-11 11:49:01 -0500 (Mon, 11 Jan 2021)
EllapsedTime: 83.3 seconds
RetCode: 0
Status:  WARNINGS  
CheckDir: SpikeInSubset.Rcheck
Warnings: 3

Command output

##############################################################################
##############################################################################
###
### Running command:
###
###   D:\biocbuild\bbs-3.13-bioc\R\bin\R.exe CMD check --force-multiarch --install=check:SpikeInSubset.install-out.txt --library=D:\biocbuild\bbs-3.13-bioc\R\library --no-vignettes --timings SpikeInSubset_1.31.0.tar.gz
###
##############################################################################
##############################################################################


* using log directory 'D:/biocbuild/bbs-3.13-data-experiment/meat/SpikeInSubset.Rcheck'
* using R Under development (unstable) (2020-12-30 r79736)
* using platform: x86_64-w64-mingw32 (64-bit)
* using session charset: ISO8859-1
* using option '--no-vignettes'
* checking for file 'SpikeInSubset/DESCRIPTION' ... OK
* this is package 'SpikeInSubset' version '1.31.0'
* checking package namespace information ... OK
* checking package dependencies ... OK
* checking if this is a source package ... OK
* checking if there is a namespace ... OK
* checking for hidden files and directories ... OK
* checking for portable file names ... OK
* checking whether package 'SpikeInSubset' can be installed ... WARNING
Found the following significant warnings:
  Warning: D:/biocbuild/bbs-3.13-data-experiment/tmpdir/Rtmpuw5r4P/R.INSTALLf124f2d5b8d/SpikeInSubset/man/xhyb.Rd: docType 'instance' is unrecognized
See 'D:/biocbuild/bbs-3.13-data-experiment/meat/SpikeInSubset.Rcheck/00install.out' for details.
* checking installed package size ... NOTE
  installed size is 20.5Mb
  sub-directories of 1Mb or more:
    data  20.4Mb
* checking package directory ... OK
* checking DESCRIPTION meta-information ... NOTE
Malformed Description field: should contain one or more complete sentences.
* checking top-level files ... OK
* checking for left-over files ... OK
* checking index information ... OK
* checking package subdirectories ... OK
* checking R files for non-ASCII characters ... OK
* checking R files for syntax errors ... OK
* loading checks for arch 'i386'
** checking whether the package can be loaded ... OK
** checking whether the package can be loaded with stated dependencies ... OK
** checking whether the package can be unloaded cleanly ... OK
** checking whether the namespace can be loaded with stated dependencies ... OK
** checking whether the namespace can be unloaded cleanly ... OK
* loading checks for arch 'x64'
** checking whether the package can be loaded ... OK
** checking whether the package can be loaded with stated dependencies ... OK
** checking whether the package can be unloaded cleanly ... OK
** checking whether the namespace can be loaded with stated dependencies ... OK
** checking whether the namespace can be unloaded cleanly ... OK
* checking dependencies in R code ... NOTE
Packages in Depends field not imported from:
  'Biobase' 'affy'
  These packages need to be imported from (in the NAMESPACE file)
  for when this namespace is loaded but not attached.
* checking S3 generic/method consistency ... OK
* checking replacement functions ... OK
* checking foreign function calls ... OK
* checking R code for possible problems ... OK
* checking Rd files ... WARNING
prepare_Rd: xhyb.Rd: docType 'instance' is unrecognized
* checking Rd metadata ... OK
* checking Rd cross-references ... OK
* checking for missing documentation entries ... OK
* checking for code/documentation mismatches ... OK
* checking Rd \usage sections ... OK
* checking Rd contents ... OK
* checking for unstated dependencies in examples ... OK
* checking contents of 'data' directory ... OK
* checking data for non-ASCII characters ... OK
* checking data for ASCII and uncompressed saves ... WARNING
  
  Note: significantly better compression could be obtained
        by using R CMD build --resave-data
                           old_size new_size compress
  hgu133a.spikein.xhyb.rda     12Kb      2Kb     gzip
  mas133.rda                  2.2Mb    992Kb       xz
  mas95.rda                   1.3Mb    573Kb       xz
  rma133.rda                  2.2Mb    899Kb       xz
  rma95.rda                   1.3Mb    522Kb       xz
  spikein133.rda              7.3Mb    4.3Mb       xz
  spikein95.rda               6.1Mb    3.6Mb       xz
* checking examples ... NONE
* checking PDF version of manual ... OK
* DONE

Status: 3 WARNINGs, 3 NOTEs
See
  'D:/biocbuild/bbs-3.13-data-experiment/meat/SpikeInSubset.Rcheck/00check.log'
for details.



Installation output

SpikeInSubset.Rcheck/00install.out

##############################################################################
##############################################################################
###
### Running command:
###
###   C:\cygwin\bin\curl.exe -O http://172.29.0.4/BBS/3.13/data-experiment/src/contrib/SpikeInSubset_1.31.0.tar.gz && rm -rf SpikeInSubset.buildbin-libdir && mkdir SpikeInSubset.buildbin-libdir && D:\biocbuild\bbs-3.13-bioc\R\bin\R.exe CMD INSTALL --merge-multiarch --build --library=SpikeInSubset.buildbin-libdir SpikeInSubset_1.31.0.tar.gz && D:\biocbuild\bbs-3.13-bioc\R\bin\R.exe CMD INSTALL SpikeInSubset_1.31.0.zip && rm SpikeInSubset_1.31.0.tar.gz SpikeInSubset_1.31.0.zip
###
##############################################################################
##############################################################################


  % Total    % Received % Xferd  Average Speed   Time    Time     Time  Current
                                 Dload  Upload   Total   Spent    Left  Speed

  0     0    0     0    0     0      0      0 --:--:-- --:--:-- --:--:--     0
100 17.9M  100 17.9M    0     0  81.0M      0 --:--:-- --:--:-- --:--:-- 81.0M

install for i386

* installing *source* package 'SpikeInSubset' ...
** using staged installation
** R
** data
** byte-compile and prepare package for lazy loading
** help
Warning: D:/biocbuild/bbs-3.13-data-experiment/tmpdir/Rtmpuw5r4P/R.INSTALLf124f2d5b8d/SpikeInSubset/man/xhyb.Rd: docType 'instance' is unrecognized
*** installing help indices
  converting help for package 'SpikeInSubset'
    finding HTML links ... done
    SpikeIn                                 html  
REDIRECT:topic	 spikein133 -> SpikeIn.html [ SUCCESS ]
REDIRECT:topic	 rma133 -> SpikeIn.html [ SUCCESS ]
REDIRECT:topic	 mas133 -> SpikeIn.html [ SUCCESS ]
REDIRECT:topic	 pacalls133 -> SpikeIn.html [ SUCCESS ]
REDIRECT:topic	 spikein95 -> SpikeIn.html [ SUCCESS ]
REDIRECT:topic	 rma95 -> SpikeIn.html [ SUCCESS ]
REDIRECT:topic	 mas95 -> SpikeIn.html [ SUCCESS ]
REDIRECT:topic	 pacalls95 -> SpikeIn.html [ SUCCESS ]
REDIRECT:file	 SpikeIn.html -> SpikeIn.html [ SUCCESS ]
    xhyb                                    html  
REDIRECT:topic	 hgu133a.spikein.xhyb -> xhyb.html [ SUCCESS ]
REDIRECT:file	 xhyb.html -> xhyb.html [ SUCCESS ]
** building package indices
** testing if installed package can be loaded from temporary location
** testing if installed package can be loaded from final location
** testing if installed package keeps a record of temporary installation path

install for x64

* installing *source* package 'SpikeInSubset' ...
** testing if installed package can be loaded
* MD5 sums
packaged installation of 'SpikeInSubset' as SpikeInSubset_1.31.0.zip
* DONE (SpikeInSubset)
* installing to library 'D:/biocbuild/bbs-3.13-bioc/R/library'
package 'SpikeInSubset' successfully unpacked and MD5 sums checked

Tests output


Example timings