Back to Multiple platform build/check report for BioC 3.13 experimental data |
|
This page was generated on 2021-01-21 16:01:39 -0500 (Thu, 21 Jan 2021).
TO THE DEVELOPERS/MAINTAINERS OF THE SpikeIn PACKAGE: Please make sure to use the following settings in order to reproduce any error or warning you see on this page. |
Package 343/386 | Hostname | OS / Arch | INSTALL | BUILD | CHECK | ||||||
SpikeIn 1.33.0 Rafael A. Irizarry
| malbec2 | Linux (Ubuntu 20.04.1 LTS) / x86_64 | OK | OK | WARNINGS | ![]() | |||||
riesling1 | Windows Server 2019 Standard / x64 | OK | OK | [ WARNINGS ] |
Package: SpikeIn |
Version: 1.33.0 |
Command: D:\biocbuild\bbs-3.13-bioc\R\bin\R.exe CMD check --force-multiarch --install=check:SpikeIn.install-out.txt --library=D:\biocbuild\bbs-3.13-bioc\R\library --no-vignettes --timings SpikeIn_1.33.0.tar.gz |
StartedAt: 2021-01-21 11:48:20 -0500 (Thu, 21 Jan 2021) |
EndedAt: 2021-01-21 11:48:56 -0500 (Thu, 21 Jan 2021) |
EllapsedTime: 35.8 seconds |
RetCode: 0 |
Status: WARNINGS |
CheckDir: SpikeIn.Rcheck |
Warnings: 1 |
############################################################################## ############################################################################## ### ### Running command: ### ### D:\biocbuild\bbs-3.13-bioc\R\bin\R.exe CMD check --force-multiarch --install=check:SpikeIn.install-out.txt --library=D:\biocbuild\bbs-3.13-bioc\R\library --no-vignettes --timings SpikeIn_1.33.0.tar.gz ### ############################################################################## ############################################################################## * using log directory 'D:/biocbuild/bbs-3.13-data-experiment/meat/SpikeIn.Rcheck' * using R Under development (unstable) (2020-12-30 r79736) * using platform: x86_64-w64-mingw32 (64-bit) * using session charset: ISO8859-1 * using option '--no-vignettes' * checking for file 'SpikeIn/DESCRIPTION' ... OK * this is package 'SpikeIn' version '1.33.0' * checking package namespace information ... OK * checking package dependencies ... OK * checking if this is a source package ... OK * checking if there is a namespace ... OK * checking for hidden files and directories ... OK * checking for portable file names ... OK * checking whether package 'SpikeIn' can be installed ... OK * checking installed package size ... NOTE installed size is 63.1Mb sub-directories of 1Mb or more: data 63.0Mb * checking package directory ... OK * checking DESCRIPTION meta-information ... OK * checking top-level files ... OK * checking for left-over files ... OK * checking index information ... OK * checking package subdirectories ... OK * loading checks for arch 'i386' ** checking whether the package can be loaded ... OK ** checking whether the package can be loaded with stated dependencies ... OK ** checking whether the package can be unloaded cleanly ... OK ** checking whether the namespace can be loaded with stated dependencies ... OK ** checking whether the namespace can be unloaded cleanly ... OK * loading checks for arch 'x64' ** checking whether the package can be loaded ... OK ** checking whether the package can be loaded with stated dependencies ... OK ** checking whether the package can be unloaded cleanly ... OK ** checking whether the namespace can be loaded with stated dependencies ... OK ** checking whether the namespace can be unloaded cleanly ... OK * checking Rd files ... OK * checking Rd metadata ... OK * checking Rd cross-references ... OK * checking for missing documentation entries ... OK * checking for code/documentation mismatches ... OK * checking Rd \usage sections ... OK * checking Rd contents ... OK * checking for unstated dependencies in examples ... OK * checking contents of 'data' directory ... OK * checking data for non-ASCII characters ... OK * checking data for ASCII and uncompressed saves ... WARNING Warning: package needs dependence on R (>= 2.10) * checking examples ... NONE * checking PDF version of manual ... OK * DONE Status: 1 WARNING, 1 NOTE See 'D:/biocbuild/bbs-3.13-data-experiment/meat/SpikeIn.Rcheck/00check.log' for details.
SpikeIn.Rcheck/00install.out
############################################################################## ############################################################################## ### ### Running command: ### ### C:\cygwin\bin\curl.exe -O http://172.29.0.4/BBS/3.13/data-experiment/src/contrib/SpikeIn_1.33.0.tar.gz && rm -rf SpikeIn.buildbin-libdir && mkdir SpikeIn.buildbin-libdir && D:\biocbuild\bbs-3.13-bioc\R\bin\R.exe CMD INSTALL --merge-multiarch --build --library=SpikeIn.buildbin-libdir SpikeIn_1.33.0.tar.gz && D:\biocbuild\bbs-3.13-bioc\R\bin\R.exe CMD INSTALL SpikeIn_1.33.0.zip && rm SpikeIn_1.33.0.tar.gz SpikeIn_1.33.0.zip ### ############################################################################## ############################################################################## % Total % Received % Xferd Average Speed Time Time Time Current Dload Upload Total Spent Left Speed 0 0 0 0 0 0 0 0 --:--:-- --:--:-- --:--:-- 0 27 63.0M 27 17.4M 0 0 82.3M 0 --:--:-- --:--:-- --:--:-- 81.9M 100 63.0M 100 63.0M 0 0 97.7M 0 --:--:-- --:--:-- --:--:-- 97.5M install for i386 * installing *source* package 'SpikeIn' ... ** using staged installation ** data ** help *** installing help indices converting help for package 'SpikeIn' finding HTML links ... done SpikeIn html REDIRECT:topic SpikeIn133 -> SpikeIn.html [ SUCCESS ] REDIRECT:topic SpikeIn95 -> SpikeIn.html [ SUCCESS ] REDIRECT:file SpikeIn.html -> SpikeIn.html [ SUCCESS ] ** building package indices ** testing if installed package can be loaded from temporary location ** testing if installed package can be loaded from final location ** testing if installed package keeps a record of temporary installation path install for x64 * installing *source* package 'SpikeIn' ... ** testing if installed package can be loaded * MD5 sums packaged installation of 'SpikeIn' as SpikeIn_1.33.0.zip * DONE (SpikeIn) * installing to library 'D:/biocbuild/bbs-3.13-bioc/R/library' package 'SpikeIn' successfully unpacked and MD5 sums checked