Back to Multiple platform build/check report for BioC 3.13 experimental data |
|
This page was generated on 2021-01-14 15:59:11 -0500 (Thu, 14 Jan 2021).
TO THE DEVELOPERS/MAINTAINERS OF THE SingleCellMultiModal PACKAGE: Please make sure to use the following settings in order to reproduce any error or warning you see on this page. |
Package 335/385 | Hostname | OS / Arch | INSTALL | BUILD | CHECK | ||||||
SingleCellMultiModal 1.3.8 Marcel Ramos
| malbec2 | Linux (Ubuntu 20.04.1 LTS) / x86_64 | OK | OK | OK | ![]() | |||||
riesling1 | Windows Server 2019 Standard / x64 | OK | OK | [ ERROR ] |
Package: SingleCellMultiModal |
Version: 1.3.8 |
Command: D:\biocbuild\bbs-3.13-bioc\R\bin\R.exe CMD check --force-multiarch --install=check:SingleCellMultiModal.install-out.txt --library=D:\biocbuild\bbs-3.13-bioc\R\library --no-vignettes --timings SingleCellMultiModal_1.3.8.tar.gz |
StartedAt: 2021-01-14 11:42:20 -0500 (Thu, 14 Jan 2021) |
EndedAt: 2021-01-14 11:45:27 -0500 (Thu, 14 Jan 2021) |
EllapsedTime: 186.8 seconds |
RetCode: 1 |
Status: ERROR |
CheckDir: SingleCellMultiModal.Rcheck |
Warnings: NA |
############################################################################## ############################################################################## ### ### Running command: ### ### D:\biocbuild\bbs-3.13-bioc\R\bin\R.exe CMD check --force-multiarch --install=check:SingleCellMultiModal.install-out.txt --library=D:\biocbuild\bbs-3.13-bioc\R\library --no-vignettes --timings SingleCellMultiModal_1.3.8.tar.gz ### ############################################################################## ############################################################################## * using log directory 'D:/biocbuild/bbs-3.13-data-experiment/meat/SingleCellMultiModal.Rcheck' * using R Under development (unstable) (2020-12-30 r79736) * using platform: x86_64-w64-mingw32 (64-bit) * using session charset: ISO8859-1 * using option '--no-vignettes' * checking for file 'SingleCellMultiModal/DESCRIPTION' ... OK * checking extension type ... Package * this is package 'SingleCellMultiModal' version '1.3.8' * package encoding: UTF-8 * checking package namespace information ... OK * checking package dependencies ... OK * checking if this is a source package ... OK * checking if there is a namespace ... OK * checking for hidden files and directories ... OK * checking for portable file names ... OK * checking whether package 'SingleCellMultiModal' can be installed ... OK * checking installed package size ... OK * checking package directory ... OK * checking 'build' directory ... OK * checking DESCRIPTION meta-information ... OK * checking top-level files ... OK * checking for left-over files ... OK * checking index information ... OK * checking package subdirectories ... OK * checking R files for non-ASCII characters ... OK * checking R files for syntax errors ... OK * loading checks for arch 'i386' ** checking whether the package can be loaded ... OK ** checking whether the package can be loaded with stated dependencies ... OK ** checking whether the package can be unloaded cleanly ... OK ** checking whether the namespace can be loaded with stated dependencies ... OK ** checking whether the namespace can be unloaded cleanly ... OK * loading checks for arch 'x64' ** checking whether the package can be loaded ... OK ** checking whether the package can be loaded with stated dependencies ... OK ** checking whether the package can be unloaded cleanly ... OK ** checking whether the namespace can be loaded with stated dependencies ... OK ** checking whether the namespace can be unloaded cleanly ... OK * checking dependencies in R code ... NOTE Unexported object imported by a ':::' call: 'BiocGenerics:::replaceSlots' See the note in ?`:::` about the use of this operator. * checking S3 generic/method consistency ... OK * checking replacement functions ... OK * checking foreign function calls ... OK * checking R code for possible problems ... OK * checking Rd files ... OK * checking Rd metadata ... OK * checking Rd cross-references ... OK * checking for missing documentation entries ... OK * checking for code/documentation mismatches ... OK * checking Rd \usage sections ... OK * checking Rd contents ... OK * checking for unstated dependencies in examples ... OK * checking files in 'vignettes' ... OK * checking examples ... ** running examples for arch 'i386' ... ERROR Running examples in 'SingleCellMultiModal-Ex.R' failed The error most likely occurred in: > base::assign(".ptime", proc.time(), pos = "CheckExEnv") > ### Name: CITEseq > ### Title: CITEseq > ### Aliases: CITEseq > > ### ** Examples > > > mae <- CITEseq(DataType="cord_blood", dry.run=FALSE) Dataset: cord_blood snapshotDate(): 2021-01-14 Working on: scADT_Counts Working on: scRNAseq_Counts see ?SingleCellMultiModal and browseVignettes('SingleCellMultiModal') for documentation loading from cache see ?SingleCellMultiModal and browseVignettes('SingleCellMultiModal') for documentation loading from cache Error: cannot allocate vector of size 1.2 Gb Execution halted ** running examples for arch 'x64' ... OK Examples with CPU (user + system) or elapsed time > 5s user system elapsed CITEseq 9.98 1.11 11.85 scNMT 5.36 0.66 7.15 * checking for unstated dependencies in vignettes ... OK * checking package vignettes in 'inst/doc' ... OK * checking running R code from vignettes ... SKIPPED * checking re-building of vignette outputs ... SKIPPED * checking PDF version of manual ... OK * DONE Status: 1 ERROR, 1 NOTE See 'D:/biocbuild/bbs-3.13-data-experiment/meat/SingleCellMultiModal.Rcheck/00check.log' for details.
SingleCellMultiModal.Rcheck/00install.out
############################################################################## ############################################################################## ### ### Running command: ### ### C:\cygwin\bin\curl.exe -O http://172.29.0.4/BBS/3.13/data-experiment/src/contrib/SingleCellMultiModal_1.3.8.tar.gz && rm -rf SingleCellMultiModal.buildbin-libdir && mkdir SingleCellMultiModal.buildbin-libdir && D:\biocbuild\bbs-3.13-bioc\R\bin\R.exe CMD INSTALL --merge-multiarch --build --library=SingleCellMultiModal.buildbin-libdir SingleCellMultiModal_1.3.8.tar.gz && D:\biocbuild\bbs-3.13-bioc\R\bin\R.exe CMD INSTALL SingleCellMultiModal_1.3.8.zip && rm SingleCellMultiModal_1.3.8.tar.gz SingleCellMultiModal_1.3.8.zip ### ############################################################################## ############################################################################## % Total % Received % Xferd Average Speed Time Time Time Current Dload Upload Total Spent Left Speed 0 0 0 0 0 0 0 0 --:--:-- --:--:-- --:--:-- 0 100 32414 100 32414 0 0 270k 0 --:--:-- --:--:-- --:--:-- 272k install for i386 * installing *source* package 'SingleCellMultiModal' ... ** using staged installation ** R ** inst ** byte-compile and prepare package for lazy loading ** help *** installing help indices converting help for package 'SingleCellMultiModal' finding HTML links ... done CITEseq html REDIRECT:topic CITEseq -> CITEseq.html [ SUCCESS ] finding level-2 HTML links ... done SingleCellMultiModal-package html REDIRECT:topic SingleCellMultiModal -> SingleCellMultiModal-package.html [ SUCCESS ] REDIRECT:topic SingleCellMultiModal-package -> SingleCellMultiModal-package.html [ SUCCESS ] scMultiome html REDIRECT:topic scMultiome -> scMultiome.html [ SUCCESS ] scNMT html REDIRECT:topic scNMT -> scNMT.html [ SUCCESS ] scmmCache html REDIRECT:topic scmmCache -> scmmCache.html [ SUCCESS ] REDIRECT:topic setCache -> scmmCache.html [ SUCCESS ] REDIRECT:topic removeCache -> scmmCache.html [ SUCCESS ] seqFISH html REDIRECT:topic seqFISH -> seqFISH.html [ SUCCESS ] ** building package indices ** installing vignettes ** testing if installed package can be loaded from temporary location ** testing if installed package can be loaded from final location ** testing if installed package keeps a record of temporary installation path install for x64 * installing *source* package 'SingleCellMultiModal' ... ** testing if installed package can be loaded * MD5 sums packaged installation of 'SingleCellMultiModal' as SingleCellMultiModal_1.3.8.zip * DONE (SingleCellMultiModal) * installing to library 'D:/biocbuild/bbs-3.13-bioc/R/library' package 'SingleCellMultiModal' successfully unpacked and MD5 sums checked
SingleCellMultiModal.Rcheck/examples_i386/SingleCellMultiModal-Ex.timings
|
SingleCellMultiModal.Rcheck/examples_x64/SingleCellMultiModal-Ex.timings
|