Back to Multiple platform build/check report for BioC 3.13 experimental data
ABCDEFGHIJKLMNOPQ[R]STUVWXYZ

CHECK report for RTCGA.CNV on riesling1

This page was generated on 2021-01-14 15:59:11 -0500 (Thu, 14 Jan 2021).

TO THE DEVELOPERS/MAINTAINERS OF THE RTCGA.CNV PACKAGE: Please make sure to use the following settings in order to reproduce any error or warning you see on this page.
Package 311/385HostnameOS / ArchINSTALLBUILDCHECK
RTCGA.CNV 1.19.0
Marcin Kosinski
Snapshot Date: 2021-01-14 09:00:13 -0500 (Thu, 14 Jan 2021)
URL: https://git.bioconductor.org/packages/RTCGA.CNV
Branch: master
Last Commit: 055516d
Last Changed Date: 2020-10-27 10:17:07 -0500 (Tue, 27 Oct 2020)
malbec2 Linux (Ubuntu 20.04.1 LTS) / x86_64  OK  OK  OK UNNEEDED, same version exists in internal repository
riesling1 Windows Server 2019 Standard / x64  OK  OK [ WARNINGS ]

Summary

Package: RTCGA.CNV
Version: 1.19.0
Command: D:\biocbuild\bbs-3.13-bioc\R\bin\R.exe CMD check --force-multiarch --install=check:RTCGA.CNV.install-out.txt --library=D:\biocbuild\bbs-3.13-bioc\R\library --no-vignettes --timings RTCGA.CNV_1.19.0.tar.gz
StartedAt: 2021-01-14 11:39:44 -0500 (Thu, 14 Jan 2021)
EndedAt: 2021-01-14 11:40:44 -0500 (Thu, 14 Jan 2021)
EllapsedTime: 59.9 seconds
RetCode: 0
Status:  WARNINGS  
CheckDir: RTCGA.CNV.Rcheck
Warnings: 1

Command output

##############################################################################
##############################################################################
###
### Running command:
###
###   D:\biocbuild\bbs-3.13-bioc\R\bin\R.exe CMD check --force-multiarch --install=check:RTCGA.CNV.install-out.txt --library=D:\biocbuild\bbs-3.13-bioc\R\library --no-vignettes --timings RTCGA.CNV_1.19.0.tar.gz
###
##############################################################################
##############################################################################


* using log directory 'D:/biocbuild/bbs-3.13-data-experiment/meat/RTCGA.CNV.Rcheck'
* using R Under development (unstable) (2020-12-30 r79736)
* using platform: x86_64-w64-mingw32 (64-bit)
* using session charset: ISO8859-1
* using option '--no-vignettes'
* checking for file 'RTCGA.CNV/DESCRIPTION' ... OK
* checking extension type ... Package
* this is package 'RTCGA.CNV' version '1.19.0'
* checking package namespace information ... OK
* checking package dependencies ... OK
* checking if this is a source package ... OK
* checking if there is a namespace ... OK
* checking for hidden files and directories ... OK
* checking for portable file names ... OK
* checking whether package 'RTCGA.CNV' can be installed ... WARNING
Found the following significant warnings:
  Rd warning: cannot open file 'D:/biocbuild/bbs-3.13-data-experiment/meat/RTCGA.CNV.buildbin-libdir/00LOCK-RTCGA.CNV/00new/RTCGA.CNV/help/ACC.CNV,BLCA.CNV,BRCA.CNV,CESC.CNV,CHOL.CNV,COAD.CNV,COADREAD.CNV,DLBC.CNV,ESCA.CNV,GBM.CNV,GBMLGG.CNV,HNSC.CNV,KICH.CNV,KIPAN.CNV,KIRC.CNV,KIRP.CNV,LAML.CNV,LGG.CNV,LIHC.CNV,LUAD.CNV,LUSC.CNV,MESO.CNV,OV.CNV,PAAD.CNV,PCPG.CNV,PRAD.CNV,READ.CNV,SARC.CNV,SKCM.CNV,STAD.CNV,TGCT.CNV,THCA.CNV,THYM.CNV,UCEC.CNV,UCS.CNV,UVM.CNV.html': No such file or directory
See 'D:/biocbuild/bbs-3.13-data-experiment/meat/RTCGA.CNV.Rcheck/00install.out' for details.
* checking installed package size ... NOTE
  installed size is 35.9Mb
  sub-directories of 1Mb or more:
    data  35.7Mb
* checking package directory ... OK
* checking 'build' directory ... OK
* checking DESCRIPTION meta-information ... OK
* checking top-level files ... OK
* checking for left-over files ... OK
* checking index information ... OK
* checking package subdirectories ... OK
* checking R files for non-ASCII characters ... OK
* checking R files for syntax errors ... OK
* loading checks for arch 'i386'
** checking whether the package can be loaded ... OK
** checking whether the package can be loaded with stated dependencies ... OK
** checking whether the package can be unloaded cleanly ... OK
** checking whether the namespace can be loaded with stated dependencies ... OK
** checking whether the namespace can be unloaded cleanly ... OK
* loading checks for arch 'x64'
** checking whether the package can be loaded ... OK
** checking whether the package can be loaded with stated dependencies ... OK
** checking whether the package can be unloaded cleanly ... OK
** checking whether the namespace can be loaded with stated dependencies ... OK
** checking whether the namespace can be unloaded cleanly ... OK
* checking dependencies in R code ... OK
* checking S3 generic/method consistency ... OK
* checking replacement functions ... OK
* checking foreign function calls ... OK
* checking R code for possible problems ... OK
* checking Rd files ... OK
* checking Rd metadata ... OK
* checking Rd cross-references ... OK
* checking for missing documentation entries ... OK
* checking for code/documentation mismatches ... OK
* checking Rd \usage sections ... OK
* checking Rd contents ... OK
* checking for unstated dependencies in examples ... OK
* checking contents of 'data' directory ... OK
* checking data for non-ASCII characters ... OK
* checking data for ASCII and uncompressed saves ... OK
* checking files in 'vignettes' ... OK
* checking examples ... NONE
* checking for unstated dependencies in vignettes ... OK
* checking package vignettes in 'inst/doc' ... OK
* checking running R code from vignettes ... SKIPPED
* checking re-building of vignette outputs ... SKIPPED
* checking PDF version of manual ... OK
* DONE

Status: 1 WARNING, 1 NOTE
See
  'D:/biocbuild/bbs-3.13-data-experiment/meat/RTCGA.CNV.Rcheck/00check.log'
for details.



Installation output

RTCGA.CNV.Rcheck/00install.out

##############################################################################
##############################################################################
###
### Running command:
###
###   C:\cygwin\bin\curl.exe -O http://172.29.0.4/BBS/3.13/data-experiment/src/contrib/RTCGA.CNV_1.19.0.tar.gz && rm -rf RTCGA.CNV.buildbin-libdir && mkdir RTCGA.CNV.buildbin-libdir && D:\biocbuild\bbs-3.13-bioc\R\bin\R.exe CMD INSTALL --merge-multiarch --build --library=RTCGA.CNV.buildbin-libdir RTCGA.CNV_1.19.0.tar.gz && D:\biocbuild\bbs-3.13-bioc\R\bin\R.exe CMD INSTALL RTCGA.CNV_1.19.0.zip && rm RTCGA.CNV_1.19.0.tar.gz RTCGA.CNV_1.19.0.zip
###
##############################################################################
##############################################################################


  % Total    % Received % Xferd  Average Speed   Time    Time     Time  Current
                                 Dload  Upload   Total   Spent    Left  Speed

  0     0    0     0    0     0      0      0 --:--:-- --:--:-- --:--:--     0
 90 27.3M   90 24.7M    0     0  29.8M      0 --:--:-- --:--:-- --:--:-- 29.8M
100 27.3M  100 27.3M    0     0  32.1M      0 --:--:-- --:--:-- --:--:-- 32.0M

install for i386

* installing *source* package 'RTCGA.CNV' ...
** using staged installation
** R
** data
*** moving datasets to lazyload DB
** byte-compile and prepare package for lazy loading
** help
*** installing help indices
  converting help for package 'RTCGA.CNV'
    finding HTML links ... done
    CNV                                     html  
REDIRECT:topic	 ACC.CNV -> CNV.html [ SUCCESS ]
REDIRECT:topic	 ACC.CNV,BLCA.CNV,BRCA.CNV,CESC.CNV,CHOL.CNV,COAD.CNV,COADREAD.CNV,DLBC.CNV,ESCA.CNV,GBM.CNV,GBMLGG.CNV,HNSC.CNV,KICH.CNV,KIPAN.CNV,KIRC.CNV,KIRP.CNV,LAML.CNV,LGG.CNV,LIHC.CNV,LUAD.CNV,LUSC.CNV,MESO.CNV,OV.CNV,PAAD.CNV,PCPG.CNV,PRAD.CNV,READ.CNV,SARC.CNV,SKCM.CNV,STAD.CNV,TGCT.CNV,THCA.CNV,THYM.CNV,UCEC.CNV,UCS.CNV,UVM.CNV -> CNV.html [ FAIL ]
REDIRECT:topic	 BLCA.CNV -> CNV.html [ SUCCESS ]
REDIRECT:topic	 BRCA.CNV -> CNV.html [ SUCCESS ]
REDIRECT:topic	 CESC.CNV -> CNV.html [ SUCCESS ]
REDIRECT:topic	 CHOL.CNV -> CNV.html [ SUCCESS ]
REDIRECT:topic	 CNV -> CNV.html [ SUCCESS ]
REDIRECT:topic	 COAD.CNV -> CNV.html [ SUCCESS ]
REDIRECT:topic	 COADREAD.CNV -> CNV.html [ SUCCESS ]
REDIRECT:topic	 DLBC.CNV -> CNV.html [ SUCCESS ]
REDIRECT:topic	 ESCA.CNV -> CNV.html [ SUCCESS ]
REDIRECT:topic	 GBM.CNV -> CNV.html [ SUCCESS ]
REDIRECT:topic	 GBMLGG.CNV -> CNV.html [ SUCCESS ]
REDIRECT:topic	 HNSC.CNV -> CNV.html [ SUCCESS ]
REDIRECT:topic	 KICH.CNV -> CNV.html [ SUCCESS ]
REDIRECT:topic	 KIPAN.CNV -> CNV.html [ SUCCESS ]
REDIRECT:topic	 KIRC.CNV -> CNV.html [ SUCCESS ]
REDIRECT:topic	 KIRP.CNV -> CNV.html [ SUCCESS ]
REDIRECT:topic	 LAML.CNV -> CNV.html [ SUCCESS ]
REDIRECT:topic	 LGG.CNV -> CNV.html [ SUCCESS ]
REDIRECT:topic	 LIHC.CNV -> CNV.html [ SUCCESS ]
REDIRECT:topic	 LUAD.CNV -> CNV.html [ SUCCESS ]
REDIRECT:topic	 LUSC.CNV -> CNV.html [ SUCCESS ]
REDIRECT:topic	 MESO.CNV -> CNV.html [ SUCCESS ]
REDIRECT:topic	 OV.CNV -> CNV.html [ SUCCESS ]
REDIRECT:topic	 PAAD.CNV -> CNV.html [ SUCCESS ]
REDIRECT:topic	 PCPG.CNV -> CNV.html [ SUCCESS ]
REDIRECT:topic	 PRAD.CNV -> CNV.html [ SUCCESS ]
REDIRECT:topic	 READ.CNV -> CNV.html [ SUCCESS ]
REDIRECT:topic	 SARC.CNV -> CNV.html [ SUCCESS ]
REDIRECT:topic	 SKCM.CNV -> CNV.html [ SUCCESS ]
REDIRECT:topic	 STAD.CNV -> CNV.html [ SUCCESS ]
REDIRECT:topic	 STES.CNV -> CNV.html [ SUCCESS ]
REDIRECT:topic	 TGCT.CNV -> CNV.html [ SUCCESS ]
REDIRECT:topic	 THCA.CNV -> CNV.html [ SUCCESS ]
REDIRECT:topic	 THYM.CNV -> CNV.html [ SUCCESS ]
REDIRECT:topic	 UCEC.CNV -> CNV.html [ SUCCESS ]
REDIRECT:topic	 UCS.CNV -> CNV.html [ SUCCESS ]
REDIRECT:topic	 UVM.CNV -> CNV.html [ SUCCESS ]
    finding level-2 HTML links ... done

Rd warning: cannot open file 'D:/biocbuild/bbs-3.13-data-experiment/meat/RTCGA.CNV.buildbin-libdir/00LOCK-RTCGA.CNV/00new/RTCGA.CNV/help/ACC.CNV,BLCA.CNV,BRCA.CNV,CESC.CNV,CHOL.CNV,COAD.CNV,COADREAD.CNV,DLBC.CNV,ESCA.CNV,GBM.CNV,GBMLGG.CNV,HNSC.CNV,KICH.CNV,KIPAN.CNV,KIRC.CNV,KIRP.CNV,LAML.CNV,LGG.CNV,LIHC.CNV,LUAD.CNV,LUSC.CNV,MESO.CNV,OV.CNV,PAAD.CNV,PCPG.CNV,PRAD.CNV,READ.CNV,SARC.CNV,SKCM.CNV,STAD.CNV,TGCT.CNV,THCA.CNV,THYM.CNV,UCEC.CNV,UCS.CNV,UVM.CNV.html': No such file or directory
** building package indices
** installing vignettes
** testing if installed package can be loaded from temporary location
** testing if installed package can be loaded from final location
** testing if installed package keeps a record of temporary installation path

install for x64

* installing *source* package 'RTCGA.CNV' ...
** testing if installed package can be loaded
* MD5 sums
packaged installation of 'RTCGA.CNV' as RTCGA.CNV_1.19.0.zip
* DONE (RTCGA.CNV)
* installing to library 'D:/biocbuild/bbs-3.13-bioc/R/library'
package 'RTCGA.CNV' successfully unpacked and MD5 sums checked

Tests output


Example timings