Back to Multiple platform build/check report for BioC 3.13 experimental data
ABCDEFGHIJKLMNO[P]QRSTUVWXYZ

CHECK report for PtH2O2lipids on malbec2

This page was generated on 2021-01-14 15:59:04 -0500 (Thu, 14 Jan 2021).

TO THE DEVELOPERS/MAINTAINERS OF THE PtH2O2lipids PACKAGE: Please make sure to use the following settings in order to reproduce any error or warning you see on this page.
Package 278/385HostnameOS / ArchINSTALLBUILDCHECK
PtH2O2lipids 1.17.0
James Collins
Snapshot Date: 2021-01-14 09:00:13 -0500 (Thu, 14 Jan 2021)
URL: https://git.bioconductor.org/packages/PtH2O2lipids
Branch: master
Last Commit: 4f4a24b
Last Changed Date: 2020-10-27 10:21:27 -0500 (Tue, 27 Oct 2020)
malbec2 Linux (Ubuntu 20.04.1 LTS) / x86_64  OK  OK [ WARNINGS ]UNNEEDED, same version exists in internal repository
riesling1 Windows Server 2019 Standard / x64  OK  OK  WARNINGS 

Summary

Package: PtH2O2lipids
Version: 1.17.0
Command: /home/biocbuild/bbs-3.13-bioc/R/bin/R CMD check --install=check:PtH2O2lipids.install-out.txt --library=/home/biocbuild/bbs-3.13-bioc/R/library --no-vignettes --timings PtH2O2lipids_1.17.0.tar.gz
StartedAt: 2021-01-14 12:36:47 -0500 (Thu, 14 Jan 2021)
EndedAt: 2021-01-14 12:40:54 -0500 (Thu, 14 Jan 2021)
EllapsedTime: 247.0 seconds
RetCode: 0
Status:  WARNINGS 
CheckDir: PtH2O2lipids.Rcheck
Warnings: 2

Command output

##############################################################################
##############################################################################
###
### Running command:
###
###   /home/biocbuild/bbs-3.13-bioc/R/bin/R CMD check --install=check:PtH2O2lipids.install-out.txt --library=/home/biocbuild/bbs-3.13-bioc/R/library --no-vignettes --timings PtH2O2lipids_1.17.0.tar.gz
###
##############################################################################
##############################################################################


* using log directory ‘/home/biocbuild/bbs-3.13-data-experiment/meat/PtH2O2lipids.Rcheck’
* using R Under development (unstable) (2021-01-05 r79797)
* using platform: x86_64-pc-linux-gnu (64-bit)
* using session charset: UTF-8
* using option ‘--no-vignettes’
* checking for file ‘PtH2O2lipids/DESCRIPTION’ ... OK
* this is package ‘PtH2O2lipids’ version ‘1.17.0’
* checking package namespace information ... OK
* checking package dependencies ... OK
* checking if this is a source package ... OK
* checking if there is a namespace ... OK
* checking for hidden files and directories ... NOTE
Found the following hidden files and directories:
  .git_fetch_output.txt
  .git_merge_output.txt
These were most likely included in error. See section ‘Package
structure’ in the ‘Writing R Extensions’ manual.
* checking for portable file names ... OK
* checking for sufficient/correct file permissions ... OK
* checking whether package ‘PtH2O2lipids’ can be installed ... WARNING
Found the following significant warnings:
  Warning: multiple methods tables found for ‘polarity<-’
  Warning: replacing previous import ‘xcms::polarity<-’ by ‘LOBSTAHS::polarity<-’ when loading ‘PtH2O2lipids’
See ‘/home/biocbuild/bbs-3.13-data-experiment/meat/PtH2O2lipids.Rcheck/00install.out’ for details.
* checking installed package size ... NOTE
  installed size is 15.6Mb
  sub-directories of 1Mb or more:
    data  15.5Mb
* checking package directory ... OK
* checking DESCRIPTION meta-information ... OK
* checking top-level files ... OK
* checking for left-over files ... OK
* checking index information ... OK
* checking package subdirectories ... OK
* checking R files for non-ASCII characters ... OK
* checking R files for syntax errors ... OK
* checking whether the package can be loaded ... OK
* checking whether the package can be loaded with stated dependencies ... OK
* checking whether the package can be unloaded cleanly ... OK
* checking whether the namespace can be loaded with stated dependencies ... OK
* checking whether the namespace can be unloaded cleanly ... OK
* checking dependencies in R code ... OK
* checking S3 generic/method consistency ... OK
* checking replacement functions ... OK
* checking foreign function calls ... OK
* checking R code for possible problems ... OK
* checking Rd files ... OK
* checking Rd metadata ... OK
* checking Rd cross-references ... WARNING
Missing link or links in documentation object 'PtH2O2lipids.Rd':
  ‘LOBSet-class-class’

See section 'Cross-references' in the 'Writing R Extensions' manual.
* checking for missing documentation entries ... OK
* checking for code/documentation mismatches ... OK
* checking Rd \usage sections ... OK
* checking Rd contents ... OK
* checking for unstated dependencies in examples ... OK
* checking contents of ‘data’ directory ... OK
* checking data for non-ASCII characters ... OK
* checking data for ASCII and uncompressed saves ... OK
* checking examples ... OK
* checking PDF version of manual ... OK
* DONE

Status: 2 WARNINGs, 2 NOTEs
See
  ‘/home/biocbuild/bbs-3.13-data-experiment/meat/PtH2O2lipids.Rcheck/00check.log’
for details.



Installation output

PtH2O2lipids.Rcheck/00install.out

##############################################################################
##############################################################################
###
### Running command:
###
###   /home/biocbuild/bbs-3.13-bioc/R/bin/R CMD INSTALL PtH2O2lipids
###
##############################################################################
##############################################################################


* installing to library ‘/home/biocbuild/bbs-3.13-bioc/R/library’
* installing *source* package ‘PtH2O2lipids’ ...
** using staged installation
** R
** data
** inst
** byte-compile and prepare package for lazy loading
Warning message:
multiple methods tables found for ‘polarity<-’ 
Warning: replacing previous import ‘xcms::polarity<-’ by ‘LOBSTAHS::polarity<-’ when loading ‘PtH2O2lipids’
** help
*** installing help indices
** building package indices
** testing if installed package can be loaded from temporary location
Warning: multiple methods tables found for ‘polarity<-’
Warning: replacing previous import ‘xcms::polarity<-’ by ‘LOBSTAHS::polarity<-’ when loading ‘PtH2O2lipids’
** testing if installed package can be loaded from final location
Warning: multiple methods tables found for ‘polarity<-’
Warning: replacing previous import ‘xcms::polarity<-’ by ‘LOBSTAHS::polarity<-’ when loading ‘PtH2O2lipids’
** testing if installed package keeps a record of temporary installation path
* DONE (PtH2O2lipids)

Tests output


Example timings

PtH2O2lipids.Rcheck/PtH2O2lipids-Ex.timings

nameusersystemelapsed
PtH2O2lipids0.0240.0080.032