Back to Multiple platform build/check report for BioC 3.13 experimental data
ABCDEFGHIJKLMNO[P]QRSTUVWXYZ

CHECK report for PWMEnrich.Hsapiens.background on riesling1

This page was generated on 2021-01-14 15:59:11 -0500 (Thu, 14 Jan 2021).

TO THE DEVELOPERS/MAINTAINERS OF THE PWMEnrich.Hsapiens.background PACKAGE: Please make sure to use the following settings in order to reproduce any error or warning you see on this page.
Package 281/385HostnameOS / ArchINSTALLBUILDCHECK
PWMEnrich.Hsapiens.background 4.25.0
Diego Diez
Snapshot Date: 2021-01-14 09:00:13 -0500 (Thu, 14 Jan 2021)
URL: https://git.bioconductor.org/packages/PWMEnrich.Hsapiens.background
Branch: master
Last Commit: a4f474f
Last Changed Date: 2020-10-27 10:05:45 -0500 (Tue, 27 Oct 2020)
malbec2 Linux (Ubuntu 20.04.1 LTS) / x86_64  OK  OK  WARNINGS UNNEEDED, same version exists in internal repository
riesling1 Windows Server 2019 Standard / x64  OK  OK [ WARNINGS ]

Summary

Package: PWMEnrich.Hsapiens.background
Version: 4.25.0
Command: D:\biocbuild\bbs-3.13-bioc\R\bin\R.exe CMD check --force-multiarch --install=check:PWMEnrich.Hsapiens.background.install-out.txt --library=D:\biocbuild\bbs-3.13-bioc\R\library --no-vignettes --timings PWMEnrich.Hsapiens.background_4.25.0.tar.gz
StartedAt: 2021-01-14 11:35:02 -0500 (Thu, 14 Jan 2021)
EndedAt: 2021-01-14 11:36:58 -0500 (Thu, 14 Jan 2021)
EllapsedTime: 115.4 seconds
RetCode: 0
Status:  WARNINGS  
CheckDir: PWMEnrich.Hsapiens.background.Rcheck
Warnings: 1

Command output

##############################################################################
##############################################################################
###
### Running command:
###
###   D:\biocbuild\bbs-3.13-bioc\R\bin\R.exe CMD check --force-multiarch --install=check:PWMEnrich.Hsapiens.background.install-out.txt --library=D:\biocbuild\bbs-3.13-bioc\R\library --no-vignettes --timings PWMEnrich.Hsapiens.background_4.25.0.tar.gz
###
##############################################################################
##############################################################################


* using log directory 'D:/biocbuild/bbs-3.13-data-experiment/meat/PWMEnrich.Hsapiens.background.Rcheck'
* using R Under development (unstable) (2020-12-30 r79736)
* using platform: x86_64-w64-mingw32 (64-bit)
* using session charset: ISO8859-1
* using option '--no-vignettes'
* checking for file 'PWMEnrich.Hsapiens.background/DESCRIPTION' ... OK
* checking extension type ... Package
* this is package 'PWMEnrich.Hsapiens.background' version '4.25.0'
* checking package namespace information ... OK
* checking package dependencies ... OK
* checking if this is a source package ... OK
* checking if there is a namespace ... OK
* checking for hidden files and directories ... OK
* checking for portable file names ... OK
* checking whether package 'PWMEnrich.Hsapiens.background' can be installed ... OK
* checking installed package size ... NOTE
  installed size is 15.8Mb
  sub-directories of 1Mb or more:
    data  15.8Mb
* checking package directory ... OK
* checking DESCRIPTION meta-information ... OK
* checking top-level files ... OK
* checking for left-over files ... OK
* checking index information ... OK
* checking package subdirectories ... OK
* loading checks for arch 'i386'
** checking whether the package can be loaded ... OK
** checking whether the package can be loaded with stated dependencies ... OK
** checking whether the package can be unloaded cleanly ... OK
** checking whether the namespace can be loaded with stated dependencies ... OK
** checking whether the namespace can be unloaded cleanly ... OK
* loading checks for arch 'x64'
** checking whether the package can be loaded ... OK
** checking whether the package can be loaded with stated dependencies ... OK
** checking whether the package can be unloaded cleanly ... OK
** checking whether the namespace can be loaded with stated dependencies ... OK
** checking whether the namespace can be unloaded cleanly ... OK
* checking Rd files ... OK
* checking Rd metadata ... OK
* checking Rd cross-references ... OK
* checking for missing documentation entries ... OK
* checking for code/documentation mismatches ... OK
* checking Rd \usage sections ... OK
* checking Rd contents ... OK
* checking for unstated dependencies in examples ... OK
* checking contents of 'data' directory ... OK
* checking data for non-ASCII characters ... OK
* checking data for ASCII and uncompressed saves ... WARNING
  
  Note: significantly better compression could be obtained
        by using R CMD build --resave-data
                                             old_size new_size compress
  MotifDb.Hsap.PFM.RData                        148Kb    102Kb       xz
  MotifDb.Hsap.RData                            580Kb    451Kb       xz
  PWMCutoff4.hg19.MotifDb.Hsap.RData            524Kb    407Kb       xz
  PWMCutoff5.hg19.MotifDb.Hsap.RData            524Kb    408Kb       xz
  PWMLogn.hg19.MotifDb.Hsap.RData               820Kb    645Kb       xz
  PWMPvalueCutoff1e2.hg19.MotifDb.Hsap.RData    540Kb    415Kb       xz
  PWMPvalueCutoff1e3.hg19.MotifDb.Hsap.RData    540Kb    415Kb       xz
  PWMPvalueCutoff1e4.hg19.MotifDb.Hsap.RData    540Kb    415Kb       xz
  hg19.upstream2000.RData                      11.6Mb    9.1Mb       xz
* checking examples ...
** running examples for arch 'i386' ... OK
** running examples for arch 'x64' ... OK
* checking PDF version of manual ... OK
* DONE

Status: 1 WARNING, 1 NOTE
See
  'D:/biocbuild/bbs-3.13-data-experiment/meat/PWMEnrich.Hsapiens.background.Rcheck/00check.log'
for details.



Installation output

PWMEnrich.Hsapiens.background.Rcheck/00install.out

##############################################################################
##############################################################################
###
### Running command:
###
###   C:\cygwin\bin\curl.exe -O http://172.29.0.4/BBS/3.13/data-experiment/src/contrib/PWMEnrich.Hsapiens.background_4.25.0.tar.gz && rm -rf PWMEnrich.Hsapiens.background.buildbin-libdir && mkdir PWMEnrich.Hsapiens.background.buildbin-libdir && D:\biocbuild\bbs-3.13-bioc\R\bin\R.exe CMD INSTALL --merge-multiarch --build --library=PWMEnrich.Hsapiens.background.buildbin-libdir PWMEnrich.Hsapiens.background_4.25.0.tar.gz && D:\biocbuild\bbs-3.13-bioc\R\bin\R.exe CMD INSTALL PWMEnrich.Hsapiens.background_4.25.0.zip && rm PWMEnrich.Hsapiens.background_4.25.0.tar.gz PWMEnrich.Hsapiens.background_4.25.0.zip
###
##############################################################################
##############################################################################


  % Total    % Received % Xferd  Average Speed   Time    Time     Time  Current
                                 Dload  Upload   Total   Spent    Left  Speed

  0     0    0     0    0     0      0      0 --:--:-- --:--:-- --:--:--     0
100 15.6M  100 15.6M    0     0  27.6M      0 --:--:-- --:--:-- --:--:-- 27.6M

install for i386

* installing *source* package 'PWMEnrich.Hsapiens.background' ...
** using staged installation
** data
** inst
** help
*** installing help indices
  converting help for package 'PWMEnrich.Hsapiens.background'
    finding HTML links ... done
    PWMEnrich.Hsapiens.background-package   html  
REDIRECT:topic	 PWMEnrich.Hsapiens.background-package -> PWMEnrich.Hsapiens.background-package.html [ SUCCESS ]
REDIRECT:topic	 PWMEnrich.Hsapiens.background -> PWMEnrich.Hsapiens.background-package.html [ SUCCESS ]
REDIRECT:topic	 MotifDb.Hsap.PFM -> PWMEnrich.Hsapiens.background-package.html [ SUCCESS ]
REDIRECT:topic	 MotifDb.Hsap -> PWMEnrich.Hsapiens.background-package.html [ SUCCESS ]
REDIRECT:topic	 PWMLogn.hg19.MotifDb.Hsap -> PWMEnrich.Hsapiens.background-package.html [ SUCCESS ]
REDIRECT:topic	 PWMCutoff4.hg19.MotifDb.Hsap -> PWMEnrich.Hsapiens.background-package.html [ SUCCESS ]
REDIRECT:topic	 PWMCutoff5.hg19.MotifDb.Hsap -> PWMEnrich.Hsapiens.background-package.html [ SUCCESS ]
REDIRECT:topic	 PWMGEV.hg19.MotifDb.Hsap -> PWMEnrich.Hsapiens.background-package.html [ SUCCESS ]
REDIRECT:topic	 PWMPvalueCutoff1e2.hg19.MotifDb.Hsap -> PWMEnrich.Hsapiens.background-package.html [ SUCCESS ]
REDIRECT:topic	 PWMPvalueCutoff1e3.hg19.MotifDb.Hsap -> PWMEnrich.Hsapiens.background-package.html [ SUCCESS ]
REDIRECT:topic	 PWMPvalueCutoff1e4.hg19.MotifDb.Hsap -> PWMEnrich.Hsapiens.background-package.html [ SUCCESS ]
REDIRECT:topic	 hg19.upstream2000 -> PWMEnrich.Hsapiens.background-package.html [ SUCCESS ]
    finding level-2 HTML links ... done

** building package indices
** testing if installed package can be loaded from temporary location
Warning: replacing previous import 'Biostrings::pattern' by 'grid::pattern' when loading 'PWMEnrich'
** testing if installed package can be loaded from final location
Warning: replacing previous import 'Biostrings::pattern' by 'grid::pattern' when loading 'PWMEnrich'
** testing if installed package keeps a record of temporary installation path

install for x64

* installing *source* package 'PWMEnrich.Hsapiens.background' ...
** testing if installed package can be loaded
Warning: replacing previous import 'Biostrings::pattern' by 'grid::pattern' when loading 'PWMEnrich'
* MD5 sums
packaged installation of 'PWMEnrich.Hsapiens.background' as PWMEnrich.Hsapiens.background_4.25.0.zip
* DONE (PWMEnrich.Hsapiens.background)
* installing to library 'D:/biocbuild/bbs-3.13-bioc/R/library'
package 'PWMEnrich.Hsapiens.background' successfully unpacked and MD5 sums checked

Tests output


Example timings

PWMEnrich.Hsapiens.background.Rcheck/examples_i386/PWMEnrich.Hsapiens.background-Ex.timings

nameusersystemelapsed
PWMEnrich.Hsapiens.background-package1.750.001.75

PWMEnrich.Hsapiens.background.Rcheck/examples_x64/PWMEnrich.Hsapiens.background-Ex.timings

nameusersystemelapsed
PWMEnrich.Hsapiens.background-package1.880.001.87