Back to Multiple platform build/check report for BioC 3.13 experimental data
ABCDEFGHIJKLMNO[P]QRSTUVWXYZ

CHECK report for PWMEnrich.Dmelanogaster.background on malbec2

This page was generated on 2021-01-11 15:59:24 -0500 (Mon, 11 Jan 2021).

TO THE DEVELOPERS/MAINTAINERS OF THE PWMEnrich.Dmelanogaster.background PACKAGE: Please make sure to use the following settings in order to reproduce any error or warning you see on this page.
Package 280/385HostnameOS / ArchINSTALLBUILDCHECK
PWMEnrich.Dmelanogaster.background 4.25.0
Diego Diez
Snapshot Date: 2021-01-11 09:00:09 -0500 (Mon, 11 Jan 2021)
URL: https://git.bioconductor.org/packages/PWMEnrich.Dmelanogaster.background
Branch: master
Last Commit: 364c36a
Last Changed Date: 2020-10-27 09:55:42 -0500 (Tue, 27 Oct 2020)
malbec2 Linux (Ubuntu 20.04.1 LTS) / x86_64  OK  OK [ WARNINGS ]UNNEEDED, same version exists in internal repository
riesling1 Windows Server 2019 Standard / x64  OK  OK  WARNINGS 

Summary

Package: PWMEnrich.Dmelanogaster.background
Version: 4.25.0
Command: /home/biocbuild/bbs-3.13-bioc/R/bin/R CMD check --install=check:PWMEnrich.Dmelanogaster.background.install-out.txt --library=/home/biocbuild/bbs-3.13-bioc/R/library --no-vignettes --timings PWMEnrich.Dmelanogaster.background_4.25.0.tar.gz
StartedAt: 2021-01-11 12:32:56 -0500 (Mon, 11 Jan 2021)
EndedAt: 2021-01-11 12:34:15 -0500 (Mon, 11 Jan 2021)
EllapsedTime: 79.6 seconds
RetCode: 0
Status:  WARNINGS 
CheckDir: PWMEnrich.Dmelanogaster.background.Rcheck
Warnings: 1

Command output

##############################################################################
##############################################################################
###
### Running command:
###
###   /home/biocbuild/bbs-3.13-bioc/R/bin/R CMD check --install=check:PWMEnrich.Dmelanogaster.background.install-out.txt --library=/home/biocbuild/bbs-3.13-bioc/R/library --no-vignettes --timings PWMEnrich.Dmelanogaster.background_4.25.0.tar.gz
###
##############################################################################
##############################################################################


* using log directory ‘/home/biocbuild/bbs-3.13-data-experiment/meat/PWMEnrich.Dmelanogaster.background.Rcheck’
* using R Under development (unstable) (2021-01-05 r79797)
* using platform: x86_64-pc-linux-gnu (64-bit)
* using session charset: UTF-8
* using option ‘--no-vignettes’
* checking for file ‘PWMEnrich.Dmelanogaster.background/DESCRIPTION’ ... OK
* checking extension type ... Package
* this is package ‘PWMEnrich.Dmelanogaster.background’ version ‘4.25.0’
* checking package namespace information ... OK
* checking package dependencies ... OK
* checking if this is a source package ... OK
* checking if there is a namespace ... OK
* checking for hidden files and directories ... NOTE
Found the following hidden files and directories:
  .git_fetch_output.txt
  .git_merge_output.txt
These were most likely included in error. See section ‘Package
structure’ in the ‘Writing R Extensions’ manual.
* checking for portable file names ... OK
* checking for sufficient/correct file permissions ... OK
* checking whether package ‘PWMEnrich.Dmelanogaster.background’ can be installed ... OK
* checking installed package size ... NOTE
  installed size is  7.9Mb
  sub-directories of 1Mb or more:
    data   7.8Mb
* checking package directory ... OK
* checking DESCRIPTION meta-information ... OK
* checking top-level files ... OK
* checking for left-over files ... OK
* checking index information ... OK
* checking package subdirectories ... OK
* checking whether the package can be loaded ... OK
* checking whether the package can be loaded with stated dependencies ... OK
* checking whether the package can be unloaded cleanly ... OK
* checking whether the namespace can be loaded with stated dependencies ... OK
* checking whether the namespace can be unloaded cleanly ... OK
* checking Rd files ... OK
* checking Rd metadata ... OK
* checking Rd cross-references ... OK
* checking for missing documentation entries ... OK
* checking for code/documentation mismatches ... OK
* checking Rd \usage sections ... OK
* checking Rd contents ... OK
* checking for unstated dependencies in examples ... OK
* checking contents of ‘data’ directory ... OK
* checking data for non-ASCII characters ... OK
* checking data for ASCII and uncompressed saves ... WARNING
  
  Note: significantly better compression could be obtained
        by using R CMD build --resave-data
                                            old_size new_size compress
  MotifDb.Dmel.PFM.RData                        43Kb     29Kb       xz
  MotifDb.Dmel.RData                           178Kb    123Kb       xz
  PWMCutoff4.dm3.MotifDb.Dmel.RData            173Kb    115Kb       xz
  PWMCutoff5.dm3.MotifDb.Dmel.RData            172Kb    115Kb       xz
  PWMLogn.dm3.MotifDb.Dmel.RData               199Kb    135Kb       xz
  PWMPvalueCutoff1e2.dm3.MotifDb.Dmel.RData    182Kb    119Kb       xz
  PWMPvalueCutoff1e3.dm3.MotifDb.Dmel.RData    181Kb    118Kb       xz
  PWMPvalueCutoff1e4.dm3.MotifDb.Dmel.RData    181Kb    117Kb       xz
  dm3.upstream2000.RData                       6.5Mb    5.7Mb       xz
* checking examples ... OK
* checking PDF version of manual ... OK
* DONE

Status: 1 WARNING, 2 NOTEs
See
  ‘/home/biocbuild/bbs-3.13-data-experiment/meat/PWMEnrich.Dmelanogaster.background.Rcheck/00check.log’
for details.



Installation output

PWMEnrich.Dmelanogaster.background.Rcheck/00install.out

##############################################################################
##############################################################################
###
### Running command:
###
###   /home/biocbuild/bbs-3.13-bioc/R/bin/R CMD INSTALL PWMEnrich.Dmelanogaster.background
###
##############################################################################
##############################################################################


* installing to library ‘/home/biocbuild/bbs-3.13-bioc/R/library’
* installing *source* package ‘PWMEnrich.Dmelanogaster.background’ ...
** using staged installation
** data
** inst
** help
*** installing help indices
** building package indices
** testing if installed package can be loaded from temporary location
Warning: replacing previous import ‘Biostrings::pattern’ by ‘grid::pattern’ when loading ‘PWMEnrich’
** testing if installed package can be loaded from final location
Warning: replacing previous import ‘Biostrings::pattern’ by ‘grid::pattern’ when loading ‘PWMEnrich’
** testing if installed package keeps a record of temporary installation path
* DONE (PWMEnrich.Dmelanogaster.background)

Tests output


Example timings

PWMEnrich.Dmelanogaster.background.Rcheck/PWMEnrich.Dmelanogaster.background-Ex.timings

nameusersystemelapsed
PWMEnrich.Dmelanogster.background-package1.1630.0311.194