Back to Multiple platform build/check report for BioC 3.13 experimental data
ABCDEFGHIJKLM[N]OPQRSTUVWXYZ

CHECK report for NCIgraphData on malbec2

This page was generated on 2021-01-14 15:59:04 -0500 (Thu, 14 Jan 2021).

TO THE DEVELOPERS/MAINTAINERS OF THE NCIgraphData PACKAGE: Please make sure to use the following settings in order to reproduce any error or warning you see on this page.
Package 247/385HostnameOS / ArchINSTALLBUILDCHECK
NCIgraphData 1.27.0
Laurent Jacob
Snapshot Date: 2021-01-14 09:00:13 -0500 (Thu, 14 Jan 2021)
URL: https://git.bioconductor.org/packages/NCIgraphData
Branch: master
Last Commit: a0595f2
Last Changed Date: 2020-10-27 09:53:01 -0500 (Tue, 27 Oct 2020)
malbec2 Linux (Ubuntu 20.04.1 LTS) / x86_64  OK  OK [ WARNINGS ]UNNEEDED, same version exists in internal repository
riesling1 Windows Server 2019 Standard / x64  OK  OK  WARNINGS 

Summary

Package: NCIgraphData
Version: 1.27.0
Command: /home/biocbuild/bbs-3.13-bioc/R/bin/R CMD check --install=check:NCIgraphData.install-out.txt --library=/home/biocbuild/bbs-3.13-bioc/R/library --no-vignettes --timings NCIgraphData_1.27.0.tar.gz
StartedAt: 2021-01-14 12:31:11 -0500 (Thu, 14 Jan 2021)
EndedAt: 2021-01-14 12:32:17 -0500 (Thu, 14 Jan 2021)
EllapsedTime: 66.2 seconds
RetCode: 0
Status:  WARNINGS 
CheckDir: NCIgraphData.Rcheck
Warnings: 1

Command output

##############################################################################
##############################################################################
###
### Running command:
###
###   /home/biocbuild/bbs-3.13-bioc/R/bin/R CMD check --install=check:NCIgraphData.install-out.txt --library=/home/biocbuild/bbs-3.13-bioc/R/library --no-vignettes --timings NCIgraphData_1.27.0.tar.gz
###
##############################################################################
##############################################################################


* using log directory ‘/home/biocbuild/bbs-3.13-data-experiment/meat/NCIgraphData.Rcheck’
* using R Under development (unstable) (2021-01-05 r79797)
* using platform: x86_64-pc-linux-gnu (64-bit)
* using session charset: UTF-8
* using option ‘--no-vignettes’
* checking for file ‘NCIgraphData/DESCRIPTION’ ... OK
* this is package ‘NCIgraphData’ version ‘1.27.0’
* checking package namespace information ... OK
* checking package dependencies ... OK
* checking if this is a source package ... OK
* checking if there is a namespace ... OK
* checking for hidden files and directories ... NOTE
Found the following hidden files and directories:
  .git_fetch_output.txt
  .git_merge_output.txt
These were most likely included in error. See section ‘Package
structure’ in the ‘Writing R Extensions’ manual.
* checking for portable file names ... OK
* checking for sufficient/correct file permissions ... OK
* checking whether package ‘NCIgraphData’ can be installed ... OK
* checking installed package size ... NOTE
  installed size is  5.4Mb
  sub-directories of 1Mb or more:
    data   5.4Mb
* checking package directory ... OK
* checking DESCRIPTION meta-information ... NOTE
Malformed Description field: should contain one or more complete sentences.
* checking top-level files ... OK
* checking for left-over files ... OK
* checking index information ... OK
* checking package subdirectories ... OK
* checking whether the package can be loaded ... OK
* checking whether the package can be loaded with stated dependencies ... OK
* checking whether the package can be unloaded cleanly ... OK
* checking whether the namespace can be loaded with stated dependencies ... OK
* checking whether the namespace can be unloaded cleanly ... OK
* checking Rd files ... OK
* checking Rd metadata ... OK
* checking Rd cross-references ... OK
* checking for missing documentation entries ... OK
* checking for code/documentation mismatches ... OK
* checking Rd \usage sections ... OK
* checking Rd contents ... OK
* checking for unstated dependencies in examples ... OK
* checking contents of ‘data’ directory ... OK
* checking data for non-ASCII characters ... OK
* checking data for ASCII and uncompressed saves ... WARNING
  
  Note: significantly better compression could be obtained
        by using R CMD build --resave-data
                        old_size new_size compress
  NCI-cyList.RData         4.3Mb    2.0Mb       xz
  reactome-cyList.RData    1.1Mb    558Kb       xz
* checking examples ... OK
* checking PDF version of manual ... OK
* DONE

Status: 1 WARNING, 3 NOTEs
See
  ‘/home/biocbuild/bbs-3.13-data-experiment/meat/NCIgraphData.Rcheck/00check.log’
for details.



Installation output

NCIgraphData.Rcheck/00install.out

##############################################################################
##############################################################################
###
### Running command:
###
###   /home/biocbuild/bbs-3.13-bioc/R/bin/R CMD INSTALL NCIgraphData
###
##############################################################################
##############################################################################


* installing to library ‘/home/biocbuild/bbs-3.13-bioc/R/library’
* installing *source* package ‘NCIgraphData’ ...
** using staged installation
** data
*** moving datasets to lazyload DB
** help
*** installing help indices
** building package indices
** testing if installed package can be loaded from temporary location
** testing if installed package can be loaded from final location
** testing if installed package keeps a record of temporary installation path
* DONE (NCIgraphData)

Tests output


Example timings

NCIgraphData.Rcheck/NCIgraphData-Ex.timings

nameusersystemelapsed
NCI.cyList1.8780.1372.449
reactome.cyList0.3840.0120.396