Back to Multiple platform build/check report for BioC 3.13 experimental data
ABCDEFGHIJKL[M]NOPQRSTUVWXYZ

CHECK report for M3DExampleData on riesling1

This page was generated on 2021-01-14 15:59:08 -0500 (Thu, 14 Jan 2021).

TO THE DEVELOPERS/MAINTAINERS OF THE M3DExampleData PACKAGE: Please make sure to use the following settings in order to reproduce any error or warning you see on this page.
Package 204/385HostnameOS / ArchINSTALLBUILDCHECK
M3DExampleData 1.17.0
Tallulah Andrews
Snapshot Date: 2021-01-14 09:00:13 -0500 (Thu, 14 Jan 2021)
URL: https://git.bioconductor.org/packages/M3DExampleData
Branch: master
Last Commit: 4b93228
Last Changed Date: 2020-10-27 10:21:41 -0500 (Tue, 27 Oct 2020)
malbec2 Linux (Ubuntu 20.04.1 LTS) / x86_64  OK  OK  WARNINGS UNNEEDED, same version exists in internal repository
riesling1 Windows Server 2019 Standard / x64  OK  OK [ WARNINGS ]

Summary

Package: M3DExampleData
Version: 1.17.0
Command: D:\biocbuild\bbs-3.13-bioc\R\bin\R.exe CMD check --force-multiarch --install=check:M3DExampleData.install-out.txt --library=D:\biocbuild\bbs-3.13-bioc\R\library --no-vignettes --timings M3DExampleData_1.17.0.tar.gz
StartedAt: 2021-01-14 11:26:17 -0500 (Thu, 14 Jan 2021)
EndedAt: 2021-01-14 11:26:36 -0500 (Thu, 14 Jan 2021)
EllapsedTime: 19.1 seconds
RetCode: 0
Status:  WARNINGS  
CheckDir: M3DExampleData.Rcheck
Warnings: 1

Command output

##############################################################################
##############################################################################
###
### Running command:
###
###   D:\biocbuild\bbs-3.13-bioc\R\bin\R.exe CMD check --force-multiarch --install=check:M3DExampleData.install-out.txt --library=D:\biocbuild\bbs-3.13-bioc\R\library --no-vignettes --timings M3DExampleData_1.17.0.tar.gz
###
##############################################################################
##############################################################################


* using log directory 'D:/biocbuild/bbs-3.13-data-experiment/meat/M3DExampleData.Rcheck'
* using R Under development (unstable) (2020-12-30 r79736)
* using platform: x86_64-w64-mingw32 (64-bit)
* using session charset: ISO8859-1
* using option '--no-vignettes'
* checking for file 'M3DExampleData/DESCRIPTION' ... OK
* this is package 'M3DExampleData' version '1.17.0'
* checking package namespace information ... OK
* checking package dependencies ... OK
* checking if this is a source package ... OK
* checking if there is a namespace ... OK
* checking for hidden files and directories ... OK
* checking for portable file names ... OK
* checking whether package 'M3DExampleData' can be installed ... OK
* checking installed package size ... OK
* checking package directory ... OK
* checking DESCRIPTION meta-information ... OK
* checking top-level files ... OK
* checking for left-over files ... OK
* checking index information ... OK
* checking package subdirectories ... OK
* loading checks for arch 'i386'
** checking whether the package can be loaded ... OK
** checking whether the package can be loaded with stated dependencies ... OK
** checking whether the package can be unloaded cleanly ... OK
** checking whether the namespace can be loaded with stated dependencies ... OK
** checking whether the namespace can be unloaded cleanly ... OK
* loading checks for arch 'x64'
** checking whether the package can be loaded ... OK
** checking whether the package can be loaded with stated dependencies ... OK
** checking whether the package can be unloaded cleanly ... OK
** checking whether the namespace can be loaded with stated dependencies ... OK
** checking whether the namespace can be unloaded cleanly ... OK
* checking Rd files ... OK
* checking Rd metadata ... OK
* checking Rd cross-references ... OK
* checking for missing documentation entries ... OK
* checking for code/documentation mismatches ... OK
* checking Rd \usage sections ... OK
* checking Rd contents ... OK
* checking for unstated dependencies in examples ... OK
* checking contents of 'data' directory ... OK
* checking data for non-ASCII characters ... OK
* checking data for ASCII and uncompressed saves ... OK
* checking files in 'vignettes' ... WARNING
Files in the 'vignettes' directory but no files in 'inst/doc':
  'M3DExampleData.Rmd'
Package has no Sweave vignette sources and no VignetteBuilder field.
* checking examples ... NONE
* checking PDF version of manual ... OK
* DONE

Status: 1 WARNING
See
  'D:/biocbuild/bbs-3.13-data-experiment/meat/M3DExampleData.Rcheck/00check.log'
for details.



Installation output

M3DExampleData.Rcheck/00install.out

##############################################################################
##############################################################################
###
### Running command:
###
###   C:\cygwin\bin\curl.exe -O http://172.29.0.4/BBS/3.13/data-experiment/src/contrib/M3DExampleData_1.17.0.tar.gz && rm -rf M3DExampleData.buildbin-libdir && mkdir M3DExampleData.buildbin-libdir && D:\biocbuild\bbs-3.13-bioc\R\bin\R.exe CMD INSTALL --merge-multiarch --build --library=M3DExampleData.buildbin-libdir M3DExampleData_1.17.0.tar.gz && D:\biocbuild\bbs-3.13-bioc\R\bin\R.exe CMD INSTALL M3DExampleData_1.17.0.zip && rm M3DExampleData_1.17.0.tar.gz M3DExampleData_1.17.0.zip
###
##############################################################################
##############################################################################


  % Total    % Received % Xferd  Average Speed   Time    Time     Time  Current
                                 Dload  Upload   Total   Spent    Left  Speed

  0     0    0     0    0     0      0      0 --:--:-- --:--:-- --:--:--     0
 12 2098k   12  267k    0     0   315k      0  0:00:06 --:--:--  0:00:06  315k
 63 2098k   63 1341k    0     0   708k      0  0:00:02  0:00:01  0:00:01  708k
100 2098k  100 2098k    0     0   915k      0  0:00:02  0:00:02 --:--:--  915k

install for i386

* installing *source* package 'M3DExampleData' ...
** using staged installation
** data
*** moving datasets to lazyload DB
** help
*** installing help indices
  converting help for package 'M3DExampleData'
    finding HTML links ... done
    Deng_subset_example_data                html  
REDIRECT:topic	 Mmus_example_list -> Deng_subset_example_data.html [ SUCCESS ]
REDIRECT:file	 Deng_subset_example_data.html -> Deng_subset_example_data.html [ SUCCESS ]
** building package indices
** installing vignettes
** testing if installed package can be loaded from temporary location
** testing if installed package can be loaded from final location
** testing if installed package keeps a record of temporary installation path

install for x64

* installing *source* package 'M3DExampleData' ...
** testing if installed package can be loaded
* MD5 sums
packaged installation of 'M3DExampleData' as M3DExampleData_1.17.0.zip
* DONE (M3DExampleData)
* installing to library 'D:/biocbuild/bbs-3.13-bioc/R/library'
package 'M3DExampleData' successfully unpacked and MD5 sums checked

Tests output


Example timings