Back to Multiple platform build/check report for BioC 3.13 experimental data
ABCDE[F]GHIJKLMNOPQRSTUVWXYZ

CHECK report for FlowSorted.CordBlood.450k on riesling1

This page was generated on 2021-01-14 15:59:07 -0500 (Thu, 14 Jan 2021).

TO THE DEVELOPERS/MAINTAINERS OF THE FlowSorted.CordBlood.450k PACKAGE: Please make sure to use the following settings in order to reproduce any error or warning you see on this page.
Package 128/385HostnameOS / ArchINSTALLBUILDCHECK
FlowSorted.CordBlood.450k 1.19.0
Shan V. Andrews
Snapshot Date: 2021-01-14 09:00:13 -0500 (Thu, 14 Jan 2021)
URL: https://git.bioconductor.org/packages/FlowSorted.CordBlood.450k
Branch: master
Last Commit: b7e7f56
Last Changed Date: 2020-10-27 10:17:56 -0500 (Tue, 27 Oct 2020)
malbec2 Linux (Ubuntu 20.04.1 LTS) / x86_64  OK  OK  OK UNNEEDED, same version exists in internal repository
riesling1 Windows Server 2019 Standard / x64  ERROR  OK [ ERROR ]

Summary

Package: FlowSorted.CordBlood.450k
Version: 1.19.0
Command: D:\biocbuild\bbs-3.13-bioc\R\bin\R.exe CMD check --force-multiarch --install=check:FlowSorted.CordBlood.450k.install-out.txt --library=D:\biocbuild\bbs-3.13-bioc\R\library --no-vignettes --timings FlowSorted.CordBlood.450k_1.19.0.tar.gz
StartedAt: 2021-01-14 11:18:18 -0500 (Thu, 14 Jan 2021)
EndedAt: 2021-01-14 11:18:29 -0500 (Thu, 14 Jan 2021)
EllapsedTime: 10.7 seconds
RetCode: 1
Status:  ERROR  
CheckDir: FlowSorted.CordBlood.450k.Rcheck
Warnings: NA

Command output

##############################################################################
##############################################################################
###
### Running command:
###
###   D:\biocbuild\bbs-3.13-bioc\R\bin\R.exe CMD check --force-multiarch --install=check:FlowSorted.CordBlood.450k.install-out.txt --library=D:\biocbuild\bbs-3.13-bioc\R\library --no-vignettes --timings FlowSorted.CordBlood.450k_1.19.0.tar.gz
###
##############################################################################
##############################################################################


* using log directory 'D:/biocbuild/bbs-3.13-data-experiment/meat/FlowSorted.CordBlood.450k.Rcheck'
* using R Under development (unstable) (2020-12-30 r79736)
* using platform: x86_64-w64-mingw32 (64-bit)
* using session charset: ISO8859-1
* using option '--no-vignettes'
* checking for file 'FlowSorted.CordBlood.450k/DESCRIPTION' ... OK
* checking extension type ... Package
* this is package 'FlowSorted.CordBlood.450k' version '1.19.0'
* checking package namespace information ... OK
* checking package dependencies ... OK
* checking if this is a source package ... OK
* checking if there is a namespace ... OK
* checking for hidden files and directories ... OK
* checking for portable file names ... OK
* checking whether package 'FlowSorted.CordBlood.450k' can be installed ... ERROR
Installation failed.
See 'D:/biocbuild/bbs-3.13-data-experiment/meat/FlowSorted.CordBlood.450k.Rcheck/00install.out' for details.
* DONE

Status: 1 ERROR
See
  'D:/biocbuild/bbs-3.13-data-experiment/meat/FlowSorted.CordBlood.450k.Rcheck/00check.log'
for details.


Installation output

FlowSorted.CordBlood.450k.Rcheck/00install.out

##############################################################################
##############################################################################
###
### Running command:
###
###   C:\cygwin\bin\curl.exe -O http://172.29.0.4/BBS/3.13/data-experiment/src/contrib/FlowSorted.CordBlood.450k_1.19.0.tar.gz && rm -rf FlowSorted.CordBlood.450k.buildbin-libdir && mkdir FlowSorted.CordBlood.450k.buildbin-libdir && D:\biocbuild\bbs-3.13-bioc\R\bin\R.exe CMD INSTALL --merge-multiarch --build --library=FlowSorted.CordBlood.450k.buildbin-libdir FlowSorted.CordBlood.450k_1.19.0.tar.gz && D:\biocbuild\bbs-3.13-bioc\R\bin\R.exe CMD INSTALL FlowSorted.CordBlood.450k_1.19.0.zip && rm FlowSorted.CordBlood.450k_1.19.0.tar.gz FlowSorted.CordBlood.450k_1.19.0.zip
###
##############################################################################
##############################################################################


  % Total    % Received % Xferd  Average Speed   Time    Time     Time  Current
                                 Dload  Upload   Total   Spent    Left  Speed

  0     0    0     0    0     0      0      0 --:--:-- --:--:-- --:--:--     0
  8  259M    8 21.1M    0     0   101M      0  0:00:02 --:--:--  0:00:02  101M
 51  259M   51  134M    0     0   111M      0  0:00:02  0:00:01  0:00:01  111M
 88  259M   88  228M    0     0   103M      0  0:00:02  0:00:02 --:--:--  103M
100  259M  100  259M    0     0  92.9M      0  0:00:02  0:00:02 --:--:-- 92.9M

install for i386

* installing *source* package 'FlowSorted.CordBlood.450k' ...
** using staged installation
** data
*** moving datasets to lazyload DB
Error in lazyLoadDBinsertValue(data, datafile, ascii, compress, envhook) : 
  cannot allocate buffer
ERROR: lazydata failed for package 'FlowSorted.CordBlood.450k'
* removing 'D:/biocbuild/bbs-3.13-data-experiment/meat/FlowSorted.CordBlood.450k.buildbin-libdir/FlowSorted.CordBlood.450k'

Tests output


Example timings