Back to Multiple platform build/check report for BioC 3.13 experimental data
ABCDE[F]GHIJKLMNOPQRSTUVWXYZ

CHECK report for FlowSorted.Blood.EPIC on riesling1

This page was generated on 2021-01-14 15:59:07 -0500 (Thu, 14 Jan 2021).

TO THE DEVELOPERS/MAINTAINERS OF THE FlowSorted.Blood.EPIC PACKAGE: Please make sure to use the following settings in order to reproduce any error or warning you see on this page.
Package 127/385HostnameOS / ArchINSTALLBUILDCHECK
FlowSorted.Blood.EPIC 1.9.0
Lucas A. Salas
Snapshot Date: 2021-01-14 09:00:13 -0500 (Thu, 14 Jan 2021)
URL: https://git.bioconductor.org/packages/FlowSorted.Blood.EPIC
Branch: master
Last Commit: ca58771
Last Changed Date: 2020-10-27 10:26:55 -0500 (Tue, 27 Oct 2020)
malbec2 Linux (Ubuntu 20.04.1 LTS) / x86_64  OK  OK  OK UNNEEDED, same version exists in internal repository
riesling1 Windows Server 2019 Standard / x64  OK  OK [ ERROR ]

Summary

Package: FlowSorted.Blood.EPIC
Version: 1.9.0
Command: D:\biocbuild\bbs-3.13-bioc\R\bin\R.exe CMD check --force-multiarch --install=check:FlowSorted.Blood.EPIC.install-out.txt --library=D:\biocbuild\bbs-3.13-bioc\R\library --no-vignettes --timings FlowSorted.Blood.EPIC_1.9.0.tar.gz
StartedAt: 2021-01-14 11:18:14 -0500 (Thu, 14 Jan 2021)
EndedAt: 2021-01-14 11:18:19 -0500 (Thu, 14 Jan 2021)
EllapsedTime: 4.3 seconds
RetCode: 1
Status:  ERROR  
CheckDir: FlowSorted.Blood.EPIC.Rcheck
Warnings: NA

Command output

##############################################################################
##############################################################################
###
### Running command:
###
###   D:\biocbuild\bbs-3.13-bioc\R\bin\R.exe CMD check --force-multiarch --install=check:FlowSorted.Blood.EPIC.install-out.txt --library=D:\biocbuild\bbs-3.13-bioc\R\library --no-vignettes --timings FlowSorted.Blood.EPIC_1.9.0.tar.gz
###
##############################################################################
##############################################################################


* using log directory 'D:/biocbuild/bbs-3.13-data-experiment/meat/FlowSorted.Blood.EPIC.Rcheck'
* using R Under development (unstable) (2020-12-30 r79736)
* using platform: x86_64-w64-mingw32 (64-bit)
* using session charset: ISO8859-1
* using option '--no-vignettes'
* checking for file 'FlowSorted.Blood.EPIC/DESCRIPTION' ... OK
* checking extension type ... Package
* this is package 'FlowSorted.Blood.EPIC' version '1.9.0'
* checking package namespace information ... OK
* checking package dependencies ... ERROR
Package suggested but not available: 'FlowSorted.CordBlood.450k'

Depends: includes the non-default packages:
  'minfi', 'SummarizedExperiment', 'genefilter', 'quadprog', 'nlme',
  'S4Vectors', 'IlluminaHumanMethylationEPICanno.ilm10b4.hg19',
  'ExperimentHub'
Adding so many packages to the search path is excessive and importing
selectively is preferable.

The suggested packages are required for a complete check.
Checking can be attempted without them by setting the environment
variable _R_CHECK_FORCE_SUGGESTS_ to a false value.

See section 'The DESCRIPTION file' in the 'Writing R Extensions'
manual.
* DONE

Status: 1 ERROR
See
  'D:/biocbuild/bbs-3.13-data-experiment/meat/FlowSorted.Blood.EPIC.Rcheck/00check.log'
for details.


Installation output


Tests output


Example timings