This page was generated on 2021-01-14 15:59:07 -0500 (Thu, 14 Jan 2021).
CCl4 1.29.0 Audrey Kauffmann
Snapshot Date: 2021-01-14 09:00:13 -0500 (Thu, 14 Jan 2021) |
URL: https://git.bioconductor.org/packages/CCl4 |
Branch: master |
Last Commit: d5d52d2 |
Last Changed Date: 2020-10-27 09:47:36 -0500 (Tue, 27 Oct 2020) |
| malbec2 | Linux (Ubuntu 20.04.1 LTS) / x86_64 | OK | OK | WARNINGS |  |
riesling1 | Windows Server 2019 Standard / x64 | OK | OK | [ WARNINGS ] | |
##############################################################################
##############################################################################
###
### Running command:
###
### D:\biocbuild\bbs-3.13-bioc\R\bin\R.exe CMD check --force-multiarch --install=check:CCl4.install-out.txt --library=D:\biocbuild\bbs-3.13-bioc\R\library --no-vignettes --timings CCl4_1.29.0.tar.gz
###
##############################################################################
##############################################################################
* using log directory 'D:/biocbuild/bbs-3.13-data-experiment/meat/CCl4.Rcheck'
* using R Under development (unstable) (2020-12-30 r79736)
* using platform: x86_64-w64-mingw32 (64-bit)
* using session charset: ISO8859-1
* using option '--no-vignettes'
* checking for file 'CCl4/DESCRIPTION' ... OK
* this is package 'CCl4' version '1.29.0'
* checking package namespace information ... OK
* checking package dependencies ... OK
* checking if this is a source package ... OK
* checking if there is a namespace ... OK
* checking for hidden files and directories ... OK
* checking for portable file names ... OK
* checking whether package 'CCl4' can be installed ... OK
* checking installed package size ... NOTE
installed size is 304.2Mb
sub-directories of 1Mb or more:
data 12.0Mb
extdata 292.2Mb
* checking package directory ... OK
* checking 'build' directory ... OK
* checking DESCRIPTION meta-information ... OK
* checking top-level files ... OK
* checking for left-over files ... OK
* checking index information ... OK
* checking package subdirectories ... OK
* loading checks for arch 'i386'
** checking whether the package can be loaded ... OK
** checking whether the package can be loaded with stated dependencies ... OK
** checking whether the package can be unloaded cleanly ... OK
** checking whether the namespace can be loaded with stated dependencies ... OK
** checking whether the namespace can be unloaded cleanly ... OK
* loading checks for arch 'x64'
** checking whether the package can be loaded ... OK
** checking whether the package can be loaded with stated dependencies ... OK
** checking whether the package can be unloaded cleanly ... OK
** checking whether the namespace can be loaded with stated dependencies ... OK
** checking whether the namespace can be unloaded cleanly ... OK
* checking Rd files ... OK
* checking Rd metadata ... OK
* checking Rd cross-references ... OK
* checking for missing documentation entries ... OK
* checking for code/documentation mismatches ... OK
* checking Rd \usage sections ... OK
* checking Rd contents ... OK
* checking for unstated dependencies in examples ... OK
* checking contents of 'data' directory ... OK
* checking data for non-ASCII characters ... OK
* checking data for ASCII and uncompressed saves ... WARNING
Note: significantly better compression could be obtained
by using R CMD build --resave-data
old_size new_size compress
CCl4.RData 9.1Mb 2.1Mb xz
CCl4_RGList.RData 2.9Mb 2.0Mb xz
* checking files in 'vignettes' ... OK
* checking examples ...
** running examples for arch 'i386' ... OK
** running examples for arch 'x64' ... OK
* checking for unstated dependencies in 'tests' ... OK
* checking tests ...
** running tests for arch 'i386' ...
Running 'validDataFiles.R'
Comparing 'validDataFiles.Rout' to 'validDataFiles.Rout.save' ...5,25d4
< Attaching package: 'BiocGenerics'
<
< The following objects are masked from 'package:parallel':
<
< clusterApply, clusterApplyLB, clusterCall, clusterEvalQ,
< clusterExport, clusterMap, parApply, parCapply, parLapply,
< parLapplyLB, parRapply, parSapply, parSapplyLB
<
< The following objects are masked from 'package:stats':
<
< IQR, mad, sd, var, xtabs
<
< The following objects are masked from 'package:base':
<
< Filter, Find, Map, Position, Reduce, anyDuplicated, append,
< as.data.frame, basename, cbind, colnames, dirname, do.call,
< duplicated, eval, evalq, get, grep, grepl, intersect, is.unsorted,
< lapply, mapply, match, mget, order, paste, pmax, pmax.int, pmin,
< pmin.int, rank, rbind, rownames, sapply, setdiff, sort, table,
< tapply, union, unique, unsplit, which.max, which.min
<
28,37c7,9
< Vignettes contain introductory material; view with
< 'browseVignettes()'. To cite Bioconductor, see
< 'citation("Biobase")', and for packages 'citation("pkgname")'.
<
<
< Attaching package: 'limma'
<
< The following object is masked from 'package:BiocGenerics':
<
< plotMA
---
> Vignettes contain introductory material. To view, type
> 'openVignette()'. To cite Bioconductor, see
> 'citation("Biobase")' and for packages 'citation(pkgname)'.
OK
** running tests for arch 'x64' ...
Running 'validDataFiles.R'
Comparing 'validDataFiles.Rout' to 'validDataFiles.Rout.save' ...5,25d4
< Attaching package: 'BiocGenerics'
<
< The following objects are masked from 'package:parallel':
<
< clusterApply, clusterApplyLB, clusterCall, clusterEvalQ,
< clusterExport, clusterMap, parApply, parCapply, parLapply,
< parLapplyLB, parRapply, parSapply, parSapplyLB
<
< The following objects are masked from 'package:stats':
<
< IQR, mad, sd, var, xtabs
<
< The following objects are masked from 'package:base':
<
< Filter, Find, Map, Position, Reduce, anyDuplicated, append,
< as.data.frame, basename, cbind, colnames, dirname, do.call,
< duplicated, eval, evalq, get, grep, grepl, intersect, is.unsorted,
< lapply, mapply, match, mget, order, paste, pmax, pmax.int, pmin,
< pmin.int, rank, rbind, rownames, sapply, setdiff, sort, table,
< tapply, union, unique, unsplit, which.max, which.min
<
28,37c7,9
< Vignettes contain introductory material; view with
< 'browseVignettes()'. To cite Bioconductor, see
< 'citation("Biobase")', and for packages 'citation("pkgname")'.
<
<
< Attaching package: 'limma'
<
< The following object is masked from 'package:BiocGenerics':
<
< plotMA
---
> Vignettes contain introductory material. To view, type
> 'openVignette()'. To cite Bioconductor, see
> 'citation("Biobase")' and for packages 'citation(pkgname)'.
OK
* checking for unstated dependencies in vignettes ... OK
* checking package vignettes in 'inst/doc' ... OK
* checking running R code from vignettes ... SKIPPED
* checking re-building of vignette outputs ... SKIPPED
* checking PDF version of manual ... OK
* DONE
Status: 1 WARNING, 1 NOTE
See
'D:/biocbuild/bbs-3.13-data-experiment/meat/CCl4.Rcheck/00check.log'
for details.
CCl4.Rcheck/tests_i386/validDataFiles.Rout.save
|
CCl4.Rcheck/tests_x64/validDataFiles.Rout.save
|
CCl4.Rcheck/tests_i386/validDataFiles.Rout
R Under development (unstable) (2020-12-30 r79736) -- "Unsuffered Consequences"
Copyright (C) 2020 The R Foundation for Statistical Computing
Platform: i386-w64-mingw32/i386 (32-bit)
R is free software and comes with ABSOLUTELY NO WARRANTY.
You are welcome to redistribute it under certain conditions.
Type 'license()' or 'licence()' for distribution details.
R is a collaborative project with many contributors.
Type 'contributors()' for more information and
'citation()' on how to cite R or R packages in publications.
Type 'demo()' for some demos, 'help()' for on-line help, or
'help.start()' for an HTML browser interface to help.
Type 'q()' to quit R.
> library("CCl4")
Loading required package: Biobase
Loading required package: BiocGenerics
Loading required package: parallel
Attaching package: 'BiocGenerics'
The following objects are masked from 'package:parallel':
clusterApply, clusterApplyLB, clusterCall, clusterEvalQ,
clusterExport, clusterMap, parApply, parCapply, parLapply,
parLapplyLB, parRapply, parSapply, parSapplyLB
The following objects are masked from 'package:stats':
IQR, mad, sd, var, xtabs
The following objects are masked from 'package:base':
Filter, Find, Map, Position, Reduce, anyDuplicated, append,
as.data.frame, basename, cbind, colnames, dirname, do.call,
duplicated, eval, evalq, get, grep, grepl, intersect, is.unsorted,
lapply, mapply, match, mget, order, paste, pmax, pmax.int, pmin,
pmin.int, rank, rbind, rownames, sapply, setdiff, sort, table,
tapply, union, unique, unsplit, which.max, which.min
Welcome to Bioconductor
Vignettes contain introductory material; view with
'browseVignettes()'. To cite Bioconductor, see
'citation("Biobase")', and for packages 'citation("pkgname")'.
Loading required package: limma
Attaching package: 'limma'
The following object is masked from 'package:BiocGenerics':
plotMA
> dataPath = system.file("extdata", package="CCl4")
> if(setequal(dir(dataPath),
+ c("251316214319_auto_479-628.gpr", "251316214320_auto_478-629.gpr",
+ "251316214321_auto_410-592.gpr", "251316214329_auto_429-673.gpr",
+ "251316214330_auto_457-658.gpr", "251316214331_auto_431-588.gpr",
+ "251316214332_auto_492-625.gpr", "251316214333_auto_487-712.gpr",
+ "251316214379_auto_443-617.gpr", "251316214380_auto_493-682.gpr",
+ "251316214381_auto_497-602.gpr", "251316214382_auto_481-674.gpr",
+ "251316214384_auto_450-642.gpr", "251316214389_auto_456-694.gpr",
+ "251316214390_auto_456-718.gpr", "251316214391_auto_475-599.gpr",
+ "251316214393_auto_460-575.gpr", "251316214394_auto_463-521.gpr",
+ "samplesInfo.txt", "013162_D_SequenceList_20060815.txt"))) {
+ cat("Fine.\n")
+ } else {
+ cat(sprintf("Contents of %s differs from expectation.\n", dataPath))
+ }
Fine.
>
> proc.time()
user system elapsed
0.57 0.04 0.57
|
|
|
CCl4.Rcheck/tests_x64/validDataFiles.Rout
R Under development (unstable) (2020-12-30 r79736) -- "Unsuffered Consequences"
Copyright (C) 2020 The R Foundation for Statistical Computing
Platform: x86_64-w64-mingw32/x64 (64-bit)
R is free software and comes with ABSOLUTELY NO WARRANTY.
You are welcome to redistribute it under certain conditions.
Type 'license()' or 'licence()' for distribution details.
R is a collaborative project with many contributors.
Type 'contributors()' for more information and
'citation()' on how to cite R or R packages in publications.
Type 'demo()' for some demos, 'help()' for on-line help, or
'help.start()' for an HTML browser interface to help.
Type 'q()' to quit R.
> library("CCl4")
Loading required package: Biobase
Loading required package: BiocGenerics
Loading required package: parallel
Attaching package: 'BiocGenerics'
The following objects are masked from 'package:parallel':
clusterApply, clusterApplyLB, clusterCall, clusterEvalQ,
clusterExport, clusterMap, parApply, parCapply, parLapply,
parLapplyLB, parRapply, parSapply, parSapplyLB
The following objects are masked from 'package:stats':
IQR, mad, sd, var, xtabs
The following objects are masked from 'package:base':
Filter, Find, Map, Position, Reduce, anyDuplicated, append,
as.data.frame, basename, cbind, colnames, dirname, do.call,
duplicated, eval, evalq, get, grep, grepl, intersect, is.unsorted,
lapply, mapply, match, mget, order, paste, pmax, pmax.int, pmin,
pmin.int, rank, rbind, rownames, sapply, setdiff, sort, table,
tapply, union, unique, unsplit, which.max, which.min
Welcome to Bioconductor
Vignettes contain introductory material; view with
'browseVignettes()'. To cite Bioconductor, see
'citation("Biobase")', and for packages 'citation("pkgname")'.
Loading required package: limma
Attaching package: 'limma'
The following object is masked from 'package:BiocGenerics':
plotMA
> dataPath = system.file("extdata", package="CCl4")
> if(setequal(dir(dataPath),
+ c("251316214319_auto_479-628.gpr", "251316214320_auto_478-629.gpr",
+ "251316214321_auto_410-592.gpr", "251316214329_auto_429-673.gpr",
+ "251316214330_auto_457-658.gpr", "251316214331_auto_431-588.gpr",
+ "251316214332_auto_492-625.gpr", "251316214333_auto_487-712.gpr",
+ "251316214379_auto_443-617.gpr", "251316214380_auto_493-682.gpr",
+ "251316214381_auto_497-602.gpr", "251316214382_auto_481-674.gpr",
+ "251316214384_auto_450-642.gpr", "251316214389_auto_456-694.gpr",
+ "251316214390_auto_456-718.gpr", "251316214391_auto_475-599.gpr",
+ "251316214393_auto_460-575.gpr", "251316214394_auto_463-521.gpr",
+ "samplesInfo.txt", "013162_D_SequenceList_20060815.txt"))) {
+ cat("Fine.\n")
+ } else {
+ cat(sprintf("Contents of %s differs from expectation.\n", dataPath))
+ }
Fine.
>
> proc.time()
user system elapsed
0.51 0.07 0.57
|