Back to Multiple platform build/check report for BioC 3.13 experimental data |
|
This page was generated on 2021-01-21 16:01:24 -0500 (Thu, 21 Jan 2021).
TO THE DEVELOPERS/MAINTAINERS OF THE AmpAffyExample PACKAGE: Please make sure to use the following settings in order to reproduce any error or warning you see on this page. |
Package 14/386 | Hostname | OS / Arch | INSTALL | BUILD | CHECK | ||||||
AmpAffyExample 1.31.0 Rafael A. Irizarry
| malbec2 | Linux (Ubuntu 20.04.1 LTS) / x86_64 | OK | OK | WARNINGS | ![]() | |||||
riesling1 | Windows Server 2019 Standard / x64 | OK | OK | [ WARNINGS ] |
Package: AmpAffyExample |
Version: 1.31.0 |
Command: D:\biocbuild\bbs-3.13-bioc\R\bin\R.exe CMD check --force-multiarch --install=check:AmpAffyExample.install-out.txt --library=D:\biocbuild\bbs-3.13-bioc\R\library --no-vignettes --timings AmpAffyExample_1.31.0.tar.gz |
StartedAt: 2021-01-21 11:11:23 -0500 (Thu, 21 Jan 2021) |
EndedAt: 2021-01-21 11:12:19 -0500 (Thu, 21 Jan 2021) |
EllapsedTime: 55.8 seconds |
RetCode: 0 |
Status: WARNINGS |
CheckDir: AmpAffyExample.Rcheck |
Warnings: 1 |
############################################################################## ############################################################################## ### ### Running command: ### ### D:\biocbuild\bbs-3.13-bioc\R\bin\R.exe CMD check --force-multiarch --install=check:AmpAffyExample.install-out.txt --library=D:\biocbuild\bbs-3.13-bioc\R\library --no-vignettes --timings AmpAffyExample_1.31.0.tar.gz ### ############################################################################## ############################################################################## * using log directory 'D:/biocbuild/bbs-3.13-data-experiment/meat/AmpAffyExample.Rcheck' * using R Under development (unstable) (2020-12-30 r79736) * using platform: x86_64-w64-mingw32 (64-bit) * using session charset: ISO8859-1 * using option '--no-vignettes' * checking for file 'AmpAffyExample/DESCRIPTION' ... OK * this is package 'AmpAffyExample' version '1.31.0' * checking package namespace information ... OK * checking package dependencies ... OK * checking if this is a source package ... OK * checking if there is a namespace ... OK * checking for hidden files and directories ... OK * checking for portable file names ... OK * checking whether package 'AmpAffyExample' can be installed ... OK * checking installed package size ... NOTE installed size is 7.8Mb sub-directories of 1Mb or more: data 7.8Mb * checking package directory ... OK * checking DESCRIPTION meta-information ... OK * checking top-level files ... OK * checking for left-over files ... OK * checking index information ... OK * checking package subdirectories ... OK * loading checks for arch 'i386' ** checking whether the package can be loaded ... OK ** checking whether the package can be loaded with stated dependencies ... OK ** checking whether the package can be unloaded cleanly ... OK ** checking whether the namespace can be loaded with stated dependencies ... OK ** checking whether the namespace can be unloaded cleanly ... OK * loading checks for arch 'x64' ** checking whether the package can be loaded ... OK ** checking whether the package can be loaded with stated dependencies ... OK ** checking whether the package can be unloaded cleanly ... OK ** checking whether the namespace can be loaded with stated dependencies ... OK ** checking whether the namespace can be unloaded cleanly ... OK * checking Rd files ... OK * checking Rd metadata ... OK * checking Rd cross-references ... OK * checking for missing documentation entries ... OK * checking for code/documentation mismatches ... OK * checking Rd \usage sections ... OK * checking Rd contents ... OK * checking for unstated dependencies in examples ... OK * checking contents of 'data' directory ... OK * checking data for non-ASCII characters ... OK * checking data for ASCII and uncompressed saves ... WARNING Note: significantly better compression could be obtained by using R CMD build --resave-data old_size new_size compress AmpData.rda 7.8Mb 4.8Mb xz * checking examples ... NONE * checking PDF version of manual ... OK * DONE Status: 1 WARNING, 1 NOTE See 'D:/biocbuild/bbs-3.13-data-experiment/meat/AmpAffyExample.Rcheck/00check.log' for details.
AmpAffyExample.Rcheck/00install.out
############################################################################## ############################################################################## ### ### Running command: ### ### C:\cygwin\bin\curl.exe -O http://172.29.0.4/BBS/3.13/data-experiment/src/contrib/AmpAffyExample_1.31.0.tar.gz && rm -rf AmpAffyExample.buildbin-libdir && mkdir AmpAffyExample.buildbin-libdir && D:\biocbuild\bbs-3.13-bioc\R\bin\R.exe CMD INSTALL --merge-multiarch --build --library=AmpAffyExample.buildbin-libdir AmpAffyExample_1.31.0.tar.gz && D:\biocbuild\bbs-3.13-bioc\R\bin\R.exe CMD INSTALL AmpAffyExample_1.31.0.zip && rm AmpAffyExample_1.31.0.tar.gz AmpAffyExample_1.31.0.zip ### ############################################################################## ############################################################################## % Total % Received % Xferd Average Speed Time Time Time Current Dload Upload Total Spent Left Speed 0 0 0 0 0 0 0 0 --:--:-- --:--:-- --:--:-- 0 100 6619k 100 6619k 0 0 57.2M 0 --:--:-- --:--:-- --:--:-- 57.2M install for i386 * installing *source* package 'AmpAffyExample' ... ** using staged installation ** data ** help *** installing help indices converting help for package 'AmpAffyExample' finding HTML links ... done AmpData html REDIRECT:topic AmpData -> AmpData.html [ SUCCESS ] ** building package indices ** testing if installed package can be loaded from temporary location ** testing if installed package can be loaded from final location ** testing if installed package keeps a record of temporary installation path install for x64 * installing *source* package 'AmpAffyExample' ... ** testing if installed package can be loaded * MD5 sums packaged installation of 'AmpAffyExample' as AmpAffyExample_1.31.0.zip * DONE (AmpAffyExample) * installing to library 'D:/biocbuild/bbs-3.13-bioc/R/library' package 'AmpAffyExample' successfully unpacked and MD5 sums checked