Back to Build/check report for BioC 3.12 annotations

BUILD report for EuPathDB on malbec1

This page was generated on 2020-08-05 15:30:06 -0400 (Wed, 05 Aug 2020).

TO THE DEVELOPERS/MAINTAINERS OF THE EuPathDB PACKAGE: Please make sure to use the following settings in order to reproduce any error or warning you see on this page.
Package 5/11HostnameOS / ArchINSTALLBUILDCHECK
EuPathDB 1.0.1
Keith Hughitt
Snapshot Date: 2020-08-05 08:00:01 -0400 (Wed, 05 Aug 2020)
URL: https://git.bioconductor.org/packages/EuPathDB
Branch: master
Last Commit: 94b4c46
Last Changed Date: 2018-11-13 11:26:46 -0400 (Tue, 13 Nov 2018)
malbec1 Linux (Ubuntu 18.04.4 LTS) / x86_64  OK [ ERROR ] skipped 

Summary

Package: EuPathDB
Version: 1.0.1
Command: /home/biocbuild/bbs-3.12-bioc/R/bin/R CMD build --keep-empty-dirs --no-resave-data EuPathDB
StartedAt: 2020-08-05 09:01:00 -0400 (Wed, 05 Aug 2020)
EndedAt: 2020-08-05 09:01:42 -0400 (Wed, 05 Aug 2020)
EllapsedTime: 41.3 seconds
RetCode: 1
Status:  ERROR 
PackageFile: None
PackageFileSize: NA

Command output

##############################################################################
##############################################################################
###
### Running command:
###
###   /home/biocbuild/bbs-3.12-bioc/R/bin/R CMD build --keep-empty-dirs --no-resave-data EuPathDB
###
##############################################################################
##############################################################################


* checking for file ‘EuPathDB/DESCRIPTION’ ... OK
* preparing ‘EuPathDB’:
* checking DESCRIPTION meta-information ... OK
* installing the package to build vignettes
* creating vignettes ... ERROR
--- re-building ‘EuPathDB.Rmd’ using rmarkdown
Quitting from lines 113-115 (EuPathDB.Rmd) 
Error: processing vignette 'EuPathDB.Rmd' failed with diagnostics:
Public

--- failed re-building ‘EuPathDB.Rmd’

SUMMARY: processing the following file failed:
  ‘EuPathDB.Rmd’

Error: Vignette re-building failed.
Execution halted