Back to Multiple platform build/check report for BioC 3.12
AB[C]DEFGHIJKLMNOPQRSTUVWXYZ

CHECK report for chipseq on merida1

This page was generated on 2020-08-07 12:24:20 -0400 (Fri, 07 Aug 2020).

TO THE DEVELOPERS/MAINTAINERS OF THE chipseq PACKAGE: Please make sure to use the following settings in order to reproduce any error or warning you see on this page.
Package 277/1882HostnameOS / ArchINSTALLBUILDCHECKBUILD BIN
chipseq 1.39.0
Bioconductor Package Maintainer
Snapshot Date: 2020-08-06 14:50:46 -0400 (Thu, 06 Aug 2020)
URL: https://git.bioconductor.org/packages/chipseq
Branch: master
Last Commit: 5ce3042
Last Changed Date: 2020-04-27 14:19:32 -0400 (Mon, 27 Apr 2020)
malbec1 Linux (Ubuntu 18.04.4 LTS) / x86_64  OK  OK  WARNINGS UNNEEDED, same version exists in internal repository
tokay1 Windows Server 2012 R2 Standard / x64  OK  OK  WARNINGS  OK UNNEEDED, same version exists in internal repository
merida1 macOS 10.14.6 Mojave / x86_64  OK  OK [ WARNINGS ] OK UNNEEDED, same version exists in internal repository

Summary

Package: chipseq
Version: 1.39.0
Command: /Library/Frameworks/R.framework/Versions/Current/Resources/bin/R CMD check --install=check:chipseq.install-out.txt --library=/Library/Frameworks/R.framework/Versions/Current/Resources/library --no-vignettes --timings chipseq_1.39.0.tar.gz
StartedAt: 2020-08-06 23:07:03 -0400 (Thu, 06 Aug 2020)
EndedAt: 2020-08-06 23:11:34 -0400 (Thu, 06 Aug 2020)
EllapsedTime: 270.7 seconds
RetCode: 0
Status:  WARNINGS 
CheckDir: chipseq.Rcheck
Warnings: 3

Command output

##############################################################################
##############################################################################
###
### Running command:
###
###   /Library/Frameworks/R.framework/Versions/Current/Resources/bin/R CMD check --install=check:chipseq.install-out.txt --library=/Library/Frameworks/R.framework/Versions/Current/Resources/library --no-vignettes --timings chipseq_1.39.0.tar.gz
###
##############################################################################
##############################################################################


* using log directory ‘/Users/biocbuild/bbs-3.12-bioc/meat/chipseq.Rcheck’
* using R version 4.0.2 (2020-06-22)
* using platform: x86_64-apple-darwin17.0 (64-bit)
* using session charset: UTF-8
* using option ‘--no-vignettes’
* checking for file ‘chipseq/DESCRIPTION’ ... OK
* this is package ‘chipseq’ version ‘1.39.0’
* checking package namespace information ... OK
* checking package dependencies ... OK
* checking if this is a source package ... OK
* checking if there is a namespace ... OK
* checking for hidden files and directories ... OK
* checking for portable file names ... OK
* checking for sufficient/correct file permissions ... OK
* checking whether package ‘chipseq’ can be installed ... OK
* checking installed package size ... OK
* checking package directory ... OK
* checking ‘build’ directory ... OK
* checking DESCRIPTION meta-information ... NOTE
Malformed Description field: should contain one or more complete sentences.
Packages listed in more than one of Depends, Imports, Suggests, Enhances:
  ‘methods’ ‘BiocGenerics’ ‘IRanges’ ‘GenomicRanges’ ‘ShortRead’
A package should be listed in only one of these fields.
* checking top-level files ... OK
* checking for left-over files ... OK
* checking index information ... OK
* checking package subdirectories ... OK
* checking R files for non-ASCII characters ... OK
* checking R files for syntax errors ... OK
* checking whether the package can be loaded ... OK
* checking whether the package can be loaded with stated dependencies ... OK
* checking whether the package can be unloaded cleanly ... OK
* checking whether the namespace can be loaded with stated dependencies ... OK
* checking whether the namespace can be unloaded cleanly ... OK
* checking dependencies in R code ... OK
* checking S3 generic/method consistency ... OK
* checking replacement functions ... OK
* checking foreign function calls ... OK
* checking R code for possible problems ... NOTE
.genomicContext: no visible global function definition for
  ‘transcripts’
.genomicContext: no visible global function definition for ‘cdsBy’
.genomicContext: no visible global function definition for
  ‘threeUTRsByTranscript’
.genomicContext: no visible global function definition for
  ‘fiveUTRsByTranscript’
.genomicContext: no visible global function definition for
  ‘intronsByTranscript’
.nearestTss: no visible global function definition for ‘transcripts’
.nearestTss: no visible global function definition for ‘seqlevels<-’
.nearestTss: no visible global function definition for ‘seqlevels’
applyPosByChrAndStrand: no visible global function definition for
  ‘seqnames’
correlation.estimate: no visible binding for global variable ‘mu’
correlation.estimate: no visible binding for global variable ‘corr’
correlationProfile : <anonymous>: no visible global function definition
  for ‘subseq’
coverage.estimate: no visible binding for global variable ‘mu’
coverage.estimate: no visible binding for global variable ‘covered’
islandDepthPlot: no visible binding for global variable ‘depth’
islandDepthPlot : <anonymous>: no visible global function definition
  for ‘panel.lines’
islandDepthPlot : <anonymous>: no visible global function definition
  for ‘panel.xyplot’
laneSubsample: no visible global function definition for ‘seqnames’
laneSubsample: no visible global function definition for ‘GRangesList’
subsetSummary: no visible global function definition for ‘seqlengths’
subsetSummary: no visible global function definition for ‘GRanges’
subsetSummary: no visible global function definition for ‘seqnames’
subsetSummary: no visible global function definition for ‘seqlengths<-’
diffPeakSummary,RleViewsList-RleViewsList: no visible global function
  definition for ‘GRanges’
estimate.mean.fraglen,GRanges: no visible global function definition
  for ‘seqnames’
peakSummary,RleViewsList: no visible global function definition for
  ‘GRanges’
Undefined global functions or variables:
  GRanges GRangesList cdsBy corr covered depth fiveUTRsByTranscript
  intronsByTranscript mu panel.lines panel.xyplot seqlengths
  seqlengths<- seqlevels seqlevels<- seqnames subseq
  threeUTRsByTranscript transcripts
* checking Rd files ... OK
* checking Rd metadata ... OK
* checking Rd cross-references ... OK
* checking for missing documentation entries ... WARNING
Undocumented S4 methods:
  generic 'densityCorr' and siglist 'GenomicRanges'
  generic 'densityCorr' and siglist 'list'
All user-level objects in a package (including S4 classes and methods)
should have documentation entries.
See chapter ‘Writing R documentation files’ in the ‘Writing R
Extensions’ manual.
* checking for code/documentation mismatches ... WARNING
Codoc mismatches from documentation object 'estimate.mean.fraglen':
densityCorr
  Code: function(x, ...)
  Docs: function(x, shift = seq(0, 500, 5), center = FALSE, width =
                 seqLen * 2L, seqLen = 100L, maxDist = 500L, ...)
  Argument names in docs not in code:
    shift center width seqLen maxDist
  Mismatches in argument names:
    Position: 2 Code: ... Docs: shift

* checking Rd \usage sections ... OK
* checking Rd contents ... OK
* checking for unstated dependencies in examples ... WARNING
'library' or 'require' call not declared from: ‘BSgenome.Mmusculus.UCSC.mm9’
* checking contents of ‘data’ directory ... OK
* checking data for non-ASCII characters ... OK
* checking data for ASCII and uncompressed saves ... OK
* checking line endings in C/C++/Fortran sources/headers ... OK
* checking compiled code ... NOTE
Note: information on .o files is not available
* checking sizes of PDF files under ‘inst/doc’ ... OK
* checking files in ‘vignettes’ ... OK
* checking examples ... OK
Examples with CPU (user + system) or elapsed time > 5s
                 user system elapsed
diffPeakSummary 6.343   0.17   6.526
* checking for unstated dependencies in vignettes ... OK
* checking package vignettes in ‘inst/doc’ ... OK
* checking running R code from vignettes ... SKIPPED
* checking re-building of vignette outputs ... SKIPPED
* checking PDF version of manual ... OK
* DONE

Status: 3 WARNINGs, 3 NOTEs
See
  ‘/Users/biocbuild/bbs-3.12-bioc/meat/chipseq.Rcheck/00check.log’
for details.



Installation output

chipseq.Rcheck/00install.out

##############################################################################
##############################################################################
###
### Running command:
###
###   /Library/Frameworks/R.framework/Versions/Current/Resources/bin/R CMD INSTALL chipseq
###
##############################################################################
##############################################################################


* installing to library ‘/Library/Frameworks/R.framework/Versions/4.0/Resources/library’
* installing *source* package ‘chipseq’ ...
** using staged installation
** libs
clang -mmacosx-version-min=10.13 -I"/Library/Frameworks/R.framework/Resources/include" -DNDEBUG   -I/usr/local/include   -fPIC  -Wall -g -O2  -c rlesumprod.c -o rlesumprod.o
clang -mmacosx-version-min=10.13 -dynamiclib -Wl,-headerpad_max_install_names -undefined dynamic_lookup -single_module -multiply_defined suppress -L/Library/Frameworks/R.framework/Resources/lib -L/usr/local/lib -o chipseq.so rlesumprod.o -F/Library/Frameworks/R.framework/.. -framework R -Wl,-framework -Wl,CoreFoundation
installing to /Library/Frameworks/R.framework/Versions/4.0/Resources/library/00LOCK-chipseq/00new/chipseq/libs
** R
** data
** inst
** byte-compile and prepare package for lazy loading
** help
*** installing help indices
** building package indices
** installing vignettes
** testing if installed package can be loaded from temporary location
** checking absolute paths in shared objects and dynamic libraries
** testing if installed package can be loaded from final location
** testing if installed package keeps a record of temporary installation path
* DONE (chipseq)

Tests output


Example timings

chipseq.Rcheck/chipseq-Ex.timings

nameusersystemelapsed
chipseqFilter0.6940.2940.992
coverageplot0.1110.0020.113
cstest0.2990.0110.309
diffPeakSummary6.3430.1706.526
estimate.mean.fraglen3.1320.2223.358
islandDepthPlot1.1960.0571.254
laneSubsample0.7010.0270.729
peakCutoff1.8580.0551.915