Back to Multiple platform build/check report for BioC 3.12
AB[C]DEFGHIJKLMNOPQRSTUVWXYZ

CHECK report for cellscape on merida1

This page was generated on 2020-08-07 12:36:02 -0400 (Fri, 07 Aug 2020).

TO THE DEVELOPERS/MAINTAINERS OF THE cellscape PACKAGE: Please make sure to use the following settings in order to reproduce any error or warning you see on this page.
Package 246/1882HostnameOS / ArchINSTALLBUILDCHECKBUILD BIN
cellscape 1.13.0
Maia Smith
Snapshot Date: 2020-08-06 14:50:46 -0400 (Thu, 06 Aug 2020)
URL: https://git.bioconductor.org/packages/cellscape
Branch: master
Last Commit: 3333ded
Last Changed Date: 2020-04-27 15:05:30 -0400 (Mon, 27 Apr 2020)
malbec1 Linux (Ubuntu 18.04.4 LTS) / x86_64  OK  OK  WARNINGS UNNEEDED, same version exists in internal repository
tokay1 Windows Server 2012 R2 Standard / x64  OK  OK  WARNINGS  OK UNNEEDED, same version exists in internal repository
merida1 macOS 10.14.6 Mojave / x86_64  OK  OK [ WARNINGS ] OK UNNEEDED, same version exists in internal repository

Summary

Package: cellscape
Version: 1.13.0
Command: /Library/Frameworks/R.framework/Versions/Current/Resources/bin/R CMD check --install=check:cellscape.install-out.txt --library=/Library/Frameworks/R.framework/Versions/Current/Resources/library --no-vignettes --timings cellscape_1.13.0.tar.gz
StartedAt: 2020-08-07 02:45:48 -0400 (Fri, 07 Aug 2020)
EndedAt: 2020-08-07 02:46:25 -0400 (Fri, 07 Aug 2020)
EllapsedTime: 36.4 seconds
RetCode: 0
Status:  WARNINGS 
CheckDir: cellscape.Rcheck
Warnings: 1

Command output

##############################################################################
##############################################################################
###
### Running command:
###
###   /Library/Frameworks/R.framework/Versions/Current/Resources/bin/R CMD check --install=check:cellscape.install-out.txt --library=/Library/Frameworks/R.framework/Versions/Current/Resources/library --no-vignettes --timings cellscape_1.13.0.tar.gz
###
##############################################################################
##############################################################################


* using log directory ‘/Users/biocbuild/bbs-3.12-bioc/meat/cellscape.Rcheck’
* using R version 4.0.2 (2020-06-22)
* using platform: x86_64-apple-darwin17.0 (64-bit)
* using session charset: UTF-8
* using option ‘--no-vignettes’
* checking for file ‘cellscape/DESCRIPTION’ ... OK
* this is package ‘cellscape’ version ‘1.13.0’
* checking package namespace information ... OK
* checking package dependencies ... OK
* checking if this is a source package ... OK
* checking if there is a namespace ... OK
* checking for hidden files and directories ... OK
* checking for portable file names ... OK
* checking for sufficient/correct file permissions ... OK
* checking whether package ‘cellscape’ can be installed ... OK
* checking installed package size ... OK
* checking package directory ... OK
* checking ‘build’ directory ... OK
* checking DESCRIPTION meta-information ... OK
* checking top-level files ... OK
* checking for left-over files ... OK
* checking index information ... OK
* checking package subdirectories ... OK
* checking R files for non-ASCII characters ... OK
* checking R files for syntax errors ... OK
* checking whether the package can be loaded ... OK
* checking whether the package can be loaded with stated dependencies ... OK
* checking whether the package can be unloaded cleanly ... OK
* checking whether the namespace can be loaded with stated dependencies ... OK
* checking whether the namespace can be unloaded cleanly ... OK
* checking dependencies in R code ... NOTE
Namespace in Imports field not imported from: ‘plyr’
  All declared Imports should be used.
* checking S3 generic/method consistency ... OK
* checking replacement functions ... OK
* checking foreign function calls ... OK
* checking R code for possible problems ... NOTE
cellscape: no visible global function definition for ‘setNames’
cellscape: no visible global function definition for ‘melt’
cellscape: no visible global function definition for ‘na.omit’
cellscape: no visible global function definition for ‘combn’
cellscape: no visible binding for global variable ‘site’
cellscape: no visible binding for global variable ‘genotype’
cellscape: no visible binding for global variable ‘VAF’
cellscape: no visible global function definition for ‘n’
cellscape: no visible binding for global variable ‘n_gt’
cellscape: no visible binding for global variable ‘n’
cellscape: no visible binding for global variable ‘timepoint’
cellscape: no visible binding for global variable ‘single_cell_id’
getCNVHeatmapForEachSC: no visible binding for global variable
  ‘single_cell_id’
getCNVHeatmapForEachSC: no visible binding for global variable ‘px’
getCNVHeatmapForEachSC: no visible binding for global variable
  ‘px_width’
getCNVHeatmapForEachSC: no visible binding for global variable ‘chr’
getCNVHeatmapForEachSC: no visible binding for global variable
  ‘chrom_index’
getCNVHeatmapForEachSC: no visible binding for global variable
  ‘copy_number’
getCNVHeatmapForEachSC: no visible binding for global variable ‘sc_id’
getCNVHeatmapForEachSC: no visible binding for global variable
  ‘mode_cnv’
getCNVHeatmapForEachSC: no visible binding for global variable
  ‘cumsum_values’
getMutOrder: no visible global function definition for ‘dist’
getMutOrder: no visible global function definition for ‘hclust’
getMutOrder: no visible binding for global variable ‘site’
getMutOrder: no visible binding for global variable ‘VAF’
getMutOrder: no visible global function definition for ‘lm’
getMutOrder: no visible binding for global variable ‘na.omit’
getMutOrder: no visible global function definition for ‘coef’
getMutationsData: no visible binding for global variable
  ‘show_warnings’
getTargetedHeatmapForEachSC: no visible binding for global variable
  ‘single_cell_id’
getTargetedHeatmapForEachSC: no visible binding for global variable
  ‘chr’
getTargetedHeatmapForEachSC: no visible binding for global variable
  ‘coord’
Undefined global functions or variables:
  VAF chr chrom_index coef combn coord copy_number cumsum_values dist
  genotype hclust lm melt mode_cnv n n_gt na.omit px px_width sc_id
  setNames show_warnings single_cell_id site timepoint
Consider adding
  importFrom("stats", "coef", "dist", "hclust", "lm", "na.omit",
             "setNames")
  importFrom("utils", "combn")
to your NAMESPACE file.
* checking Rd files ... OK
* checking Rd metadata ... OK
* checking Rd cross-references ... OK
* checking for missing documentation entries ... OK
* checking for code/documentation mismatches ... OK
* checking Rd \usage sections ... WARNING
Duplicated \argument entries in documentation object 'dfs_tree':
  ‘chrom_bounds’ ‘ncols’ ‘chrom_bounds’ ‘cnv_data’ ‘chrom_bounds’
  ‘n_bp_per_pixel’ ‘mut_data’ ‘width’ ‘height’ ‘mutations’ ‘height’
  ‘width’ ‘clonal_prev’ ‘tree_edges’ ‘alpha’ ‘clonal_prev’ ‘tree_edges’
  ‘genotype_position’ ‘clone_colours’ ‘perturbations’ ‘mutations’
  ‘tree_edges’ ‘clonal_prev’ ‘clonal_prev’ ‘tree_edges’ ‘clone_colours’
  ‘mutations’

Functions with \usage entries need to have the appropriate \alias
entries, and all their arguments documented.
The \usage entries must correspond to syntactically valid R code.
See chapter ‘Writing R documentation files’ in the ‘Writing R
Extensions’ manual.
* checking Rd contents ... OK
* checking for unstated dependencies in examples ... OK
* checking files in ‘vignettes’ ... OK
* checking examples ... OK
* checking for unstated dependencies in vignettes ... OK
* checking package vignettes in ‘inst/doc’ ... OK
* checking running R code from vignettes ... SKIPPED
* checking re-building of vignette outputs ... SKIPPED
* checking PDF version of manual ... OK
* DONE

Status: 1 WARNING, 2 NOTEs
See
  ‘/Users/biocbuild/bbs-3.12-bioc/meat/cellscape.Rcheck/00check.log’
for details.



Installation output

cellscape.Rcheck/00install.out

##############################################################################
##############################################################################
###
### Running command:
###
###   /Library/Frameworks/R.framework/Versions/Current/Resources/bin/R CMD INSTALL cellscape
###
##############################################################################
##############################################################################


* installing to library ‘/Library/Frameworks/R.framework/Versions/4.0/Resources/library’
* installing *source* package ‘cellscape’ ...
** using staged installation
** R
** inst
** byte-compile and prepare package for lazy loading
** help
*** installing help indices
** building package indices
** installing vignettes
** testing if installed package can be loaded from temporary location
** testing if installed package can be loaded from final location
** testing if installed package keeps a record of temporary installation path
* DONE (cellscape)

Tests output


Example timings

cellscape.Rcheck/cellscape-Ex.timings

nameusersystemelapsed
cellscape2.0030.3892.484
helpers0.0870.0080.095