Back to Multiple platform build/check report for BioC 3.12
A[B]CDEFGHIJKLMNOPQRSTUVWXYZ

CHECK report for biovizBase on riesling1

This page was generated on 2020-10-28 13:28:08 -0400 (Wed, 28 Oct 2020).

TO THE DEVELOPERS/MAINTAINERS OF THE biovizBase PACKAGE: Please make sure to use the following settings in order to reproduce any error or warning you see on this page.
Package 190/1974HostnameOS / ArchINSTALLBUILDCHECKBUILD BIN
biovizBase 1.38.0
Michael Lawrence
Snapshot Date: 2020-10-27 13:12:07 -0400 (Tue, 27 Oct 2020)
URL: https://git.bioconductor.org/packages/biovizBase
Branch: RELEASE_3_12
Last Commit: d0f3362
Last Changed Date: 2020-10-27 10:43:03 -0400 (Tue, 27 Oct 2020)
malbec1 Linux (Ubuntu 18.04.4 LTS) / x86_64  OK  OK  WARNINGS YES, new version is higher than in internal repository
nebbiolo1 Linux (Ubuntu 20.04.1 LTS) / x86_64  OK  OK  WARNINGS 
tokay1 Windows Server 2012 R2 Standard / x64  OK  OK  WARNINGS  OK YES, new version is higher than in internal repository
riesling1 Windows Server 2019 Standard / x64  OK  OK [ WARNINGS ] OK 
merida1 macOS 10.14.6 Mojave / x86_64  OK  OK  WARNINGS  OK YES, new version is higher than in internal repository

Summary

Package: biovizBase
Version: 1.38.0
Command: D:\biocbuild\bbs-3.12-bioc\R\bin\R.exe CMD check --force-multiarch --install=check:biovizBase.install-out.txt --library=D:\biocbuild\bbs-3.12-bioc\R\library --no-vignettes --timings biovizBase_1.38.0.tar.gz
StartedAt: 2020-10-27 20:12:44 -0400 (Tue, 27 Oct 2020)
EndedAt: 2020-10-27 20:20:04 -0400 (Tue, 27 Oct 2020)
EllapsedTime: 439.6 seconds
RetCode: 0
Status:  WARNINGS  
CheckDir: biovizBase.Rcheck
Warnings: 3

Command output

##############################################################################
##############################################################################
###
### Running command:
###
###   D:\biocbuild\bbs-3.12-bioc\R\bin\R.exe CMD check --force-multiarch --install=check:biovizBase.install-out.txt --library=D:\biocbuild\bbs-3.12-bioc\R\library --no-vignettes --timings biovizBase_1.38.0.tar.gz
###
##############################################################################
##############################################################################


* using log directory 'D:/biocbuild/bbs-3.12-bioc/meat/biovizBase.Rcheck'
* using R version 4.0.3 (2020-10-10)
* using platform: x86_64-w64-mingw32 (64-bit)
* using session charset: ISO8859-1
* using option '--no-vignettes'
* checking for file 'biovizBase/DESCRIPTION' ... OK
* this is package 'biovizBase' version '1.38.0'
* checking package namespace information ... OK
* checking package dependencies ... OK
* checking if this is a source package ... OK
* checking if there is a namespace ... OK
* checking for hidden files and directories ... NOTE
Found the following hidden files and directories:
  .git_fetch_output.txt
  .git_merge_output.txt
These were most likely included in error. See section 'Package
structure' in the 'Writing R Extensions' manual.
* checking for portable file names ... OK
* checking whether package 'biovizBase' can be installed ... WARNING
Found the following significant warnings:
  Rd warning: D:/biocbuild/bbs-3.12-bioc/tmpdir/RtmpE5Ny8w/R.INSTALL38485d2b3447/biovizBase/man/crunch-method.Rd:31: file link 'AnnotationFilter-class' in package 'AnnotationFilter' does not exist and so has been treated as a topic
See 'D:/biocbuild/bbs-3.12-bioc/meat/biovizBase.Rcheck/00install.out' for details.
* checking installed package size ... OK
* checking package directory ... OK
* checking 'build' directory ... OK
* checking DESCRIPTION meta-information ... NOTE
Malformed Title field: should not end in a period.
* checking top-level files ... OK
* checking for left-over files ... OK
* checking index information ... OK
* checking package subdirectories ... OK
* checking R files for non-ASCII characters ... OK
* checking R files for syntax errors ... OK
* loading checks for arch 'i386'
** checking whether the package can be loaded ... OK
** checking whether the package can be loaded with stated dependencies ... OK
** checking whether the package can be unloaded cleanly ... OK
** checking whether the namespace can be loaded with stated dependencies ... OK
** checking whether the namespace can be unloaded cleanly ... OK
* loading checks for arch 'x64'
** checking whether the package can be loaded ... OK
** checking whether the package can be loaded with stated dependencies ... OK
** checking whether the package can be unloaded cleanly ... OK
** checking whether the namespace can be loaded with stated dependencies ... OK
** checking whether the namespace can be unloaded cleanly ... OK
* checking dependencies in R code ... NOTE
'library' or 'require' calls in package code:
  'BSgenome' 'rtracklayer'
  Please use :: or requireNamespace() instead.
  See section 'Suggested packages' in the 'Writing R Extensions' manual.
* checking S3 generic/method consistency ... OK
* checking replacement functions ... OK
* checking foreign function calls ... OK
* checking R code for possible problems ... NOTE
genSymbols: no visible binding for global variable 'start_location'
genSymbols: no visible binding for global variable 'end_location'
genSymbols: no visible binding for global variable 'Chromosome'
genSymbols: no visible binding for global variable 'symbol'
transformToLinkInCircle: no visible binding for global variable
  '.circle.x'
transformToLinkInCircle: no visible binding for global variable
  '.circle.y'
transformToLinkInCircle : <anonymous>: no visible binding for global
  variable 'from.x'
transformToLinkInCircle : <anonymous>: no visible binding for global
  variable 'from.y'
transformToLinkInCircle : <anonymous>: no visible binding for global
  variable 'to.x'
transformToLinkInCircle : <anonymous>: no visible binding for global
  variable 'to.y'
mold,ExpressionSet: no visible global function definition for 'exprs'
mold,ExpressionSet: no visible global function definition for 'pData'
mold,RleList: no visible binding for global variable 'xRleList'
mold,eSet: no visible global function definition for 'phenoData'
mold,eSet: no visible global function definition for 'melt'
mold,eSet: no visible global function definition for 'varLabels'
Undefined global functions or variables:
  .circle.x .circle.y Chromosome end_location exprs from.x from.y melt
  pData phenoData start_location symbol to.x to.y varLabels xRleList
* checking Rd files ... OK
* checking Rd metadata ... OK
* checking Rd cross-references ... OK
* checking for missing documentation entries ... OK
* checking for code/documentation mismatches ... OK
* checking Rd \usage sections ... OK
* checking Rd contents ... OK
* checking for unstated dependencies in examples ... OK
* checking contents of 'data' directory ... OK
* checking data for non-ASCII characters ... OK
* checking data for ASCII and uncompressed saves ... OK
* checking line endings in C/C++/Fortran sources/headers ... OK
* checking compiled code ... NOTE
Note: information on .o files for i386 is not available
Note: information on .o files for x64 is not available
File 'D:/biocbuild/bbs-3.12-bioc/R/library/biovizBase/libs/i386/biovizBase.dll':
  Found 'abort', possibly from 'abort' (C), 'runtime' (Fortran)
File 'D:/biocbuild/bbs-3.12-bioc/R/library/biovizBase/libs/x64/biovizBase.dll':
  Found 'abort', possibly from 'abort' (C), 'runtime' (Fortran)

Compiled code should not call entry points which might terminate R nor
write to stdout/stderr instead of to the console, nor use Fortran I/O
nor system RNGs. The detected symbols are linked into the code but
might come from libraries and not actually be called.

See 'Writing portable packages' in the 'Writing R Extensions' manual.
* checking files in 'vignettes' ... OK
* checking examples ...
** running examples for arch 'i386' ... WARNING
Found the following significant warnings:

  Warning: 'GenenameFilter' is deprecated.
Deprecated functions may be defunct as soon as of the next release of
R.
See ?Deprecated.
Examples with CPU (user + system) or elapsed time > 5s
               user system elapsed
crunch-method 11.82    0.5   12.33
** running examples for arch 'x64' ... WARNING
Found the following significant warnings:

  Warning: 'GenenameFilter' is deprecated.
Deprecated functions may be defunct as soon as of the next release of
R.
See ?Deprecated.
Examples with CPU (user + system) or elapsed time > 5s
               user system elapsed
crunch-method 13.41   0.67    14.2
* checking for unstated dependencies in 'tests' ... OK
* checking tests ...
** running tests for arch 'i386' ...
  Running 'runTests.R'
 OK
** running tests for arch 'x64' ...
  Running 'runTests.R'
 OK
* checking for unstated dependencies in vignettes ... OK
* checking package vignettes in 'inst/doc' ... OK
* checking running R code from vignettes ... SKIPPED
* checking re-building of vignette outputs ... SKIPPED
* checking PDF version of manual ... OK
* DONE

Status: 3 WARNINGs, 5 NOTEs
See
  'D:/biocbuild/bbs-3.12-bioc/meat/biovizBase.Rcheck/00check.log'
for details.



Installation output

biovizBase.Rcheck/00install.out

##############################################################################
##############################################################################
###
### Running command:
###
###   C:\cygwin\bin\curl.exe -O http://172.29.0.3/BBS/3.12/bioc/src/contrib/biovizBase_1.38.0.tar.gz && rm -rf biovizBase.buildbin-libdir && mkdir biovizBase.buildbin-libdir && D:\biocbuild\bbs-3.12-bioc\R\bin\R.exe CMD INSTALL --merge-multiarch --build --library=biovizBase.buildbin-libdir biovizBase_1.38.0.tar.gz && D:\biocbuild\bbs-3.12-bioc\R\bin\R.exe CMD INSTALL biovizBase_1.38.0.zip && rm biovizBase_1.38.0.tar.gz biovizBase_1.38.0.zip
###
##############################################################################
##############################################################################


  % Total    % Received % Xferd  Average Speed   Time    Time     Time  Current
                                 Dload  Upload   Total   Spent    Left  Speed

  0     0    0     0    0     0      0      0 --:--:-- --:--:-- --:--:--     0
  0     0    0     0    0     0      0      0 --:--:-- --:--:-- --:--:--     0
 43 2131k   43  925k    0     0   859k      0  0:00:02  0:00:01  0:00:01  858k
100 2131k  100 2131k    0     0  1576k      0  0:00:01  0:00:01 --:--:-- 1575k

install for i386

* installing *source* package 'biovizBase' ...
** using staged installation
** libs
"C:/rtools40/mingw32/bin/"gcc  -I"D:/biocbuild/bbs-3.12-bioc/R/include" -DNDEBUG     -I"C:/extsoft/include"     -O2 -Wall  -std=gnu99 -mfpmath=sse -msse2 -mstackrealign -c R_init_biovizBase.c -o R_init_biovizBase.o
"C:/rtools40/mingw32/bin/"gcc  -I"D:/biocbuild/bbs-3.12-bioc/R/include" -DNDEBUG     -I"C:/extsoft/include"     -O2 -Wall  -std=gnu99 -mfpmath=sse -msse2 -mstackrealign -c bin_offsets.c -o bin_offsets.o
bin_offsets.c: In function 'scan_bam_bin_offsets':
bin_offsets.c:57:15: warning: pointer targets in passing argument 1 of 'strncmp' differ in signedness [-Wpointer-sign]
   if (strncmp(b, "BAI\1", 4))
               ^
In file included from D:/biocbuild/bbs-3.12-bioc/R/include/R_ext/RS.h:34,
                 from D:/biocbuild/bbs-3.12-bioc/R/include/Rdefines.h:37,
                 from bin_offsets.h:1,
                 from bin_offsets.c:3:
C:/rtools40/mingw32/i686-w64-mingw32/include/string.h:86:15: note: expected 'const char *' but argument is of type 'Rbyte *' {aka 'unsigned char *'}
   int __cdecl strncmp(const char *_Str1,const char *_Str2,size_t _MaxCount);
               ^~~~~~~
C:/rtools40/mingw32/bin/gcc -shared -s -static-libgcc -o biovizBase.dll tmp.def R_init_biovizBase.o bin_offsets.o -LC:/extsoft/lib/i386 -LC:/extsoft/lib -LD:/biocbuild/bbs-3.12-bioc/R/bin/i386 -lR
installing to D:/biocbuild/bbs-3.12-bioc/meat/biovizBase.buildbin-libdir/00LOCK-biovizBase/00new/biovizBase/libs/i386
** R
** data
*** moving datasets to lazyload DB
** inst
** byte-compile and prepare package for lazy loading
** help
*** installing help indices
  converting help for package 'biovizBase'
    finding HTML links ... done
    CRC                                     html  
    GCcontent                               html  
    addStepping-method                      html  
    aes-utils                               html  
    biovizBase-package                      html  
    colorBlindSafePal                       html  
    containLetters                          html  
    crc1.GeRL                               html  
    crunch-method                           html  
Rd warning: D:/biocbuild/bbs-3.12-bioc/tmpdir/RtmpE5Ny8w/R.INSTALL38485d2b3447/biovizBase/man/crunch-method.Rd:31: file link 'AnnotationFilter-class' in package 'AnnotationFilter' does not exist and so has been treated as a topic
    darned_hg19_subset500                   html  
    estimateCoverage-method                 html  
    flatGrl                                 html  
    genesymbol                              html  
    getBioColor                             html  
    getFormalNames                          html  
    getGaps                                 html  
    getIdeoGR                               html  
    getIdeogram                             html  
    getScale                                html  
    hg19Ideogram                            html  
    hg19IdeogramCyto                        html  
    ideo                                    html  
    ideoCyto                                html  
    isIdeogram                              html  
    isMatchedWithModel                      html  
    isSimpleIdeogram                        html  
    labs                                    html  
    maxGap-method                           html  
    mold-method                             html  
    finding level-2 HTML links ... done

    pileupAsGRanges                         html  
    pileupGRangesAsVariantTable             html  
    plotColorLegend                         html  
    scale                                   html  
    showColor                               html  
    shrinkageFun-method                     html  
    splitByFacets-method                    html  
    strip_formula_dots                      html  
    subsetArgsByFormals                     html  
    transform                               html  
    transformGRangesForEvenSpace            html  
** building package indices
** installing vignettes
** testing if installed package can be loaded from temporary location
** testing if installed package can be loaded from final location
** testing if installed package keeps a record of temporary installation path

install for x64

* installing *source* package 'biovizBase' ...
** libs
"C:/rtools40/mingw64/bin/"gcc  -I"D:/biocbuild/bbs-3.12-bioc/R/include" -DNDEBUG     -I"C:/extsoft/include"     -O2 -Wall  -std=gnu99 -mfpmath=sse -msse2 -mstackrealign -c R_init_biovizBase.c -o R_init_biovizBase.o
"C:/rtools40/mingw64/bin/"gcc  -I"D:/biocbuild/bbs-3.12-bioc/R/include" -DNDEBUG     -I"C:/extsoft/include"     -O2 -Wall  -std=gnu99 -mfpmath=sse -msse2 -mstackrealign -c bin_offsets.c -o bin_offsets.o
bin_offsets.c: In function 'scan_bam_bin_offsets':
bin_offsets.c:57:15: warning: pointer targets in passing argument 1 of 'strncmp' differ in signedness [-Wpointer-sign]
   if (strncmp(b, "BAI\1", 4))
               ^
In file included from D:/biocbuild/bbs-3.12-bioc/R/include/R_ext/RS.h:34,
                 from D:/biocbuild/bbs-3.12-bioc/R/include/Rdefines.h:37,
                 from bin_offsets.h:1,
                 from bin_offsets.c:3:
C:/rtools40/mingw64/x86_64-w64-mingw32/include/string.h:86:15: note: expected 'const char *' but argument is of type 'Rbyte *' {aka 'unsigned char *'}
   int __cdecl strncmp(const char *_Str1,const char *_Str2,size_t _MaxCount);
               ^~~~~~~
C:/rtools40/mingw64/bin/gcc -shared -s -static-libgcc -o biovizBase.dll tmp.def R_init_biovizBase.o bin_offsets.o -LC:/extsoft/lib/x64 -LC:/extsoft/lib -LD:/biocbuild/bbs-3.12-bioc/R/bin/x64 -lR
installing to D:/biocbuild/bbs-3.12-bioc/meat/biovizBase.buildbin-libdir/biovizBase/libs/x64
** testing if installed package can be loaded
* MD5 sums
packaged installation of 'biovizBase' as biovizBase_1.38.0.zip
* DONE (biovizBase)
* installing to library 'D:/biocbuild/bbs-3.12-bioc/R/library'
package 'biovizBase' successfully unpacked and MD5 sums checked

Tests output

biovizBase.Rcheck/tests_i386/runTests.Rout


R version 4.0.3 (2020-10-10) -- "Bunny-Wunnies Freak Out"
Copyright (C) 2020 The R Foundation for Statistical Computing
Platform: i386-w64-mingw32/i386 (32-bit)

R is free software and comes with ABSOLUTELY NO WARRANTY.
You are welcome to redistribute it under certain conditions.
Type 'license()' or 'licence()' for distribution details.

R is a collaborative project with many contributors.
Type 'contributors()' for more information and
'citation()' on how to cite R or R packages in publications.

Type 'demo()' for some demos, 'help()' for on-line help, or
'help.start()' for an HTML browser interface to help.
Type 'q()' to quit R.

> BiocGenerics:::testPackage("biovizBase")
Loading required package: ensembldb
Loading required package: BiocGenerics
Loading required package: parallel

Attaching package: 'BiocGenerics'

The following objects are masked from 'package:parallel':

    clusterApply, clusterApplyLB, clusterCall, clusterEvalQ,
    clusterExport, clusterMap, parApply, parCapply, parLapply,
    parLapplyLB, parRapply, parSapply, parSapplyLB

The following objects are masked from 'package:stats':

    IQR, mad, sd, var, xtabs

The following objects are masked from 'package:base':

    Filter, Find, Map, Position, Reduce, anyDuplicated, append,
    as.data.frame, basename, cbind, colnames, dirname, do.call,
    duplicated, eval, evalq, get, grep, grepl, intersect, is.unsorted,
    lapply, mapply, match, mget, order, paste, pmax, pmax.int, pmin,
    pmin.int, rank, rbind, rownames, sapply, setdiff, sort, table,
    tapply, union, unique, unsplit, which.max, which.min

Loading required package: GenomicRanges
Loading required package: stats4
Loading required package: S4Vectors

Attaching package: 'S4Vectors'

The following object is masked from 'package:base':

    expand.grid

Loading required package: IRanges

Attaching package: 'IRanges'

The following object is masked from 'package:grDevices':

    windows

Loading required package: GenomeInfoDb
Loading required package: GenomicFeatures
Loading required package: AnnotationDbi
Loading required package: Biobase
Welcome to Bioconductor

    Vignettes contain introductory material; view with
    'browseVignettes()'. To cite Bioconductor, see
    'citation("Biobase")', and for packages 'citation("pkgname")'.

Loading required package: AnnotationFilter

Attaching package: 'ensembldb'

The following object is masked from 'package:stats':

    filter

Fetching data...OK
Parsing exons...OK
Defining introns...OK
Defining UTRs...OK
Defining CDS...OK
aggregating...
Done
Fetching data...OK
Parsing exons...OK
Defining introns...OK
Defining UTRs...OK
Defining CDS...OK
aggregating...
Done
Fetching data...Fetching data...OK
Parsing exons...OK
Defining introns...OK
Defining UTRs...OK
Defining CDS...OK
aggregating...
Done
Fetching data...OK
Parsing exons...OK
Defining introns...OK
Defining UTRs...OK
Defining CDS...OK
aggregating...
Done
Fetching data...OK
Parsing exons...OK
Defining introns...OK
Defining UTRs...OK
Defining CDS...OK
aggregating...
Done
Fetching data...OK
Parsing exons...OK
Defining introns...OK
Defining UTRs...OK
Defining CDS...OK
aggregating...
Done


RUNIT TEST PROTOCOL -- Tue Oct 27 20:19:25 2020 
*********************************************** 
Number of test functions: 1 
Number of errors: 0 
Number of failures: 0 

 
1 Test Suite : 
biovizBase RUnit Tests - 1 test function, 0 errors, 0 failures
Number of test functions: 1 
Number of errors: 0 
Number of failures: 0 
Warning message:
'GenenameFilter' is deprecated.
Use 'GeneNameFilter' instead.
See help("Deprecated") 
> 
> proc.time()
   user  system elapsed 
  14.15    0.68   22.32 

biovizBase.Rcheck/tests_x64/runTests.Rout


R version 4.0.3 (2020-10-10) -- "Bunny-Wunnies Freak Out"
Copyright (C) 2020 The R Foundation for Statistical Computing
Platform: x86_64-w64-mingw32/x64 (64-bit)

R is free software and comes with ABSOLUTELY NO WARRANTY.
You are welcome to redistribute it under certain conditions.
Type 'license()' or 'licence()' for distribution details.

R is a collaborative project with many contributors.
Type 'contributors()' for more information and
'citation()' on how to cite R or R packages in publications.

Type 'demo()' for some demos, 'help()' for on-line help, or
'help.start()' for an HTML browser interface to help.
Type 'q()' to quit R.

> BiocGenerics:::testPackage("biovizBase")
Loading required package: ensembldb
Loading required package: BiocGenerics
Loading required package: parallel

Attaching package: 'BiocGenerics'

The following objects are masked from 'package:parallel':

    clusterApply, clusterApplyLB, clusterCall, clusterEvalQ,
    clusterExport, clusterMap, parApply, parCapply, parLapply,
    parLapplyLB, parRapply, parSapply, parSapplyLB

The following objects are masked from 'package:stats':

    IQR, mad, sd, var, xtabs

The following objects are masked from 'package:base':

    Filter, Find, Map, Position, Reduce, anyDuplicated, append,
    as.data.frame, basename, cbind, colnames, dirname, do.call,
    duplicated, eval, evalq, get, grep, grepl, intersect, is.unsorted,
    lapply, mapply, match, mget, order, paste, pmax, pmax.int, pmin,
    pmin.int, rank, rbind, rownames, sapply, setdiff, sort, table,
    tapply, union, unique, unsplit, which.max, which.min

Loading required package: GenomicRanges
Loading required package: stats4
Loading required package: S4Vectors

Attaching package: 'S4Vectors'

The following object is masked from 'package:base':

    expand.grid

Loading required package: IRanges

Attaching package: 'IRanges'

The following object is masked from 'package:grDevices':

    windows

Loading required package: GenomeInfoDb
Loading required package: GenomicFeatures
Loading required package: AnnotationDbi
Loading required package: Biobase
Welcome to Bioconductor

    Vignettes contain introductory material; view with
    'browseVignettes()'. To cite Bioconductor, see
    'citation("Biobase")', and for packages 'citation("pkgname")'.

Loading required package: AnnotationFilter

Attaching package: 'ensembldb'

The following object is masked from 'package:stats':

    filter

Fetching data...OK
Parsing exons...OK
Defining introns...OK
Defining UTRs...OK
Defining CDS...OK
aggregating...
Done
Fetching data...OK
Parsing exons...OK
Defining introns...OK
Defining UTRs...OK
Defining CDS...OK
aggregating...
Done
Fetching data...Fetching data...OK
Parsing exons...OK
Defining introns...OK
Defining UTRs...OK
Defining CDS...OK
aggregating...
Done
Fetching data...OK
Parsing exons...OK
Defining introns...OK
Defining UTRs...OK
Defining CDS...OK
aggregating...
Done
Fetching data...OK
Parsing exons...OK
Defining introns...OK
Defining UTRs...OK
Defining CDS...OK
aggregating...
Done
Fetching data...OK
Parsing exons...OK
Defining introns...OK
Defining UTRs...OK
Defining CDS...OK
aggregating...
Done


RUNIT TEST PROTOCOL -- Tue Oct 27 20:19:51 2020 
*********************************************** 
Number of test functions: 1 
Number of errors: 0 
Number of failures: 0 

 
1 Test Suite : 
biovizBase RUnit Tests - 1 test function, 0 errors, 0 failures
Number of test functions: 1 
Number of errors: 0 
Number of failures: 0 
Warning message:
'GenenameFilter' is deprecated.
Use 'GeneNameFilter' instead.
See help("Deprecated") 
> 
> proc.time()
   user  system elapsed 
  15.71    0.64   26.03 

Example timings

biovizBase.Rcheck/examples_i386/biovizBase-Ex.timings

nameusersystemelapsed
CRC000
GCcontent0.450.050.50
addStepping-method0.870.060.93
aes-utils000
colorBlindSafePal000
containLetters000
crc1.GeRL0.030.000.03
crunch-method11.82 0.5012.33
darned_hg19_subset5000.050.000.05
flatGrl0.180.000.19
genesymbol0.050.000.05
getBioColor000
getFormalNames000
getGaps0.830.020.85
getIdeoGR0.150.000.15
getIdeogram000
hg19Ideogram0.020.000.01
hg19IdeogramCyto0.020.000.02
ideo0.060.000.06
ideoCyto0.110.000.11
isIdeogram0.000.010.01
isMatchedWithModel0.340.070.41
isSimpleIdeogram0.020.010.03
maxGap-method0.280.020.30
pileupAsGRanges000
pileupGRangesAsVariantTable000
plotColorLegend000
scale0.250.000.25
showColor000
shrinkageFun-method0.200.000.21
splitByFacets-method0.330.000.33
strip_formula_dots000
subsetArgsByFormals000
transform1.100.121.24
transformGRangesForEvenSpace0.180.000.17

biovizBase.Rcheck/examples_x64/biovizBase-Ex.timings

nameusersystemelapsed
CRC000
GCcontent0.450.130.58
addStepping-method0.730.120.86
aes-utils000
colorBlindSafePal000
containLetters000
crc1.GeRL0.110.020.13
crunch-method13.41 0.6714.20
darned_hg19_subset5000.020.000.02
flatGrl0.180.000.19
genesymbol0.040.000.03
getBioColor000
getFormalNames000
getGaps0.870.030.91
getIdeoGR0.190.030.22
getIdeogram000
hg19Ideogram0.010.000.02
hg19IdeogramCyto0.000.020.01
ideo0.040.000.03
ideoCyto0.040.000.04
isIdeogram0.000.010.02
isMatchedWithModel0.270.040.30
isSimpleIdeogram0.020.000.02
maxGap-method0.300.030.33
pileupAsGRanges000
pileupGRangesAsVariantTable000
plotColorLegend000
scale0.230.000.23
showColor000
shrinkageFun-method0.160.010.18
splitByFacets-method0.340.000.34
strip_formula_dots000
subsetArgsByFormals000
transform1.060.111.17
transformGRangesForEvenSpace0.160.000.16