Back to Multiple platform build/check report for BioC 3.12
A[B]CDEFGHIJKLMNOPQRSTUVWXYZ

CHECK report for biobroom on tokay1

This page was generated on 2020-08-10 12:19:34 -0400 (Mon, 10 Aug 2020).

TO THE DEVELOPERS/MAINTAINERS OF THE biobroom PACKAGE: Please make sure to use the following settings in order to reproduce any error or warning you see on this page.
Package 145/1882HostnameOS / ArchINSTALLBUILDCHECKBUILD BIN
biobroom 1.21.0
John D. Storey and Andrew J. Bass
Snapshot Date: 2020-08-09 14:51:29 -0400 (Sun, 09 Aug 2020)
URL: https://git.bioconductor.org/packages/biobroom
Branch: master
Last Commit: b8fc28f
Last Changed Date: 2020-04-27 14:52:30 -0400 (Mon, 27 Apr 2020)
malbec1 Linux (Ubuntu 18.04.4 LTS) / x86_64  OK  OK  OK UNNEEDED, same version exists in internal repository
nebbiolo1 Linux (Ubuntu 20.04.1 LTS) / x86_64  OK  OK  OK 
tokay1 Windows Server 2012 R2 Standard / x64  OK  OK [ WARNINGS ] OK UNNEEDED, same version exists in internal repository
merida1 macOS 10.14.6 Mojave / x86_64  OK  OK  OK  OK UNNEEDED, same version exists in internal repository

Summary

Package: biobroom
Version: 1.21.0
Command: C:\Users\biocbuild\bbs-3.12-bioc\R\bin\R.exe CMD check --force-multiarch --install=check:biobroom.install-out.txt --library=C:\Users\biocbuild\bbs-3.12-bioc\R\library --no-vignettes --timings biobroom_1.21.0.tar.gz
StartedAt: 2020-08-10 02:32:11 -0400 (Mon, 10 Aug 2020)
EndedAt: 2020-08-10 02:34:48 -0400 (Mon, 10 Aug 2020)
EllapsedTime: 156.8 seconds
RetCode: 0
Status:  WARNINGS  
CheckDir: biobroom.Rcheck
Warnings: 1

Command output

##############################################################################
##############################################################################
###
### Running command:
###
###   C:\Users\biocbuild\bbs-3.12-bioc\R\bin\R.exe CMD check --force-multiarch --install=check:biobroom.install-out.txt --library=C:\Users\biocbuild\bbs-3.12-bioc\R\library --no-vignettes --timings biobroom_1.21.0.tar.gz
###
##############################################################################
##############################################################################


* using log directory 'C:/Users/biocbuild/bbs-3.12-bioc/meat/biobroom.Rcheck'
* using R version 4.0.2 (2020-06-22)
* using platform: x86_64-w64-mingw32 (64-bit)
* using session charset: ISO8859-1
* using option '--no-vignettes'
* checking for file 'biobroom/DESCRIPTION' ... OK
* this is package 'biobroom' version '1.21.0'
* checking package namespace information ... OK
* checking package dependencies ... OK
* checking if this is a source package ... OK
* checking if there is a namespace ... OK
* checking for hidden files and directories ... OK
* checking for portable file names ... OK
* checking whether package 'biobroom' can be installed ... WARNING
Found the following significant warnings:
  Rd warning: C:/Users/biocbuild/bbs-3.12-bioc/tmpdir/RtmpWuYAjI/R.INSTALLd902df64001/biobroom/man/ExpressionSet_tidiers.Rd:17: file link 'assayDataElement' in package 'Biobase' does not exist and so has been treated as a topic
See 'C:/Users/biocbuild/bbs-3.12-bioc/meat/biobroom.Rcheck/00install.out' for details.
* checking installed package size ... OK
* checking package directory ... OK
* checking 'build' directory ... OK
* checking DESCRIPTION meta-information ... OK
* checking top-level files ... OK
* checking for left-over files ... OK
* checking index information ... OK
* checking package subdirectories ... OK
* checking R files for non-ASCII characters ... OK
* checking R files for syntax errors ... OK
* loading checks for arch 'i386'
** checking whether the package can be loaded ... OK
** checking whether the package can be loaded with stated dependencies ... OK
** checking whether the package can be unloaded cleanly ... OK
** checking whether the namespace can be loaded with stated dependencies ... OK
** checking whether the namespace can be unloaded cleanly ... OK
* loading checks for arch 'x64'
** checking whether the package can be loaded ... OK
** checking whether the package can be loaded with stated dependencies ... OK
** checking whether the package can be unloaded cleanly ... OK
** checking whether the namespace can be loaded with stated dependencies ... OK
** checking whether the namespace can be unloaded cleanly ... OK
* checking dependencies in R code ... NOTE
'library' or 'require' call to 'DESeq2' in package code.
  Please use :: or requireNamespace() instead.
  See section 'Suggested packages' in the 'Writing R Extensions' manual.
Missing or unexported object: 'dplyr::tbl_dt'
* checking S3 generic/method consistency ... OK
* checking replacement functions ... OK
* checking foreign function calls ... OK
* checking R code for possible problems ... NOTE
finish: no visible global function definition for 'tbl_dt'
glance.DGEExact: no visible global function definition for 'p.adjust'
glance.GRanges: no visible binding for global variable 'gr'
glance.GRangesList: no visible binding for global variable 'gr'
makeExampleDataSet: no visible global function definition for
  'estimateSizeFactors'
makeExampleDataSet: no visible global function definition for 'counts'
makeExampleDataSet: no visible global function definition for 'colData'
makeExampleDataSet: no visible global function definition for
  'seqnames'
makeExampleDataSet: no visible global function definition for
  'rowRanges'
makeExampleDataSet: no visible global function definition for 'start'
makeExampleDataSet: no visible global function definition for 'end'
makeExampleDataSet: no visible global function definition for 'DGEList'
makeExampleDataSet: no visible global function definition for
  'calcNormFactors'
makeExampleDataSet: no visible global function definition for
  'model.matrix'
makeExampleDataSet: no visible global function definition for 'design'
makeExampleDataSet: no visible global function definition for
  'voomWithQualityWeights'
makeExampleDataSet: no visible global function definition for 'voom'
makeExampleDataSet: no visible global function definition for 'pData<-'
makeExampleDataSet: no visible global function definition for 'fData<-'
makeExampleDataSet: no visible global function definition for 'is'
tidy.DESeqDataSet: no visible binding for global variable 'term'
tidy.DESeqDataSet: no visible binding for global variable '.'
tidy.DESeqDataSet: no visible global function definition for 'counts'
tidy.DESeqDataSet: no visible binding for global variable 'gene'
tidy.DGEList: no visible binding for global variable 'gene'
tidy.EList: no visible global function definition for 'setNames'
tidy.ExpressionSet: no visible binding for global variable 'value'
tidy.ExpressionSet: no visible binding for global variable 'gene'
tidy.ExpressionSet: no visible global function definition for 'pData'
tidy.MArrayLM: no visible binding for global variable 'term'
tidy.MArrayLM: no visible binding for global variable 'estimate'
tidy.MArrayLM: no visible binding for global variable 'gene'
tidy.MSnSet: no visible binding for global variable 'sample.id'
tidy.MSnSet: no visible binding for global variable 'value'
tidy.MSnSet: no visible binding for global variable 'protein'
tidy.MSnSet: no visible global function definition for 'pData'
tidy.RangedSummarizedExperiment: no visible binding for global variable
  'value'
tidy.RangedSummarizedExperiment: no visible binding for global variable
  'gene'
tidy.RangedSummarizedExperiment: no visible global function definition
  for 'colData'
tidy.deSet: no visible global function definition for 'exprs<-'
tidy.deSet: no visible binding for global variable 'value'
tidy.deSet: no visible binding for global variable 'gene'
tidy.deSet: no visible global function definition for 'pData'
tidy.qvalue: no visible binding for global variable 'smoothed'
tidy.qvalue: no visible binding for global variable 'pi0'
tidy.qvalue: no visible binding for global variable 'lambda'
tidy_matrix: no visible binding for global variable 'value'
tidy_matrix: no visible binding for global variable 'gene'
Undefined global functions or variables:
  . DGEList calcNormFactors colData counts design end estimate
  estimateSizeFactors exprs<- fData<- gene gr is lambda model.matrix
  p.adjust pData pData<- pi0 protein rowRanges sample.id seqnames
  setNames smoothed start tbl_dt term value voom voomWithQualityWeights
Consider adding
  importFrom("methods", "is")
  importFrom("stats", "end", "model.matrix", "p.adjust", "setNames",
             "start")
to your NAMESPACE file (and ensure that your DESCRIPTION Imports field
contains 'methods').
* checking Rd files ... OK
* checking Rd metadata ... OK
* checking Rd cross-references ... OK
* checking for missing documentation entries ... OK
* checking for code/documentation mismatches ... OK
* checking Rd \usage sections ... OK
* checking Rd contents ... OK
* checking for unstated dependencies in examples ... OK
* checking contents of 'data' directory ... OK
* checking data for non-ASCII characters ... OK
* checking data for ASCII and uncompressed saves ... OK
* checking files in 'vignettes' ... OK
* checking examples ...
** running examples for arch 'i386' ... OK
Examples with CPU (user + system) or elapsed time > 5s
                user system elapsed
DESeq2_tidiers 14.84   0.97   15.83
edgeR_tidiers   6.15   0.20    6.39
** running examples for arch 'x64' ... OK
Examples with CPU (user + system) or elapsed time > 5s
                user system elapsed
DESeq2_tidiers 11.78   0.36   12.16
* checking for unstated dependencies in 'tests' ... OK
* checking tests ...
** running tests for arch 'i386' ...
  Running 'testthat.R'
 OK
** running tests for arch 'x64' ...
  Running 'testthat.R'
 OK
* checking for unstated dependencies in vignettes ... OK
* checking package vignettes in 'inst/doc' ... OK
* checking running R code from vignettes ... SKIPPED
* checking re-building of vignette outputs ... SKIPPED
* checking PDF version of manual ... OK
* DONE

Status: 1 WARNING, 2 NOTEs
See
  'C:/Users/biocbuild/bbs-3.12-bioc/meat/biobroom.Rcheck/00check.log'
for details.



Installation output

biobroom.Rcheck/00install.out

##############################################################################
##############################################################################
###
### Running command:
###
###   C:\cygwin\bin\curl.exe -O https://malbec1.bioconductor.org/BBS/3.12/bioc/src/contrib/biobroom_1.21.0.tar.gz && rm -rf biobroom.buildbin-libdir && mkdir biobroom.buildbin-libdir && C:\Users\biocbuild\bbs-3.12-bioc\R\bin\R.exe CMD INSTALL --merge-multiarch --build --library=biobroom.buildbin-libdir biobroom_1.21.0.tar.gz && C:\Users\biocbuild\bbs-3.12-bioc\R\bin\R.exe CMD INSTALL biobroom_1.21.0.zip && rm biobroom_1.21.0.tar.gz biobroom_1.21.0.zip
###
##############################################################################
##############################################################################


  % Total    % Received % Xferd  Average Speed   Time    Time     Time  Current
                                 Dload  Upload   Total   Spent    Left  Speed

  0     0    0     0    0     0      0      0 --:--:-- --:--:-- --:--:--     0
100  217k  100  217k    0     0  3919k      0 --:--:-- --:--:-- --:--:-- 4191k

install for i386

* installing *source* package 'biobroom' ...
** using staged installation
** R
** data
*** moving datasets to lazyload DB
** byte-compile and prepare package for lazy loading
** help
*** installing help indices
  converting help for package 'biobroom'
    finding HTML links ... done
    DESeq2_tidiers                          html  
    ExpressionSet_tidiers                   html  
Rd warning: C:/Users/biocbuild/bbs-3.12-bioc/tmpdir/RtmpWuYAjI/R.INSTALLd902df64001/biobroom/man/ExpressionSet_tidiers.Rd:17: file link 'assayDataElement' in package 'Biobase' does not exist and so has been treated as a topic
    GRanges_tidiers                         html  
    MSnSet_tidiers                          html  
    SummarizedExperiment_tidiers            html  
    biobroom                                html  
    edgeR_tidiers                           html  
    edge_tidiers                            html  
    hammer                                  html  
    limma_tidiers                           html  
    list_tidiers                            html  
    qvalue_tidiers                          html  
    sva_tidiers                             html  
** building package indices
** installing vignettes
** testing if installed package can be loaded from temporary location
** testing if installed package can be loaded from final location
** testing if installed package keeps a record of temporary installation path

install for x64

* installing *source* package 'biobroom' ...
** testing if installed package can be loaded
* MD5 sums
packaged installation of 'biobroom' as biobroom_1.21.0.zip
* DONE (biobroom)
* installing to library 'C:/Users/biocbuild/bbs-3.12-bioc/R/library'
package 'biobroom' successfully unpacked and MD5 sums checked

Tests output

biobroom.Rcheck/tests_i386/testthat.Rout


R version 4.0.2 (2020-06-22) -- "Taking Off Again"
Copyright (C) 2020 The R Foundation for Statistical Computing
Platform: i386-w64-mingw32/i386 (32-bit)

R is free software and comes with ABSOLUTELY NO WARRANTY.
You are welcome to redistribute it under certain conditions.
Type 'license()' or 'licence()' for distribution details.

R is a collaborative project with many contributors.
Type 'contributors()' for more information and
'citation()' on how to cite R or R packages in publications.

Type 'demo()' for some demos, 'help()' for on-line help, or
'help.start()' for an HTML browser interface to help.
Type 'q()' to quit R.

> library("testthat")
> library("magrittr")

Attaching package: 'magrittr'

The following objects are masked from 'package:testthat':

    equals, is_less_than, not

> library("dplyr")

Attaching package: 'dplyr'

The following object is masked from 'package:testthat':

    matches

The following objects are masked from 'package:stats':

    filter, lag

The following objects are masked from 'package:base':

    intersect, setdiff, setequal, union

> library("DESeq2")
Loading required package: S4Vectors
Loading required package: stats4
Loading required package: BiocGenerics
Loading required package: parallel

Attaching package: 'BiocGenerics'

The following objects are masked from 'package:parallel':

    clusterApply, clusterApplyLB, clusterCall, clusterEvalQ,
    clusterExport, clusterMap, parApply, parCapply, parLapply,
    parLapplyLB, parRapply, parSapply, parSapplyLB

The following objects are masked from 'package:dplyr':

    combine, intersect, setdiff, union

The following objects are masked from 'package:stats':

    IQR, mad, sd, var, xtabs

The following objects are masked from 'package:base':

    Filter, Find, Map, Position, Reduce, anyDuplicated, append,
    as.data.frame, basename, cbind, colnames, dirname, do.call,
    duplicated, eval, evalq, get, grep, grepl, intersect, is.unsorted,
    lapply, mapply, match, mget, order, paste, pmax, pmax.int, pmin,
    pmin.int, rank, rbind, rownames, sapply, setdiff, sort, table,
    tapply, union, unique, unsplit, which.max, which.min


Attaching package: 'S4Vectors'

The following objects are masked from 'package:dplyr':

    first, rename

The following object is masked from 'package:base':

    expand.grid

Loading required package: IRanges

Attaching package: 'IRanges'

The following objects are masked from 'package:dplyr':

    collapse, desc, slice

The following object is masked from 'package:grDevices':

    windows

Loading required package: GenomicRanges
Loading required package: GenomeInfoDb
Loading required package: SummarizedExperiment
Loading required package: Biobase
Welcome to Bioconductor

    Vignettes contain introductory material; view with
    'browseVignettes()'. To cite Bioconductor, see
    'citation("Biobase")', and for packages 'citation("pkgname")'.

Loading required package: DelayedArray
Loading required package: Matrix

Attaching package: 'Matrix'

The following object is masked from 'package:S4Vectors':

    expand

Loading required package: matrixStats

Attaching package: 'matrixStats'

The following objects are masked from 'package:Biobase':

    anyMissing, rowMedians

The following object is masked from 'package:dplyr':

    count


Attaching package: 'DelayedArray'

The following objects are masked from 'package:matrixStats':

    colMaxs, colMins, colRanges, rowMaxs, rowMins, rowRanges

The following objects are masked from 'package:base':

    aperm, apply, rowsum

> library("edgeR")
Loading required package: limma

Attaching package: 'limma'

The following object is masked from 'package:DESeq2':

    plotMA

The following object is masked from 'package:BiocGenerics':

    plotMA

> library("Biobase")
> library("biobroom")
Loading required package: broom
Registered S3 methods overwritten by 'biobroom':
  method      from 
  glance.list broom
  tidy.list   broom
> 
> test_check("biobroom")
== testthat results  ===========================================================
[ OK: 52 | SKIPPED: 0 | WARNINGS: 15 | FAILED: 0 ]
> 
> 
> proc.time()
   user  system elapsed 
  16.96    1.23   18.18 

biobroom.Rcheck/tests_x64/testthat.Rout


R version 4.0.2 (2020-06-22) -- "Taking Off Again"
Copyright (C) 2020 The R Foundation for Statistical Computing
Platform: x86_64-w64-mingw32/x64 (64-bit)

R is free software and comes with ABSOLUTELY NO WARRANTY.
You are welcome to redistribute it under certain conditions.
Type 'license()' or 'licence()' for distribution details.

R is a collaborative project with many contributors.
Type 'contributors()' for more information and
'citation()' on how to cite R or R packages in publications.

Type 'demo()' for some demos, 'help()' for on-line help, or
'help.start()' for an HTML browser interface to help.
Type 'q()' to quit R.

> library("testthat")
> library("magrittr")

Attaching package: 'magrittr'

The following objects are masked from 'package:testthat':

    equals, is_less_than, not

> library("dplyr")

Attaching package: 'dplyr'

The following object is masked from 'package:testthat':

    matches

The following objects are masked from 'package:stats':

    filter, lag

The following objects are masked from 'package:base':

    intersect, setdiff, setequal, union

> library("DESeq2")
Loading required package: S4Vectors
Loading required package: stats4
Loading required package: BiocGenerics
Loading required package: parallel

Attaching package: 'BiocGenerics'

The following objects are masked from 'package:parallel':

    clusterApply, clusterApplyLB, clusterCall, clusterEvalQ,
    clusterExport, clusterMap, parApply, parCapply, parLapply,
    parLapplyLB, parRapply, parSapply, parSapplyLB

The following objects are masked from 'package:dplyr':

    combine, intersect, setdiff, union

The following objects are masked from 'package:stats':

    IQR, mad, sd, var, xtabs

The following objects are masked from 'package:base':

    Filter, Find, Map, Position, Reduce, anyDuplicated, append,
    as.data.frame, basename, cbind, colnames, dirname, do.call,
    duplicated, eval, evalq, get, grep, grepl, intersect, is.unsorted,
    lapply, mapply, match, mget, order, paste, pmax, pmax.int, pmin,
    pmin.int, rank, rbind, rownames, sapply, setdiff, sort, table,
    tapply, union, unique, unsplit, which.max, which.min


Attaching package: 'S4Vectors'

The following objects are masked from 'package:dplyr':

    first, rename

The following object is masked from 'package:base':

    expand.grid

Loading required package: IRanges

Attaching package: 'IRanges'

The following objects are masked from 'package:dplyr':

    collapse, desc, slice

The following object is masked from 'package:grDevices':

    windows

Loading required package: GenomicRanges
Loading required package: GenomeInfoDb
Loading required package: SummarizedExperiment
Loading required package: Biobase
Welcome to Bioconductor

    Vignettes contain introductory material; view with
    'browseVignettes()'. To cite Bioconductor, see
    'citation("Biobase")', and for packages 'citation("pkgname")'.

Loading required package: DelayedArray
Loading required package: Matrix

Attaching package: 'Matrix'

The following object is masked from 'package:S4Vectors':

    expand

Loading required package: matrixStats

Attaching package: 'matrixStats'

The following objects are masked from 'package:Biobase':

    anyMissing, rowMedians

The following object is masked from 'package:dplyr':

    count


Attaching package: 'DelayedArray'

The following objects are masked from 'package:matrixStats':

    colMaxs, colMins, colRanges, rowMaxs, rowMins, rowRanges

The following objects are masked from 'package:base':

    aperm, apply, rowsum

> library("edgeR")
Loading required package: limma

Attaching package: 'limma'

The following object is masked from 'package:DESeq2':

    plotMA

The following object is masked from 'package:BiocGenerics':

    plotMA

> library("Biobase")
> library("biobroom")
Loading required package: broom
Registered S3 methods overwritten by 'biobroom':
  method      from 
  glance.list broom
  tidy.list   broom
> 
> test_check("biobroom")
== testthat results  ===========================================================
[ OK: 52 | SKIPPED: 0 | WARNINGS: 15 | FAILED: 0 ]
> 
> 
> proc.time()
   user  system elapsed 
   17.5     0.5    18.0 

Example timings

biobroom.Rcheck/examples_i386/biobroom-Ex.timings

nameusersystemelapsed
DESeq2_tidiers14.84 0.9715.83
ExpressionSet_tidiers1.800.081.87
GRanges_tidiers0.020.000.01
MSnSet_tidiers3.950.474.47
SummarizedExperiment_tidiers000
edgeR_tidiers6.150.206.39
limma_tidiers0.470.000.46
qvalue_tidiers0.790.160.96

biobroom.Rcheck/examples_x64/biobroom-Ex.timings

nameusersystemelapsed
DESeq2_tidiers11.78 0.3612.16
ExpressionSet_tidiers1.470.021.48
GRanges_tidiers000
MSnSet_tidiers1.780.081.85
SummarizedExperiment_tidiers000
edgeR_tidiers4.720.064.79
limma_tidiers0.280.000.28
qvalue_tidiers0.480.040.53