Back to Multiple platform build/check report for BioC 3.12
[A]BCDEFGHIJKLMNOPQRSTUVWXYZ

BUILD report for atSNP on nebbiolo1

This page was generated on 2020-10-14 11:13:38 -0400 (Wed, 14 Oct 2020).

TO THE DEVELOPERS/MAINTAINERS OF THE atSNP PACKAGE: Please make sure to use the following settings in order to reproduce any error or warning you see on this page.
Package 96/1930HostnameOS / ArchINSTALLBUILDCHECKBUILD BIN
atSNP 1.5.0
Sunyoung Shin
Snapshot Date: 2020-10-13 14:40:34 -0400 (Tue, 13 Oct 2020)
URL: https://git.bioconductor.org/packages/atSNP
Branch: master
Last Commit: 47ff98d
Last Changed Date: 2020-04-27 15:23:26 -0400 (Mon, 27 Apr 2020)
malbec1 Linux (Ubuntu 18.04.4 LTS) / x86_64  OK  ERROR  skipped 
nebbiolo1 Linux (Ubuntu 20.04.1 LTS) / x86_64  OK [ ERROR ] skipped 
tokay1 Windows Server 2012 R2 Standard / x64  OK  OK  OK  NA 
riesling1 Windows Server 2019 Standard / x64  OK  OK  OK  OK 
merida1 macOS 10.14.6 Mojave / x86_64  OK  OK  OK  NA 

Summary

Package: atSNP
Version: 1.5.0
Command: /home/biocbuild/bbs-3.12-bioc/R/bin/R CMD build --keep-empty-dirs --no-resave-data atSNP
StartedAt: 2020-10-13 19:27:30 -0400 (Tue, 13 Oct 2020)
EndedAt: 2020-10-13 19:29:29 -0400 (Tue, 13 Oct 2020)
EllapsedTime: 119.5 seconds
RetCode: 1
Status:  ERROR 
PackageFile: None
PackageFileSize: NA

Command output

##############################################################################
##############################################################################
###
### Running command:
###
###   /home/biocbuild/bbs-3.12-bioc/R/bin/R CMD build --keep-empty-dirs --no-resave-data atSNP
###
##############################################################################
##############################################################################


* checking for file ‘atSNP/DESCRIPTION’ ... OK
* preparing ‘atSNP’:
* checking DESCRIPTION meta-information ... OK
* cleaning src
* installing the package to build vignettes
* creating vignettes ... ERROR
--- re-building ‘atsnp-vignette.rmd’ using rmarkdown
Quitting from lines 284-287 (atsnp-vignette.rmd) 
Error: processing vignette 'atsnp-vignette.rmd' failed with diagnostics:
R: cache resources exhausted `' @ error/cache.c/OpenPixelCache/4083
--- failed re-building ‘atsnp-vignette.rmd’

SUMMARY: processing the following file failed:
  ‘atsnp-vignette.rmd’

Error: Vignette re-building failed.
Execution halted