Back to Multiple platform build/check report for BioC 3.12
[A]BCDEFGHIJKLMNOPQRSTUVWXYZ

CHECK report for artMS on nebbiolo1

This page was generated on 2020-09-19 10:18:06 -0400 (Sat, 19 Sep 2020).

TO THE DEVELOPERS/MAINTAINERS OF THE artMS PACKAGE: Please make sure to use the following settings in order to reproduce any error or warning you see on this page.
Package 84/1912HostnameOS / ArchINSTALLBUILDCHECKBUILD BIN
artMS 1.7.5
David Jimenez-Morales
Snapshot Date: 2020-09-18 14:43:25 -0400 (Fri, 18 Sep 2020)
URL: https://git.bioconductor.org/packages/artMS
Branch: master
Last Commit: 4ab9bd7
Last Changed Date: 2020-05-21 01:16:54 -0400 (Thu, 21 May 2020)
malbec1 Linux (Ubuntu 18.04.4 LTS) / x86_64  OK  OK  WARNINGS UNNEEDED, same version exists in internal repository
nebbiolo1 Linux (Ubuntu 20.04.1 LTS) / x86_64  OK  OK [ WARNINGS ]
tokay1 Windows Server 2012 R2 Standard / x64  OK  OK  WARNINGS  OK UNNEEDED, same version exists in internal repository
riesling1 Windows Server 2019 Standard / x64  OK  OK  WARNINGS  OK 
merida1 macOS 10.14.6 Mojave / x86_64  OK  OK  WARNINGS  OK UNNEEDED, same version exists in internal repository

Summary

Package: artMS
Version: 1.7.5
Command: /home/biocbuild/bbs-3.12-bioc/R/bin/R CMD check --install=check:artMS.install-out.txt --library=/home/biocbuild/bbs-3.12-bioc/R/library --no-vignettes --timings artMS_1.7.5.tar.gz
StartedAt: 2020-09-18 22:12:21 -0400 (Fri, 18 Sep 2020)
EndedAt: 2020-09-18 22:15:13 -0400 (Fri, 18 Sep 2020)
EllapsedTime: 172.2 seconds
RetCode: 0
Status:  WARNINGS 
CheckDir: artMS.Rcheck
Warnings: 1

Command output

##############################################################################
##############################################################################
###
### Running command:
###
###   /home/biocbuild/bbs-3.12-bioc/R/bin/R CMD check --install=check:artMS.install-out.txt --library=/home/biocbuild/bbs-3.12-bioc/R/library --no-vignettes --timings artMS_1.7.5.tar.gz
###
##############################################################################
##############################################################################


* using log directory ‘/home/biocbuild/bbs-3.12-bioc/meat/artMS.Rcheck’
* using R version 4.0.2 (2020-06-22)
* using platform: x86_64-pc-linux-gnu (64-bit)
* using session charset: UTF-8
* using option ‘--no-vignettes’
* checking for file ‘artMS/DESCRIPTION’ ... OK
* checking extension type ... Package
* this is package ‘artMS’ version ‘1.7.5’
* package encoding: UTF-8
* checking package namespace information ... OK
* checking package dependencies ... OK
* checking if this is a source package ... OK
* checking if there is a namespace ... OK
* checking for hidden files and directories ... OK
* checking for portable file names ... OK
* checking for sufficient/correct file permissions ... OK
* checking whether package ‘artMS’ can be installed ... WARNING
Found the following significant warnings:
  Warning: replacing previous import ‘ComplexHeatmap::pheatmap’ by ‘pheatmap::pheatmap’ when loading ‘artMS’
See ‘/home/biocbuild/bbs-3.12-bioc/meat/artMS.Rcheck/00install.out’ for details.
* checking installed package size ... NOTE
  installed size is  6.5Mb
  sub-directories of 1Mb or more:
    data   5.9Mb
* checking package directory ... OK
* checking ‘build’ directory ... OK
* checking DESCRIPTION meta-information ... OK
* checking top-level files ... OK
* checking for left-over files ... OK
* checking index information ... OK
* checking package subdirectories ... OK
* checking R files for non-ASCII characters ... OK
* checking R files for syntax errors ... OK
* checking whether the package can be loaded ... OK
* checking whether the package can be loaded with stated dependencies ... OK
* checking whether the package can be unloaded cleanly ... OK
* checking whether the namespace can be loaded with stated dependencies ... OK
* checking whether the namespace can be unloaded cleanly ... OK
* checking dependencies in R code ... OK
* checking S3 generic/method consistency ... OK
* checking replacement functions ... OK
* checking foreign function calls ... OK
* checking R code for possible problems ... OK
* checking Rd files ... OK
* checking Rd metadata ... OK
* checking Rd cross-references ... OK
* checking for missing documentation entries ... OK
* checking for code/documentation mismatches ... OK
* checking Rd \usage sections ... OK
* checking Rd contents ... OK
* checking for unstated dependencies in examples ... OK
* checking contents of ‘data’ directory ... OK
* checking data for non-ASCII characters ... OK
* checking data for ASCII and uncompressed saves ... OK
* checking files in ‘vignettes’ ... OK
* checking examples ... OK
* checking for unstated dependencies in ‘tests’ ... OK
* checking tests ...
  Running ‘testthat.R’
 OK
* checking for unstated dependencies in vignettes ... OK
* checking package vignettes in ‘inst/doc’ ... OK
* checking running R code from vignettes ... SKIPPED
* checking re-building of vignette outputs ... SKIPPED
* checking PDF version of manual ... OK
* DONE

Status: 1 WARNING, 1 NOTE
See
  ‘/home/biocbuild/bbs-3.12-bioc/meat/artMS.Rcheck/00check.log’
for details.



Installation output

artMS.Rcheck/00install.out

##############################################################################
##############################################################################
###
### Running command:
###
###   /home/biocbuild/bbs-3.12-bioc/R/bin/R CMD INSTALL artMS
###
##############################################################################
##############################################################################


* installing to library ‘/home/biocbuild/bbs-3.12-bioc/R/library’
* installing *source* package ‘artMS’ ...
** using staged installation
** R
** data
*** moving datasets to lazyload DB
** inst
** byte-compile and prepare package for lazy loading
Warning: replacing previous import ‘ComplexHeatmap::pheatmap’ by ‘pheatmap::pheatmap’ when loading ‘artMS’
** help
*** installing help indices
** building package indices
** installing vignettes
** testing if installed package can be loaded from temporary location
Warning: replacing previous import ‘ComplexHeatmap::pheatmap’ by ‘pheatmap::pheatmap’ when loading ‘artMS’
** testing if installed package can be loaded from final location
Warning: replacing previous import ‘ComplexHeatmap::pheatmap’ by ‘pheatmap::pheatmap’ when loading ‘artMS’
** testing if installed package keeps a record of temporary installation path
* DONE (artMS)

Tests output

artMS.Rcheck/tests/testthat.Rout


R version 4.0.2 (2020-06-22) -- "Taking Off Again"
Copyright (C) 2020 The R Foundation for Statistical Computing
Platform: x86_64-pc-linux-gnu (64-bit)

R is free software and comes with ABSOLUTELY NO WARRANTY.
You are welcome to redistribute it under certain conditions.
Type 'license()' or 'licence()' for distribution details.

R is a collaborative project with many contributors.
Type 'contributors()' for more information and
'citation()' on how to cite R or R packages in publications.

Type 'demo()' for some demos, 'help()' for on-line help, or
'help.start()' for an HTML browser interface to help.
Type 'q()' to quit R.

> library(testthat)
> library(artMS)


Warning message:
replacing previous import 'ComplexHeatmap::pheatmap' by 'pheatmap::pheatmap' when loading 'artMS' 
> 
> test_check("artMS")
══ testthat results  ═══════════════════════════════════════════════════════════
[ OK: 2 | SKIPPED: 0 | WARNINGS: 0 | FAILED: 0 ]
> 
> proc.time()
   user  system elapsed 
  6.971   0.416   7.372 

Example timings

artMS.Rcheck/artMS-Ex.timings

nameusersystemelapsed
artmsAnalysisQuantifications0.0050.0000.005
artmsAnnotateSpecie0.0020.0040.007
artmsAnnotationUniprot3.1140.2283.343
artmsAvgIntensityRT1.4670.0041.477
artmsChangeColumnName0.0010.0000.000
artmsConvertMetabolomics0.0010.0000.001
artmsDataPlots0.0000.0000.001
artmsEnrichLog2fc0.3380.0163.541
artmsEnrichProfiler0.2120.0002.032
artmsEvidenceToSAINTq0.0020.0000.002
artmsEvidenceToSaintExpress0.0010.0000.001
artmsFilterEvidenceContaminants0.1240.0000.124
artmsGeneratePhSiteExtended0.0000.0000.001
artmsIsEvidenceNewVersion0.0020.0000.002
artmsIsSpeciesSupported0.7300.0760.806
artmsLeaveOnlyUniprotEntryID0.0020.0000.002
artmsMapUniprot2Entrez0.1630.0000.163
artmsMergeEvidenceAndKeys0.060.000.06
artmsMsstatsSummary0.0020.0000.002
artmsPhosfateOutput000
artmsPhotonOutput0.0000.0000.001
artmsPlotHeatmapQuant0.2700.0080.277
artmsProtein2SiteConversion0.0020.0000.002
artmsQualityControlEvidenceBasic0.9500.0200.969
artmsQualityControlEvidenceExtended0.0050.0000.005
artmsQualityControlMetabolomics0.0010.0000.001
artmsQualityControlSummaryExtended0.0020.0000.002
artmsQuantification000
artmsResultsWide0.2620.0120.274
artmsSILACtoLong000
artmsSpectralCounts0.1330.0000.134
artmsVolcanoPlot0.180.000.18
artmsWriteConfigYamlFile0.0000.0010.000