Back to Multiple platform build/check report for BioC 3.12
ABCDEFGHIJKLMNO[P]QRSTUVWXYZ

CHECK report for PING on nebbiolo1

This page was generated on 2021-01-19 11:54:06 -0500 (Tue, 19 Jan 2021).

TO THE DEVELOPERS/MAINTAINERS OF THE PING PACKAGE: Please make sure to use the following settings in order to reproduce any error or warning you see on this page.
Package 1350/1974HostnameOS / ArchINSTALLBUILDCHECKBUILD BIN
PING 2.34.0
Renan Sauteraud
Snapshot Date: 2021-01-18 14:42:24 -0500 (Mon, 18 Jan 2021)
URL: https://git.bioconductor.org/packages/PING
Branch: RELEASE_3_12
Last Commit: e862317
Last Changed Date: 2020-10-27 10:44:58 -0500 (Tue, 27 Oct 2020)
malbec1 Linux (Ubuntu 18.04.5 LTS) / x86_64  OK  OK  WARNINGS UNNEEDED, same version exists in internal repository
nebbiolo1 Linux (Ubuntu 20.04.1 LTS) / x86_64  OK  OK [ WARNINGS ]
tokay1 Windows Server 2012 R2 Standard / x64  OK  OK  WARNINGS  OK UNNEEDED, same version exists in internal repository
merida1 macOS 10.14.6 Mojave / x86_64  OK  OK  WARNINGS  OK UNNEEDED, same version exists in internal repository

Summary

Package: PING
Version: 2.34.0
Command: /home/biocbuild/bbs-3.12-bioc/R/bin/R CMD check --install=check:PING.install-out.txt --library=/home/biocbuild/bbs-3.12-bioc/R/library --no-vignettes --timings PING_2.34.0.tar.gz
StartedAt: 2021-01-18 22:38:28 -0500 (Mon, 18 Jan 2021)
EndedAt: 2021-01-18 22:43:13 -0500 (Mon, 18 Jan 2021)
EllapsedTime: 284.9 seconds
RetCode: 0
Status:  WARNINGS 
CheckDir: PING.Rcheck
Warnings: 4

Command output

##############################################################################
##############################################################################
###
### Running command:
###
###   /home/biocbuild/bbs-3.12-bioc/R/bin/R CMD check --install=check:PING.install-out.txt --library=/home/biocbuild/bbs-3.12-bioc/R/library --no-vignettes --timings PING_2.34.0.tar.gz
###
##############################################################################
##############################################################################


* using log directory ‘/home/biocbuild/bbs-3.12-bioc/meat/PING.Rcheck’
* using R version 4.0.3 (2020-10-10)
* using platform: x86_64-pc-linux-gnu (64-bit)
* using session charset: UTF-8
* using option ‘--no-vignettes’
* checking for file ‘PING/DESCRIPTION’ ... OK
* checking extension type ... Package
* this is package ‘PING’ version ‘2.34.0’
* checking package namespace information ... OK
* checking package dependencies ... OK
* checking if this is a source package ... OK
* checking if there is a namespace ... OK
* checking for hidden files and directories ... OK
* checking for portable file names ... OK
* checking for sufficient/correct file permissions ... OK
* checking whether package ‘PING’ can be installed ... WARNING
Found the following significant warnings:
  ping.c:145:40: warning: suggest parentheses around comparison in operand of ‘&’ [-Wparentheses]
See ‘/home/biocbuild/bbs-3.12-bioc/meat/PING.Rcheck/00install.out’ for details.
* checking installed package size ... NOTE
  installed size is  5.8Mb
  sub-directories of 1Mb or more:
    extdata   4.7Mb
* checking package directory ... OK
* checking DESCRIPTION meta-information ... OK
* checking top-level files ... OK
* checking for left-over files ... OK
* checking index information ... OK
* checking package subdirectories ... OK
* checking R files for non-ASCII characters ... OK
* checking R files for syntax errors ... OK
* checking whether the package can be loaded ... OK
* checking whether the package can be loaded with stated dependencies ... OK
* checking whether the package can be unloaded cleanly ... OK
* checking whether the namespace can be loaded with stated dependencies ... NOTE
Warning: no function found corresponding to methods exports from 'PING' for: 'show'

A namespace must be able to be loaded with just the base namespace
loaded: otherwise if the namespace gets loaded by a saved object, the
session will be unable to start.

Probably some imports need to be declared in the NAMESPACE file.
* checking whether the namespace can be unloaded cleanly ... OK
* checking dependencies in R code ... NOTE
Namespaces in Imports field not imported from:
  'BSgenome' 'BiocGenerics' 'GenomicRanges' 'IRanges' 'S4Vectors' 'fda'
  'methods' 'stats' 'stats4'
  All declared Imports should be used.
* checking S3 generic/method consistency ... OK
* checking replacement functions ... OK
* checking foreign function calls ... OK
* checking R code for possible problems ... NOTE
plot,ping-segReads: warning in symbols((map[, 1] + map[, 2])/2,
  rep(0.35, nMap), rectangle = cbind(map[, 2] - map[, 1], rep(0.6,
  nMap)), inches = FALSE, bg = grey(0.6), fg = 0, add = TRUE, xlim =
  c(m, M), ylim = c(0, 1)): partial argument match of 'rectangle' to
  'rectangles'
plot,ping-segReads : <anonymous>: warning in symbols(x@estimates$mu +
  shift * se(x), rep(0.5, K), rec = matrix(rep(c(147, 0.8), K), ncol =
  2, byrow = TRUE), inches = FALSE, bg = 0, fg = grey(abs(shift) *
  se(x)/(3 * (se(x)))), add = TRUE, xlim = c(m, M), ylim = c(0, 1), lwd
  = 2): partial argument match of 'rec' to 'rectangles'
plot,ping-segReads: warning in symbols(x@estimates$mu, rep(0.5, K), rec
  = matrix(rep(c(147, 0.8), K), ncol = 2, byrow = TRUE), inches =
  FALSE, bg = "white", fg = grey(abs(0)), add = TRUE, xlim = c(m, M),
  ylim = c(0, 1)): partial argument match of 'rec' to 'rectangles'
CoverageTrack: no visible global function definition for 'resize'
CoverageTrack: no visible global function definition for 'seqnames'
CoverageTrack: no visible global function definition for 'start'
CoverageTrack: no visible global function definition for 'coverage'
CoverageTrack: no visible global function definition for 'width'
FilterPING: no visible global function definition for 'quantile'
NucleosomeTrack: no visible global function definition for 'as'
PostDelta: no visible global function definition for 'head'
PostDelta: no visible global function definition for 'as'
PostDup: no visible global function definition for 'head'
PostDup: no visible global function definition for 'as'
PostError: no visible global function definition for 'head'
PostError: no visible global function definition for 'summarySeg'
PostError: no visible global function definition for 'as'
PostSigma: no visible global function definition for 'head'
PostSigma: no visible global function definition for 'as'
RawReadsTrack: no visible global function definition for 'seqnames'
RawReadsTrack: no visible global function definition for 'start'
RawReadsTrack: no visible global function definition for 'end'
RawReadsTrack: no visible global function definition for 'strand'
make.thickthin: no visible global function definition for 'as.roman'
newPing: no visible global function definition for 'new'
newPingError: no visible global function definition for 'new'
newPingList: no visible global function definition for 'new'
postPING: no visible global function definition for 'as'
segmentPING: no visible global function definition for 'var'
segmentPING: no visible global function definition for 'seqlevels'
segmentPING: no visible global function definition for 'IRanges'
segmentPING: no visible global function definition for 'start'
segmentPING: no visible global function definition for 'end'
segmentPING: no visible global function definition for
  'candidate.region'
segmentPING: no visible global function definition for 'segChrRead'
segmentPING: no visible global function definition for 'segReadsListPE'
truncateResult: no visible global function definition for 'read.table'
as.data.frame,pingList: no visible global function definition for 'as'
plot,data.frame-data.frame: no visible global function definition for
  'pingFDR2'
plot,data.frame-data.frame: no visible global function definition for
  'tail'
plot,data.frame-data.frame: no visible global function definition for
  'head'
plot,ping-segReads : .densityMix: no visible global function definition
  for 'dt'
plot,ping-segReads: no visible global function definition for 'tail'
plot,pingError-segReads: no visible global function definition for
  'tail'
plot,pingList-pingList: no visible global function definition for
  'pingFDR'
show,pingList: no visible global function definition for 'getSlots'
summary,segReads: no visible global function definition for 'tail'
Undefined global functions or variables:
  IRanges as as.roman candidate.region coverage dt end getSlots head
  new pingFDR pingFDR2 quantile read.table resize segChrRead
  segReadsListPE seqlevels seqnames start strand summarySeg tail var
  width
Consider adding
  importFrom("methods", "as", "getSlots", "new")
  importFrom("stats", "dt", "end", "quantile", "start", "var")
  importFrom("utils", "as.roman", "head", "read.table", "tail")
to your NAMESPACE file (and ensure that your DESCRIPTION Imports field
contains 'methods').
* checking Rd files ... OK
* checking Rd metadata ... OK
* checking Rd cross-references ... OK
* checking for missing documentation entries ... WARNING
Undocumented code objects:
  'CoverageTrack' 'NucleosomeTrack' 'PING' 'RawReadsTrack'
  'makeGRangesOutput' 'newPing' 'newPingError' 'newPingList'
  'plotSummary' 'segmentPING'
Undocumented S4 classes:
  'pingList' 'ping' 'pingError'
Undocumented S4 methods:
  generic '[' and siglist 'pingList,ANY,ANY,ANY'
  generic 'as.data.frame' and siglist 'pingList'
  generic 'density' and siglist 'ping'
  generic 'density' and siglist 'pingError'
  generic 'density' and siglist 'pingList'
  generic 'plot' and siglist 'data.frame,data.frame'
  generic 'plot' and siglist 'ping,segReads'
  generic 'plot' and siglist 'pingError,segReads'
  generic 'plot' and siglist 'pingList,pingList'
  generic 'plot' and siglist 'pingList,segReadsList'
  generic 'show' and siglist 'pingList'
  generic 'summary' and siglist 'ping'
  generic 'summary' and siglist 'pingList'
  generic 'summary' and siglist 'segReads'
All user-level objects in a package (including S4 classes and methods)
should have documentation entries.
See chapter ‘Writing R documentation files’ in the ‘Writing R
Extensions’ manual.
* checking for code/documentation mismatches ... OK
* checking Rd \usage sections ... WARNING
Documented arguments not in \usage in documentation object 'postPING':
  ‘minK’ ‘maxK’ ‘tol’ ‘B’ ‘mSelect’ ‘mergePeaks’ ‘mapCorrect’ ‘xi’
  ‘rho’ ‘alpha’ ‘beta’ ‘lambda’ ‘dMu’

Functions with \usage entries need to have the appropriate \alias
entries, and all their arguments documented.
The \usage entries must correspond to syntactically valid R code.
See chapter ‘Writing R documentation files’ in the ‘Writing R
Extensions’ manual.
* checking Rd contents ... OK
* checking for unstated dependencies in examples ... OK
* checking line endings in shell scripts ... OK
* checking line endings in C/C++/Fortran sources/headers ... OK
* checking line endings in Makefiles ... OK
* checking compilation flags in Makevars ... OK
* checking for GNU extensions in Makefiles ... OK
* checking for portable use of $(BLAS_LIBS) and $(LAPACK_LIBS) ... OK
* checking use of PKG_*FLAGS in Makefiles ... OK
* checking compiled code ... NOTE
Note: information on .o files is not available
* checking files in ‘vignettes’ ... WARNING
Files in the 'vignettes' directory but no files in 'inst/doc':
  ‘PING.Rmd’
Package has no Sweave vignette sources and no VignetteBuilder field.
* checking examples ... NONE
* checking PDF version of manual ... OK
* DONE

Status: 4 WARNINGs, 5 NOTEs
See
  ‘/home/biocbuild/bbs-3.12-bioc/meat/PING.Rcheck/00check.log’
for details.



Installation output

PING.Rcheck/00install.out

##############################################################################
##############################################################################
###
### Running command:
###
###   /home/biocbuild/bbs-3.12-bioc/R/bin/R CMD INSTALL PING
###
##############################################################################
##############################################################################


* installing to library ‘/home/biocbuild/bbs-3.12-bioc/R/library’
* installing *source* package ‘PING’ ...
** using staged installation
checking for pkg-config... /usr/bin/pkg-config
checking pkg-config is at least version 0.9.0... yes
checking for GSL... yes
configure: creating ./config.status
config.status: creating src/Makevars
** libs
gcc -I"/home/biocbuild/bbs-3.12-bioc/R/include" -DNDEBUG   -I/usr/local/include   -fpic  -g -O2  -Wall -c init.c -o init.o
gcc -I"/home/biocbuild/bbs-3.12-bioc/R/include" -DNDEBUG   -I/usr/local/include   -fpic  -g -O2  -Wall -c ping.c -o ping.o
ping.c: In function ‘fitModelAllk’:
ping.c:145:40: warning: suggest parentheses around comparison in operand of ‘&’ [-Wparentheses]
  145 |   if( REAL(VECTOR_ELT(paraPrior, 5))[0]>0 & REAL(VECTOR_ELT(paraEM, 0))[0]==0) // automatically decide minK and maxKK for histone data, when minK=0
      |       ~~~~~~~~~~~~~~~~~~~~~~~~~~~~~~~~~^~
ping.c: In function ‘ECM2’:
ping.c:1536:9: warning: variable ‘chiSum’ set but not used [-Wunused-but-set-variable]
 1536 |  double chiSum = 0, etaF, etaR, dd, cc;
      |         ^~~~~~
ping.c: In function ‘mergePeak’:
ping.c:3280:20: warning: variable ‘tstatMax’ set but not used [-Wunused-but-set-variable]
 3280 |   double tstat=0.0,tstatMax=0.0;
      |                    ^~~~~~~~
ping.c: In function ‘fitModelK’:
ping.c:477:18: warning: ‘firstFit’ may be used uninitialized in this function [-Wmaybe-uninitialized]
  477 |  SEXP ans, temp, firstFit;
      |                  ^~~~~~~~
gcc -shared -L/home/biocbuild/bbs-3.12-bioc/R/lib -L/usr/local/lib -o PING.so init.o ping.o -lgsl -lgslcblas -lm -L/home/biocbuild/bbs-3.12-bioc/R/lib -lR
installing to /home/biocbuild/bbs-3.12-bioc/R/library/00LOCK-PING/00new/PING/libs
** R
** inst
** byte-compile and prepare package for lazy loading
** help
*** installing help indices
** building package indices
** installing vignettes
** testing if installed package can be loaded from temporary location
** checking absolute paths in shared objects and dynamic libraries
** testing if installed package can be loaded from final location
** testing if installed package keeps a record of temporary installation path
* DONE (PING)

Tests output


Example timings