Back to Multiple platform build/check report for BioC 3.12
AB[C]DEFGHIJKLMNOPQRSTUVWXYZ

CHECK report for CAGEr on tokay1

This page was generated on 2020-08-12 11:40:35 -0400 (Wed, 12 Aug 2020).

TO THE DEVELOPERS/MAINTAINERS OF THE CAGEr PACKAGE: Please make sure to use the following settings in order to reproduce any error or warning you see on this page.
Package 214/1885HostnameOS / ArchINSTALLBUILDCHECKBUILD BIN
CAGEr 1.31.4
Vanja Haberle , Charles Plessy , Damir Baranasic , Sarvesh Nikumbh
Snapshot Date: 2020-08-11 14:50:16 -0400 (Tue, 11 Aug 2020)
URL: https://git.bioconductor.org/packages/CAGEr
Branch: master
Last Commit: f845b5c
Last Changed Date: 2020-07-14 02:01:55 -0400 (Tue, 14 Jul 2020)
malbec1 Linux (Ubuntu 18.04.4 LTS) / x86_64  OK  OK  OK UNNEEDED, same version exists in internal repository
nebbiolo1 Linux (Ubuntu 20.04.1 LTS) / x86_64  OK  OK  OK 
tokay1 Windows Server 2012 R2 Standard / x64  OK  OK [ WARNINGS ] OK UNNEEDED, same version exists in internal repository
merida1 macOS 10.14.6 Mojave / x86_64  OK  OK  OK  OK UNNEEDED, same version exists in internal repository

Summary

Package: CAGEr
Version: 1.31.4
Command: C:\Users\biocbuild\bbs-3.12-bioc\R\bin\R.exe CMD check --force-multiarch --install=check:CAGEr.install-out.txt --library=C:\Users\biocbuild\bbs-3.12-bioc\R\library --no-vignettes --timings CAGEr_1.31.4.tar.gz
StartedAt: 2020-08-12 01:03:01 -0400 (Wed, 12 Aug 2020)
EndedAt: 2020-08-12 01:16:17 -0400 (Wed, 12 Aug 2020)
EllapsedTime: 796.5 seconds
RetCode: 0
Status:  WARNINGS  
CheckDir: CAGEr.Rcheck
Warnings: 1

Command output

##############################################################################
##############################################################################
###
### Running command:
###
###   C:\Users\biocbuild\bbs-3.12-bioc\R\bin\R.exe CMD check --force-multiarch --install=check:CAGEr.install-out.txt --library=C:\Users\biocbuild\bbs-3.12-bioc\R\library --no-vignettes --timings CAGEr_1.31.4.tar.gz
###
##############################################################################
##############################################################################


* using log directory 'C:/Users/biocbuild/bbs-3.12-bioc/meat/CAGEr.Rcheck'
* using R version 4.0.2 (2020-06-22)
* using platform: x86_64-w64-mingw32 (64-bit)
* using session charset: ISO8859-1
* using option '--no-vignettes'
* checking for file 'CAGEr/DESCRIPTION' ... OK
* this is package 'CAGEr' version '1.31.4'
* package encoding: UTF-8
* checking package namespace information ... OK
* checking package dependencies ... OK
* checking if this is a source package ... OK
* checking if there is a namespace ... OK
* checking for hidden files and directories ... OK
* checking for portable file names ... OK
* checking whether package 'CAGEr' can be installed ... WARNING
Found the following significant warnings:
  Rd warning: C:/Users/biocbuild/bbs-3.12-bioc/tmpdir/RtmpWi8drt/R.INSTALL27e8adc2883/CAGEr/man/mapStats.Rd:29: file link 'mixedorder' in package 'gtools' does not exist and so has been treated as a topic
See 'C:/Users/biocbuild/bbs-3.12-bioc/meat/CAGEr.Rcheck/00install.out' for details.
* checking installed package size ... OK
* checking package directory ... OK
* checking 'build' directory ... OK
* checking DESCRIPTION meta-information ... OK
* checking top-level files ... OK
* checking for left-over files ... OK
* checking index information ... OK
* checking package subdirectories ... OK
* checking R files for non-ASCII characters ... OK
* checking R files for syntax errors ... OK
* loading checks for arch 'i386'
** checking whether the package can be loaded ... OK
** checking whether the package can be loaded with stated dependencies ... OK
** checking whether the package can be unloaded cleanly ... OK
** checking whether the namespace can be loaded with stated dependencies ... OK
** checking whether the namespace can be unloaded cleanly ... OK
* loading checks for arch 'x64'
** checking whether the package can be loaded ... OK
** checking whether the package can be loaded with stated dependencies ... OK
** checking whether the package can be unloaded cleanly ... OK
** checking whether the namespace can be loaded with stated dependencies ... OK
** checking whether the namespace can be unloaded cleanly ... OK
* checking dependencies in R code ... OK
* checking S3 generic/method consistency ... OK
* checking replacement functions ... OK
* checking foreign function calls ... OK
* checking R code for possible problems ... OK
* checking Rd files ... OK
* checking Rd metadata ... OK
* checking Rd cross-references ... OK
* checking for missing documentation entries ... OK
* checking for code/documentation mismatches ... OK
* checking Rd \usage sections ... OK
* checking Rd contents ... OK
* checking for unstated dependencies in examples ... OK
* checking contents of 'data' directory ... OK
* checking data for non-ASCII characters ... OK
* checking data for ASCII and uncompressed saves ... OK
* checking files in 'vignettes' ... OK
* checking examples ...
** running examples for arch 'i386' ... OK
Examples with CPU (user + system) or elapsed time > 5s
                            user system elapsed
cumulativeCTSSdistribution 35.50   5.93   41.44
importPublicData           34.00   2.19   39.81
quantilePositions          25.22   0.75   25.97
aggregateTagClusters       11.78   0.02   11.78
clusterCTSS                10.06   0.36   10.42
distclu-functions           8.39   0.90    9.28
consensusClusters           7.67   0.44    8.11
coverage-functions          5.78   0.50    6.28
CAGEexp-class               4.72   1.20    5.95
scoreShift                  5.16   0.03    5.18
** running examples for arch 'x64' ... OK
Examples with CPU (user + system) or elapsed time > 5s
                            user system elapsed
cumulativeCTSSdistribution 25.92   5.36   31.37
importPublicData           26.29   1.71   31.15
quantilePositions          23.02   0.61   23.62
aggregateTagClusters       14.41   0.01   14.42
distclu-functions           8.63   0.71    9.36
clusterCTSS                 6.64   0.42    7.10
scoreShift                  6.25   0.01    6.26
CAGEexp-class               5.03   1.08    6.11
consensusClusters           5.20   0.69    5.92
coverage-functions          4.72   0.64    5.36
* checking for unstated dependencies in vignettes ... OK
* checking package vignettes in 'inst/doc' ... OK
* checking running R code from vignettes ... SKIPPED
* checking re-building of vignette outputs ... SKIPPED
* checking PDF version of manual ... OK
* DONE

Status: 1 WARNING
See
  'C:/Users/biocbuild/bbs-3.12-bioc/meat/CAGEr.Rcheck/00check.log'
for details.



Installation output

CAGEr.Rcheck/00install.out

##############################################################################
##############################################################################
###
### Running command:
###
###   C:\cygwin\bin\curl.exe -O https://malbec1.bioconductor.org/BBS/3.12/bioc/src/contrib/CAGEr_1.31.4.tar.gz && rm -rf CAGEr.buildbin-libdir && mkdir CAGEr.buildbin-libdir && C:\Users\biocbuild\bbs-3.12-bioc\R\bin\R.exe CMD INSTALL --merge-multiarch --build --library=CAGEr.buildbin-libdir CAGEr_1.31.4.tar.gz && C:\Users\biocbuild\bbs-3.12-bioc\R\bin\R.exe CMD INSTALL CAGEr_1.31.4.zip && rm CAGEr_1.31.4.tar.gz CAGEr_1.31.4.zip
###
##############################################################################
##############################################################################


  % Total    % Received % Xferd  Average Speed   Time    Time     Time  Current
                                 Dload  Upload   Total   Spent    Left  Speed

  0     0    0     0    0     0      0      0 --:--:-- --:--:-- --:--:--     0
100  767k  100  767k    0     0  14.2M      0 --:--:-- --:--:-- --:--:-- 15.6M

install for i386

* installing *source* package 'CAGEr' ...
** using staged installation
** R
** data
*** moving datasets to lazyload DB
** inst
** byte-compile and prepare package for lazy loading
** help
*** installing help indices
  converting help for package 'CAGEr'
    finding HTML links ... done
    CAGEexp-class                           html  
    finding level-2 HTML links ... done

    CAGEr-class                             html  
    CAGEr-package                           html  
    CAGEr_Multicore                         html  
    CAGEset-class                           html  
    CTSS-class                              html  
    CTSSclusteringMethod                    html  
    CTSScoordinates                         html  
    CTSScumulativesTagClusters              html  
    CTSSnormalizedTpm                       html  
    CTSStagCount                            html  
    CTSStagCountTable                       html  
    CTSStoGenes                             html  
    CustomConsensusClusters                 html  
    FANTOM5humanSamples                     html  
    FANTOM5mouseSamples                     html  
    GeneExpDESeq2                           html  
    GeneExpSE                               html  
    QuantileWidthFunctions                  html  
    aggregateTagClusters                    html  
    annotateCTSS                            html  
    bam2CTSS                                html  
    byCtss                                  html  
    clusterAggregateAndSum                  html  
    clusterCTSS                             html  
    coerceInBSgenome                        html  
    consensusClusterConvertors              html  
    consensusClusters-set                   html  
    consensusClusters                       html  
    consensusClustersDESeq2                 html  
    consensusClustersQuantile               html  
    consensusClustersTpm                    html  
    coverage-functions                      html  
    cumulativeCTSSdistribution              html  
    distclu-functions                       html  
    exampleCAGEexp                          html  
    exampleCAGEset                          html  
    exampleZv9_annot                        html  
    exportCTSStoBedGraph                    html  
    exportToBed                             html  
    expressionClasses                       html  
    extractExpressionClass                  html  
    genomeName                              html  
    getCTSS                                 html  
    getExpressionProfiles                   html  
    getShiftingPromoters                    html  
    hanabi-class                            html  
    hanabi                                  html  
    hanabiPlot                              html  
    import.CAGEscanMolecule                 html  
    import.CTSS                             html  
    import.bam                              html  
    import.bam.ctss                         html  
    import.bedCTSS                          html  
    import.bedScore                         html  
    import.bedmolecule                      html  
    importPublicData                        html  
    inputFiles                              html  
    inputFilesType                          html  
    librarySizes                            html  
    loadFileIntoGPos                        html  
    mapStats                                html  
Rd warning: C:/Users/biocbuild/bbs-3.12-bioc/tmpdir/RtmpWi8drt/R.INSTALL27e8adc2883/CAGEr/man/mapStats.Rd:29: file link 'mixedorder' in package 'gtools' does not exist and so has been treated as a topic
    mapStatsScopes                          html  
    mergeCAGEsets                           html  
    mergeSamples                            html  
    moleculesGR2CTSS                        html  
    normalizeTagCount                       html  
    parseCAGEscanBlocksToGrangeTSS          html  
    plot.hanabi                             html  
    plotAnnot                               html  
    plotCorrelation                         html  
    plotExpressionProfiles                  html  
    plotInterquantileWidth                  html  
    plotReverseCumulatives                  html  
    powerLaw                                html  
    quantilePositions                       html  
    ranges2annot                            html  
    ranges2genes                            html  
    ranges2names                            html  
    sampleLabels                            html  
    scoreShift                              html  
    seqNameTotalsSE                         html  
    setColors                               html  
    show-methods                            html  
    strandInvaders                          html  
    summariseChrExpr                        html  
    tagClusterConvertors                    html  
    tagClusters                             html  
    tagClustersQuantile                     html  
** building package indices
** installing vignettes
** testing if installed package can be loaded from temporary location
** testing if installed package can be loaded from final location
** testing if installed package keeps a record of temporary installation path

install for x64

* installing *source* package 'CAGEr' ...
** testing if installed package can be loaded
* MD5 sums
packaged installation of 'CAGEr' as CAGEr_1.31.4.zip
* DONE (CAGEr)
* installing to library 'C:/Users/biocbuild/bbs-3.12-bioc/R/library'
package 'CAGEr' successfully unpacked and MD5 sums checked

Tests output


Example timings

CAGEr.Rcheck/examples_i386/CAGEr-Ex.timings

nameusersystemelapsed
CAGEexp-class4.721.205.95
CAGEr_Multicore0.050.000.05
CAGEset-class000
CTSS-class0.030.000.03
CTSSclusteringMethod0.000.020.02
CTSScoordinates0.110.000.11
CTSSnormalizedTpm0.800.140.92
CTSStagCount0.290.000.30
CTSStagCountTable000
CTSStoGenes0.670.000.67
CustomConsensusClusters1.080.001.08
GeneExpDESeq21.370.011.39
GeneExpSE0.020.000.02
QuantileWidthFunctions000
aggregateTagClusters11.78 0.0211.78
annotateCTSS1.720.001.72
byCtss000
clusterCTSS10.06 0.3610.42
consensusClusterConvertors0.050.000.05
consensusClusters7.670.448.11
consensusClustersDESeq20.280.000.28
consensusClustersTpm000
coverage-functions5.780.506.28
cumulativeCTSSdistribution35.50 5.9341.44
distclu-functions8.390.909.28
exampleCAGEexp000
exampleCAGEset0.030.000.03
exportCTSStoBedGraph4.130.074.20
exportToBed4.160.034.19
expressionClasses000
extractExpressionClass000
genomeName000
getCTSS0.250.000.25
getExpressionProfiles0.310.040.34
getShiftingPromoters000
hanabi0.470.150.62
hanabiPlot0.530.190.72
import.CAGEscanMolecule000
import.CTSS0.110.030.14
import.bam000
import.bedCTSS000
import.bedScore000
import.bedmolecule000
importPublicData34.00 2.1939.81
inputFiles000
inputFilesType000
librarySizes000
mapStats0.050.000.05
mergeCAGEsets3.790.123.92
mergeSamples1.130.021.14
moleculesGR2CTSS0.250.000.25
normalizeTagCount0.980.010.92
parseCAGEscanBlocksToGrangeTSS0.030.000.03
plotAnnot2.410.002.44
plotCorrelation0.610.000.61
plotExpressionProfiles0.180.000.17
plotInterquantileWidth0.820.000.83
plotReverseCumulatives0.710.050.68
quantilePositions25.22 0.7525.97
ranges2annot0.390.000.39
ranges2genes0.040.000.05
ranges2names0.050.000.05
sampleLabels000
scoreShift5.160.035.18
seqNameTotalsSE000
setColors1.820.001.83
strandInvaders1.430.031.75
summariseChrExpr0.620.000.63
tagClusterConvertors0.360.000.36
tagClusters0.050.000.04

CAGEr.Rcheck/examples_x64/CAGEr-Ex.timings

nameusersystemelapsed
CAGEexp-class5.031.086.11
CAGEr_Multicore0.060.000.06
CAGEset-class000
CTSS-class0.060.000.07
CTSSclusteringMethod0.020.000.01
CTSScoordinates0.120.000.13
CTSSnormalizedTpm1.020.011.01
CTSStagCount0.280.000.28
CTSStagCountTable000
CTSStoGenes0.830.000.83
CustomConsensusClusters1.920.021.94
GeneExpDESeq23.090.033.13
GeneExpSE000
QuantileWidthFunctions000
aggregateTagClusters14.41 0.0114.42
annotateCTSS1.760.021.78
byCtss000
clusterCTSS6.640.427.10
consensusClusterConvertors0.040.000.03
consensusClusters5.200.695.92
consensusClustersDESeq20.330.000.33
consensusClustersTpm000
coverage-functions4.720.645.36
cumulativeCTSSdistribution25.92 5.3631.37
distclu-functions8.630.719.36
exampleCAGEexp000
exampleCAGEset0.040.000.05
exportCTSStoBedGraph3.130.023.14
exportToBed3.010.023.03
expressionClasses000
extractExpressionClass0.020.000.02
genomeName000
getCTSS0.120.010.14
getExpressionProfiles0.260.020.29
getShiftingPromoters000
hanabi0.280.010.29
hanabiPlot0.320.020.33
import.CAGEscanMolecule000
import.CTSS0.100.000.09
import.bam000
import.bedCTSS000
import.bedScore000
import.bedmolecule0.000.010.02
importPublicData26.29 1.7131.15
inputFiles000
inputFilesType000
librarySizes000
mapStats0.070.000.06
mergeCAGEsets3.350.123.49
mergeSamples0.920.000.93
moleculesGR2CTSS0.140.000.14
normalizeTagCount0.770.020.76
parseCAGEscanBlocksToGrangeTSS0.030.000.03
plotAnnot2.690.002.69
plotCorrelation0.860.000.86
plotExpressionProfiles0.170.000.17
plotInterquantileWidth0.80.00.8
plotReverseCumulatives0.70.00.7
quantilePositions23.02 0.6123.62
ranges2annot0.390.010.41
ranges2genes0.060.000.06
ranges2names0.070.000.06
sampleLabels000
scoreShift6.250.016.26
seqNameTotalsSE0.020.000.02
setColors1.560.001.56
strandInvaders1.000.071.11
summariseChrExpr0.610.000.61
tagClusterConvertors0.340.000.34
tagClusters0.050.000.05