Back to Multiple platform build/check report for BioC 3.12
AB[C]DEFGHIJKLMNOPQRSTUVWXYZ

CHECK report for CAFE on malbec1

This page was generated on 2020-08-06 11:34:37 -0400 (Thu, 06 Aug 2020).

TO THE DEVELOPERS/MAINTAINERS OF THE CAFE PACKAGE: Please make sure to use the following settings in order to reproduce any error or warning you see on this page.
Package 212/1882HostnameOS / ArchINSTALLBUILDCHECKBUILD BIN
CAFE 1.25.0
Sander Bollen
Snapshot Date: 2020-08-05 14:50:59 -0400 (Wed, 05 Aug 2020)
URL: https://git.bioconductor.org/packages/CAFE
Branch: master
Last Commit: b80f942
Last Changed Date: 2020-04-27 14:38:56 -0400 (Mon, 27 Apr 2020)
malbec1 Linux (Ubuntu 18.04.4 LTS) / x86_64  OK  OK [ WARNINGS ]UNNEEDED, same version exists in internal repository
tokay1 Windows Server 2012 R2 Standard / x64  OK  OK  WARNINGS  OK UNNEEDED, same version exists in internal repository
merida1 macOS 10.14.6 Mojave / x86_64  OK  OK  WARNINGS  OK UNNEEDED, same version exists in internal repository

Summary

Package: CAFE
Version: 1.25.0
Command: /home/biocbuild/bbs-3.12-bioc/R/bin/R CMD check --install=check:CAFE.install-out.txt --library=/home/biocbuild/bbs-3.12-bioc/R/library --no-vignettes --timings CAFE_1.25.0.tar.gz
StartedAt: 2020-08-06 00:14:33 -0400 (Thu, 06 Aug 2020)
EndedAt: 2020-08-06 00:20:29 -0400 (Thu, 06 Aug 2020)
EllapsedTime: 355.8 seconds
RetCode: 0
Status:  WARNINGS 
CheckDir: CAFE.Rcheck
Warnings: 1

Command output

##############################################################################
##############################################################################
###
### Running command:
###
###   /home/biocbuild/bbs-3.12-bioc/R/bin/R CMD check --install=check:CAFE.install-out.txt --library=/home/biocbuild/bbs-3.12-bioc/R/library --no-vignettes --timings CAFE_1.25.0.tar.gz
###
##############################################################################
##############################################################################


* using log directory ‘/home/biocbuild/bbs-3.12-bioc/meat/CAFE.Rcheck’
* using R version 4.0.2 (2020-06-22)
* using platform: x86_64-pc-linux-gnu (64-bit)
* using session charset: UTF-8
* using option ‘--no-vignettes’
* checking for file ‘CAFE/DESCRIPTION’ ... OK
* checking extension type ... Package
* this is package ‘CAFE’ version ‘1.25.0’
* checking package namespace information ... OK
* checking package dependencies ... OK
* checking if this is a source package ... OK
* checking if there is a namespace ... OK
* checking for hidden files and directories ... OK
* checking for portable file names ... OK
* checking for sufficient/correct file permissions ... OK
* checking whether package ‘CAFE’ can be installed ... OK
* checking installed package size ... OK
* checking package directory ... OK
* checking ‘build’ directory ... OK
* checking DESCRIPTION meta-information ... NOTE
Malformed Description field: should contain one or more complete sentences.
* checking top-level files ... OK
* checking for left-over files ... OK
* checking index information ... OK
* checking package subdirectories ... OK
* checking R files for non-ASCII characters ... OK
* checking R files for syntax errors ... OK
* checking whether the package can be loaded ... OK
* checking whether the package can be loaded with stated dependencies ... OK
* checking whether the package can be unloaded cleanly ... OK
* checking whether the namespace can be loaded with stated dependencies ... OK
* checking whether the namespace can be unloaded cleanly ... OK
* checking dependencies in R code ... WARNING
'::' or ':::' import not declared from: 'BiocManager'
'loadNamespace' or 'requireNamespace' call not declared from: 'BiocManager'
* checking S3 generic/method consistency ... OK
* checking replacement functions ... OK
* checking foreign function calls ... OK
* checking R code for possible problems ... NOTE
Armchisqr: no visible global function definition for 'chisq.test'
ArmfisherExact: no visible global function definition for 'fisher.test'
ProcessCels: no visible global function definition for
  'install.packages'
ProcessCels: no visible global function definition for 'download.file'
ProcessCels: no visible global function definition for 'read.table'
ProcessCels: no visible global function definition for 'txtProgressBar'
ProcessCels: no visible global function definition for
  'setTxtProgressBar'
ProcessCels: no visible global function definition for 'na.omit'
allBandsOnChrom: no visible global function definition for
  'fisher.test'
allBandsOnChromChi: no visible global function definition for
  'chisq.test'
armStats: no visible global function definition for 'p.adjust'
bandStats: no visible global function definition for 'p.adjust'
chisqr: no visible global function definition for 'chisq.test'
chromosomeStats: no visible global function definition for 'p.adjust'
discontPlot: no visible global function definition for 'png'
discontPlot: no visible global function definition for 'dev.off'
discontPlot: no visible global function definition for 'data'
facetPlot: no visible global function definition for 'png'
facetPlot: no visible global function definition for 'dev.off'
facetPlot: no visible global function definition for 'na.omit'
fisher.method: no visible global function definition for 'pchisq'
fisherExact: no visible global function definition for 'fisher.test'
makelevels: no visible global function definition for 'na.omit'
rawPlot: no visible global function definition for 'png'
rawPlot: no visible global function definition for 'dev.off'
rawPlot: no visible global function definition for 'data'
slidPlot: no visible global function definition for 'png'
slidPlot: no visible global function definition for 'dev.off'
slidPlot: no visible global function definition for 'data'
Undefined global functions or variables:
  chisq.test data dev.off download.file fisher.test install.packages
  na.omit p.adjust pchisq png read.table setTxtProgressBar
  txtProgressBar
Consider adding
  importFrom("grDevices", "dev.off", "png")
  importFrom("stats", "chisq.test", "fisher.test", "na.omit", "p.adjust",
             "pchisq")
  importFrom("utils", "data", "download.file", "install.packages",
             "read.table", "setTxtProgressBar", "txtProgressBar")
to your NAMESPACE file.
* checking Rd files ... OK
* checking Rd metadata ... OK
* checking Rd cross-references ... OK
* checking for missing documentation entries ... OK
* checking for code/documentation mismatches ... OK
* checking Rd \usage sections ... OK
* checking Rd contents ... OK
* checking for unstated dependencies in examples ... OK
* checking contents of ‘data’ directory ... OK
* checking data for non-ASCII characters ... OK
* checking data for ASCII and uncompressed saves ... OK
* checking files in ‘vignettes’ ... OK
* checking examples ... OK
* checking for unstated dependencies in ‘tests’ ... OK
* checking tests ...
  Running ‘runTests.R’
 OK
* checking for unstated dependencies in vignettes ... OK
* checking package vignettes in ‘inst/doc’ ... OK
* checking running R code from vignettes ... SKIPPED
* checking re-building of vignette outputs ... SKIPPED
* checking PDF version of manual ... OK
* DONE

Status: 1 WARNING, 2 NOTEs
See
  ‘/home/biocbuild/bbs-3.12-bioc/meat/CAFE.Rcheck/00check.log’
for details.



Installation output

CAFE.Rcheck/00install.out

##############################################################################
##############################################################################
###
### Running command:
###
###   /home/biocbuild/bbs-3.12-bioc/R/bin/R CMD INSTALL CAFE
###
##############################################################################
##############################################################################


* installing to library ‘/home/biocbuild/bbs-3.12-bioc/R/library’
* installing *source* package ‘CAFE’ ...
** using staged installation
** R
** data
** inst
** byte-compile and prepare package for lazy loading
** help
*** installing help indices
** building package indices
** installing vignettes
** testing if installed package can be loaded from temporary location
** testing if installed package can be loaded from final location
** testing if installed package keeps a record of temporary installation path
* DONE (CAFE)

Tests output

CAFE.Rcheck/tests/runTests.Rout


R version 4.0.2 (2020-06-22) -- "Taking Off Again"
Copyright (C) 2020 The R Foundation for Statistical Computing
Platform: x86_64-pc-linux-gnu (64-bit)

R is free software and comes with ABSOLUTELY NO WARRANTY.
You are welcome to redistribute it under certain conditions.
Type 'license()' or 'licence()' for distribution details.

R is a collaborative project with many contributors.
Type 'contributors()' for more information and
'citation()' on how to cite R or R packages in publications.

Type 'demo()' for some demos, 'help()' for on-line help, or
'help.start()' for an HTML browser interface to help.
Type 'q()' to quit R.

> #BiocGenerics:::testPackage("CAFE")
> 
> proc.time()
   user  system elapsed 
  0.228   0.020   0.247 

Example timings

CAFE.Rcheck/CAFE-Ex.timings

nameusersystemelapsed
CAFE-package0.0000.0000.001
CAFE0.8520.0040.855
ProcessCels000
armStats2.3320.0482.379
bandStats1.3320.0321.387
chromosomeStats0.9480.0040.953
cliSubset0.0000.0000.001
discontPlot1.1240.0521.173
discontSmooth0.0080.0000.007
facetPlot4.2680.3604.640
fisher.method0.0000.0000.001
guiSubset000
rawPlot1.7720.0281.805
slidPlot1.6360.0561.691
slidSmooth0.0000.0000.002