Back to Multiple platform build/check report for BioC 3.12
A[B]CDEFGHIJKLMNOPQRSTUVWXYZ

CHECK report for Biostrings on tokay1

This page was generated on 2020-08-06 11:48:59 -0400 (Thu, 06 Aug 2020).

TO THE DEVELOPERS/MAINTAINERS OF THE Biostrings PACKAGE: Please make sure to use the following settings in order to reproduce any error or warning you see on this page.
Package 177/1882HostnameOS / ArchINSTALLBUILDCHECKBUILD BIN
Biostrings 2.57.2
H. Pag├Ęs
Snapshot Date: 2020-08-05 14:50:59 -0400 (Wed, 05 Aug 2020)
URL: https://git.bioconductor.org/packages/Biostrings
Branch: master
Last Commit: d5d36aa
Last Changed Date: 2020-06-08 18:42:00 -0400 (Mon, 08 Jun 2020)
malbec1 Linux (Ubuntu 18.04.4 LTS) / x86_64  OK  OK  WARNINGS UNNEEDED, same version exists in internal repository
tokay1 Windows Server 2012 R2 Standard / x64  OK  OK [ WARNINGS ] OK UNNEEDED, same version exists in internal repository
merida1 macOS 10.14.6 Mojave / x86_64  OK  OK  WARNINGS  OK UNNEEDED, same version exists in internal repository

Summary

Package: Biostrings
Version: 2.57.2
Command: C:\Users\biocbuild\bbs-3.12-bioc\R\bin\R.exe CMD check --force-multiarch --install=check:Biostrings.install-out.txt --library=C:\Users\biocbuild\bbs-3.12-bioc\R\library --no-vignettes --timings Biostrings_2.57.2.tar.gz
StartedAt: 2020-08-05 23:48:58 -0400 (Wed, 05 Aug 2020)
EndedAt: 2020-08-06 00:07:10 -0400 (Thu, 06 Aug 2020)
EllapsedTime: 1091.0 seconds
RetCode: 0
Status:  WARNINGS  
CheckDir: Biostrings.Rcheck
Warnings: 2

Command output

##############################################################################
##############################################################################
###
### Running command:
###
###   C:\Users\biocbuild\bbs-3.12-bioc\R\bin\R.exe CMD check --force-multiarch --install=check:Biostrings.install-out.txt --library=C:\Users\biocbuild\bbs-3.12-bioc\R\library --no-vignettes --timings Biostrings_2.57.2.tar.gz
###
##############################################################################
##############################################################################


* using log directory 'C:/Users/biocbuild/bbs-3.12-bioc/meat/Biostrings.Rcheck'
* using R version 4.0.2 (2020-06-22)
* using platform: x86_64-w64-mingw32 (64-bit)
* using session charset: ISO8859-1
* using option '--no-vignettes'
* checking for file 'Biostrings/DESCRIPTION' ... OK
* this is package 'Biostrings' version '2.57.2'
* package encoding: UTF-8
* checking package namespace information ... OK
* checking package dependencies ... OK
* checking if this is a source package ... OK
* checking if there is a namespace ... OK
* checking for hidden files and directories ... NOTE
Found the following hidden files and directories:
  .BBSoptions
These were most likely included in error. See section 'Package
structure' in the 'Writing R Extensions' manual.
* checking for portable file names ... OK
* checking whether package 'Biostrings' can be installed ... WARNING
Found the following significant warnings:
  read_fasta_files.c:186:9: warning: '*((void *)&loader_ext+32)' is used uninitialized in this function [-Wuninitialized]
  read_fasta_files.c:186:9: warning: '*((void *)&loader_ext+36)' is used uninitialized in this function [-Wuninitialized]
  Rd warning: C:/Users/biocbuild/bbs-3.12-bioc/tmpdir/RtmpkvFJQR/R.INSTALL164456e021eb/Biostrings/man/MIndex-class.Rd:94: file link 'CompressedIRangesList' in package 'IRanges' does not exist and so has been treated as a topic
  Rd warning: C:/Users/biocbuild/bbs-3.12-bioc/tmpdir/RtmpkvFJQR/R.INSTALL164456e021eb/Biostrings/man/MIndex-class.Rd:96: file link 'IntegerRangesList' in package 'IRanges' does not exist and so has been treated as a topic
  Rd warning: C:/Users/biocbuild/bbs-3.12-bioc/tmpdir/RtmpkvFJQR/R.INSTALL164456e021eb/Biostrings/man/MIndex-class.Rd:98: file link 'IntegerRanges' in package 'IRanges' does not exist and so has been treated as a topic
  Rd warning: C:/Users/biocbuild/bbs-3.12-bioc/tmpdir/RtmpkvFJQR/R.INSTALL164456e021eb/Biostrings/man/MaskedXString-class.Rd:182: file link 'Views' in package 'IRanges' does not exist and so has been treated as a topic
  Rd warning: C:/Users/biocbuild/bbs-3.12-bioc/tmpdir/RtmpkvFJQR/R.INSTALL164456e021eb/Biostrings/man/MultipleAlignment-class.Rd:122: file link 'narrow' in package 'IRanges' does not exist and so has been treated as a topic
  Rd warning: C:/Users/biocbuild/bbs-3.12-bioc/tmpdir/RtmpkvFJQR/R.INSTALL164456e021eb/Biostrings/man/XString-class.Rd:180: file link 'subseq' in package 'XVector' does not exist and so has been treated as a topic
  Rd warning: C:/Users/biocbuild/bbs-3.12-bioc/tmpdir/RtmpkvFJQR/R.INSTALL164456e021eb/Biostrings/man/XString-class.Rd:188: file link 'compact' in package 'XVector' does not exist and so has been treated as a topic
  Rd warning: C:/Users/biocbuild/bbs-3.12-bioc/tmpdir/RtmpkvFJQR/R.INSTALL164456e021eb/Biostrings/man/XStringSet-class.Rd:92: file link 'narrow' in package 'IRanges' does not exist and so has been treated as a topic
  Rd warning: C:/Users/biocbuild/bbs-3.12-bioc/tmpdir/RtmpkvFJQR/R.INSTALL164456e021eb/Biostrings/man/XStringSet-class.Rd:179: file link 'subseq' in package 'XVector' does not exist and so has been treated as a topic
  Rd warning: C:/Users/biocbuild/bbs-3.12-bioc/tmpdir/RtmpkvFJQR/R.INSTALL164456e021eb/Biostrings/man/XStringSet-class.Rd:199: file link 'IRanges' in package 'IRanges' does not exist and so has been treated as a topic
  Rd warning: C:/Users/biocbuild/bbs-3.12-bioc/tmpdir/RtmpkvFJQR/R.INSTALL164456e021eb/Biostrings/man/XStringSet-class.Rd:201: file link 'XVector' in package 'XVector' does not exist and so has been treated as a topic
  Rd warning: C:/Users/biocbuild/bbs-3.12-bioc/tmpdir/RtmpkvFJQR/R.INSTALL164456e021eb/Biostrings/man/XStringSet-class.Rd:207: file link 'IRanges' in package 'IRanges' does not exist and so has been treated as a topic
  Rd warning: C:/Users/biocbuild/bbs-3.12-bioc/tmpdir/RtmpkvFJQR/R.INSTALL164456e021eb/Biostrings/man/XStringSet-class.Rd:213: file link 'threebands' in package 'IRanges' does not exist and so has been treated as a topic
  Rd warning: C:/Users/biocbuild/bbs-3.12-bioc/tmpdir/RtmpkvFJQR/R.INSTALL164456e021eb/Biostrings/man/XStringSet-class.Rd:218: file link 'subseq<-' in package 'XVector' does not exist and so has been treated as a topic
  Rd warning: C:/Users/biocbuild/bbs-3.12-bioc/tmpdir/RtmpkvFJQR/R.INSTALL164456e021eb/Biostrings/man/XStringSet-class.Rd:219: file link 'XVector' in package 'XVector' does not exist and so has been treated as a topic
  Rd warning: C:/Users/biocbuild/bbs-3.12-bioc/tmpdir/RtmpkvFJQR/R.INSTALL164456e021eb/Biostrings/man/XStringSet-class.Rd:220: file link 'subseq<-' in package 'XVector' does not exist and so has been treated as a topic
  Rd warning: C:/Users/biocbuild/bbs-3.12-bioc/tmpdir/RtmpkvFJQR/R.INSTALL164456e021eb/Biostrings/man/XStringSet-class.Rd:337: file link 'subseq' in package 'XVector' does not exist and so has been treated as a topic
  Rd warning: C:/Users/biocbuild/bbs-3.12-bioc/tmpdir/RtmpkvFJQR/R.INSTALL164456e021eb/Biostrings/man/XStringSet-class.Rd:337: file link 'narrow' in package 'IRanges' does not exist and so has been treated as a topic
  Rd warning: C:/Users/biocbuild/bbs-3.12-bioc/tmpdir/RtmpkvFJQR/R.INSTALL164456e021eb/Biostrings/man/XStringSet-class.Rd:340: file link 'compact' in package 'XVector' does not exist and so has been treated as a topic
  Rd warning: C:/Users/biocbuild/bbs-3.12-bioc/tmpdir/RtmpkvFJQR/R.INSTALL164456e021eb/Biostrings/man/XStringSet-class.Rd:342: file link 'XVectorList' in package 'XVector' does not exist and so has been treated as a topic
  Rd warning: C:/Users/biocbuild/bbs-3.12-bioc/tmpdir/RtmpkvFJQR/R.INSTALL164456e021eb/Biostrings/man/XStringSet-io.Rd:72: file link 'connection' in package 'base' does not exist and so has been treated as a topic
  Rd warning: C:/Users/biocbuild/bbs-3.12-bioc/tmpdir/RtmpkvFJQR/R.INSTALL164456e021eb/Biostrings/man/XStringSetList-class.Rd:70: file link 'List' in package 'S4Vectors' does not exist and so has been treated as a topic
  Rd warning: C:/Users/biocbuild/bbs-3.12-bioc/tmpdir/RtmpkvFJQR/R.INSTALL164456e021eb/Biostrings/man/XStringSetList-class.Rd:77: file link 'elementNROWS' in package 'S4Vectors' does not exist and so has been treated as a topic
  Rd warning: C:/Users/biocbuild/bbs-3.12-bioc/tmpdir/RtmpkvFJQR/R.INSTALL164456e021eb/Biostrings/man/XStringSetList-class.Rd:78: file link 'PartitioningByEnd' in package 'IRanges' does not exist and so has been treated as a topic
  Rd warning: C:/Users/biocbuild/bbs-3.12-bioc/tmpdir/RtmpkvFJQR/R.INSTALL164456e021eb/Biostrings/man/XStringViews-class.Rd:155: file link 'gaps' in package 'IRanges' does not exist and so has been treated as a topic
  Rd warning: C:/Users/biocbuild/bbs-3.12-bioc/tmpdir/RtmpkvFJQR/R.INSTALL164456e021eb/Biostrings/man/align-utils.Rd:87: file link 'coverage' in package 'IRanges' does not exist and so has been treated as a topic
  Rd warning: C:/Users/biocbuild/bbs-3.12-bioc/tmpdir/RtmpkvFJQR/R.INSTALL164456e021eb/Biostrings/man/getSeq.Rd:9: file link 'BSgenome' in package 'BSgenome' does not exist and so has been treated as a topic
  Rd warning: C:/Users/biocbuild/bbs-3.12-bioc/tmpdir/RtmpkvFJQR/R.INSTALL164456e021eb/Biostrings/man/getSeq.Rd:19: file link 'BSgenome' in package 'BSgenome' does not exist and so has been treated as a topic
  Rd warning: C:/Users/biocbuild/bbs-3.12-bioc/tmpdir/RtmpkvFJQR/R.INSTALL164456e021eb/Biostrings/man/getSeq.Rd:33: file link 'getSeq,BSgenome-method' in package 'BSgenome' does not exist and so has been treated as a topic
  Rd warning: C:/Users/biocbuild/bbs-3.12-bioc/tmpdir/RtmpkvFJQR/R.INSTALL164456e021eb/Biostrings/man/getSeq.Rd:34: file link 'BSgenome' in package 'BSgenome' does not exist and so has been treated as a topic
  Rd warning: C:/Users/biocbuild/bbs-3.12-bioc/tmpdir/RtmpkvFJQR/R.INSTALL164456e021eb/Biostrings/man/getSeq.Rd:39: file link 'getSeq,BSgenome-method' in package 'BSgenome' does not exist and so has been treated as a topic
  Rd warning: C:/Users/biocbuild/bbs-3.12-bioc/tmpdir/RtmpkvFJQR/R.INSTALL164456e021eb/Biostrings/man/letter.Rd:49: file link 'subseq' in package 'XVector' does not exist and so has been treated as a topic
  Rd warning: C:/Users/biocbuild/bbs-3.12-bioc/tmpdir/RtmpkvFJQR/R.INSTALL164456e021eb/Biostrings/man/letterFrequency.Rd:290: file link 'coverage' in package 'IRanges' does not exist and so has been treated as a topic
  Rd warning: C:/Users/biocbuild/bbs-3.12-bioc/tmpdir/RtmpkvFJQR/R.INSTALL164456e021eb/Biostrings/man/match-utils.Rd:42: file link 'coverage' in package 'IRanges' does not exist and so has been treated as a topic
  Rd warning: C:/Users/biocbuild/bbs-3.12-bioc/tmpdir/RtmpkvFJQR/R.INSTALL164456e021eb/Biostrings/man/match-utils.Rd:48: file link 'coverage' in package 'IRanges' does not exist and so has been treated as a topic
  Rd warning: C:/Users/biocbuild/bbs-3.12-bioc/tmpdir/RtmpkvFJQR/R.INSTALL164456e021eb/Biostrings/man/match-utils.Rd:72: file link 'Rle' in package 'S4Vectors' does not exist and so has been treated as a topic
  Rd warning: C:/Users/biocbuild/bbs-3.12-bioc/tmpdir/RtmpkvFJQR/R.INSTALL164456e021eb/Biostrings/man/match-utils.Rd:74: file link 'coverage' in package 'IRanges' does not exist and so has been treated as a topic
  Rd warning: C:/Users/biocbuild/bbs-3.12-bioc/tmpdir/RtmpkvFJQR/R.INSTALL164456e021eb/Biostrings/man/match-utils.Rd:87: file link 'coverage' in package 'IRanges' does not exist and so has been treated as a topic
  Rd warning: C:/Users/biocbuild/bbs-3.12-bioc/tmpdir/RtmpkvFJQR/R.INSTALL164456e021eb/Biostrings/man/matchPWM.Rd:84: file link 'Views' in package 'IRanges' does not exist and so has been treated as a topic
  Rd warning: C:/Users/biocbuild/bbs-3.12-bioc/tmpdir/RtmpkvFJQR/R.INSTALL164456e021eb/Biostrings/man/padAndClip.Rd:33: file link 'IntegerRanges' in package 'IRanges' does not exist and so has been treated as a topic
  Rd warning: C:/Users/biocbuild/bbs-3.12-bioc/tmpdir/RtmpkvFJQR/R.INSTALL164456e021eb/Biostrings/man/padAndClip.Rd:95: file link 'stackStringsFromBam' in package 'GenomicAlignments' does not exist and so has been treated as a topic
  Rd warning: C:/Users/biocbuild/bbs-3.12-bioc/tmpdir/RtmpkvFJQR/R.INSTALL164456e021eb/Biostrings/man/padAndClip.Rd:109: file link 'IntegerRanges' in package 'IRanges' does not exist and so has been treated as a topic
  Rd warning: C:/Users/biocbuild/bbs-3.12-bioc/tmpdir/RtmpkvFJQR/R.INSTALL164456e021eb/Biostrings/man/replaceAt.Rd:36: file link 'IntegerRanges' in package 'IRanges' does not exist and so has been treated as a topic
  Rd warning: C:/Users/biocbuild/bbs-3.12-bioc/tmpdir/RtmpkvFJQR/R.INSTALL164456e021eb/Biostrings/man/replaceAt.Rd:37: file link 'IntegerRangesList' in package 'IRanges' does not exist and so has been treated as a topic
  Rd warning: C:/Users/biocbuild/bbs-3.12-bioc/tmpdir/RtmpkvFJQR/R.INSTALL164456e021eb/Biostrings/man/replaceAt.Rd:43: file link 'IntegerList' in package 'IRanges' does not exist and so has been treated as a topic
  Rd warning: C:/Users/biocbuild/bbs-3.12-bioc/tmpdir/RtmpkvFJQR/R.INSTALL164456e021eb/Biostrings/man/replaceAt.Rd:51: file link 'IntegerRanges' in package 'IRanges' does not exist and so has been treated as a topic
  Rd warning: C:/Users/biocbuild/bbs-3.12-bioc/tmpdir/RtmpkvFJQR/R.INSTALL164456e021eb/Biostrings/man/replaceAt.Rd:52: file link 'IntegerRangesList' in package 'IRanges' does not exist and so has been treated as a topic
  Rd warning: C:/Users/biocbuild/bbs-3.12-bioc/tmpdir/RtmpkvFJQR/R.INSTALL164456e021eb/Biostrings/man/replaceAt.Rd:53: file link 'IntegerRangesList' in package 'IRanges' does not exist and so has been treated as a topic
  Rd warning: C:/Users/biocbuild/bbs-3.12-bioc/tmpdir/RtmpkvFJQR/R.INSTALL164456e021eb/Biostrings/man/replaceAt.Rd:72: file link 'CharacterList' in package 'IRanges' does not exist and so has been treated as a topic
  Rd warning: C:/Users/biocbuild/bbs-3.12-bioc/tmpdir/RtmpkvFJQR/R.INSTALL164456e021eb/Biostrings/man/replaceAt.Rd:98: file link 'subseq' in package 'XVector' does not exist and so has been treated as a topic
  Rd warning: C:/Users/biocbuild/bbs-3.12-bioc/tmpdir/RtmpkvFJQR/R.INSTALL164456e021eb/Biostrings/man/replaceAt.Rd:103: file link 'IntegerRanges' in package 'IRanges' does not exist and so has been treated as a topic
  Rd warning: C:/Users/biocbuild/bbs-3.12-bioc/tmpdir/RtmpkvFJQR/R.INSTALL164456e021eb/Biostrings/man/replaceAt.Rd:110: file link 'subseq' in package 'XVector' does not exist and so has been treated as a topic
  Rd warning: C:/Users/biocbuild/bbs-3.12-bioc/tmpdir/RtmpkvFJQR/R.INSTALL164456e021eb/Biostrings/man/replaceAt.Rd:110: file link 'subseq<-' in package 'XVector' does not exist and so has been treated as a topic
  Rd warning: C:/Users/biocbuild/bbs-3.12-bioc/tmpdir/RtmpkvFJQR/R.INSTALL164456e021eb/Biostrings/man/replaceAt.Rd:115: file link 'unstrsplit' in package 'S4Vectors' does not exist and so has been treated as a topic
  Rd warning: C:/Users/biocbuild/bbs-3.12-bioc/tmpdir/RtmpkvFJQR/R.INSTALL164456e021eb/Biostrings/man/replaceAt.Rd:127: file link 'IntegerRanges' in package 'IRanges' does not exist and so has been treated as a topic
  Rd warning: C:/Users/biocbuild/bbs-3.12-bioc/tmpdir/RtmpkvFJQR/R.INSTALL164456e021eb/Biostrings/man/replaceAt.Rd:127: file link 'IntegerRangesList' in package 'IRanges' does not exist and so has been treated as a topic
  Rd warning: C:/Users/biocbuild/bbs-3.12-bioc/tmpdir/RtmpkvFJQR/R.INSTALL164456e021eb/Biostrings/man/replaceAt.Rd:128: file link 'IntegerList' in package 'IRanges' does not exist and so has been treated as a topic
  Rd warning: C:/Users/biocbuild/bbs-3.12-bioc/tmpdir/RtmpkvFJQR/R.INSTALL164456e021eb/Biostrings/man/replaceAt.Rd:128: file link 'CharacterList' in package 'IRanges' does not exist and so has been treated as a topic
  Rd warning: C:/Users/biocbuild/bbs-3.12-bioc/tmpdir/RtmpkvFJQR/R.INSTALL164456e021eb/Biostrings/man/replaceLetterAt.Rd:43: file link 'Rle' in package 'S4Vectors' does not exist and so has been treated as a topic
  Rd warning: C:/Users/biocbuild/bbs-3.12-bioc/tmpdir/RtmpkvFJQR/R.INSTALL164456e021eb/Biostrings/man/replaceLetterAt.Rd:130: file link 'BSgenome' in package 'BSgenome' does not exist and so has been treated as a topic
  Rd warning: C:/Users/biocbuild/bbs-3.12-bioc/tmpdir/RtmpkvFJQR/R.INSTALL164456e021eb/Biostrings/man/reverseComplement.Rd:48: file link 'reverse' in package 'IRanges' does not exist and so has been treated as a topic
  Rd warning: C:/Users/biocbuild/bbs-3.12-bioc/tmpdir/RtmpkvFJQR/R.INSTALL164456e021eb/Biostrings/man/reverseComplement.Rd:71: file link 'reverse' in package 'IRanges' does not exist and so has been treated as a topic
  read_fasta_files.c:186:9: warning: '*((void *)&loader_ext+64)' is used uninitialized in this function [-Wuninitialized]
  read_fasta_files.c:186:9: warning: '*((void *)&loader_ext+72)' is used uninitialized in this function [-Wuninitialized]
See 'C:/Users/biocbuild/bbs-3.12-bioc/meat/Biostrings.Rcheck/00install.out' for details.
* checking installed package size ... NOTE
  installed size is 14.7Mb
  sub-directories of 1Mb or more:
    R         1.8Mb
    extdata  11.1Mb
* checking package directory ... OK
* checking 'build' directory ... OK
* checking DESCRIPTION meta-information ... NOTE
Package listed in more than one of Depends, Imports, Suggests, Enhances:
  'methods'
A package should be listed in only one of these fields.
* checking top-level files ... OK
* checking for left-over files ... OK
* checking index information ... OK
* checking package subdirectories ... OK
* checking R files for non-ASCII characters ... OK
* checking R files for syntax errors ... OK
* loading checks for arch 'i386'
** checking whether the package can be loaded ... OK
** checking whether the package can be loaded with stated dependencies ... OK
** checking whether the package can be unloaded cleanly ... OK
** checking whether the namespace can be loaded with stated dependencies ... OK
** checking whether the namespace can be unloaded cleanly ... OK
* loading checks for arch 'x64'
** checking whether the package can be loaded ... OK
** checking whether the package can be loaded with stated dependencies ... OK
** checking whether the package can be unloaded cleanly ... OK
** checking whether the namespace can be loaded with stated dependencies ... OK
** checking whether the namespace can be unloaded cleanly ... OK
* checking dependencies in R code ... NOTE
Unexported objects imported by ':::' calls:
  'BiocGenerics:::testPackage' 'IRanges:::.showAtomicList'
  'IRanges:::new_Views' 'IRanges:::regroupBySupergroup'
  'IRanges:::show_IntegerRangesList' 'IRanges:::unlist_as_integer'
  'S4Vectors:::anyMissingOrOutside' 'XVector:::close_filexp'
  'XVector:::extract_character_from_XRaw_by_positions'
  'XVector:::extract_character_from_XRaw_by_ranges'
  'XVector:::new_XVectorList_from_list_of_XVector'
  'XVector:::open_output_file'
  See the note in ?`:::` about the use of this operator.
* checking S3 generic/method consistency ... OK
* checking replacement functions ... OK
* checking foreign function calls ... OK
* checking R code for possible problems ... OK
* checking Rd files ... OK
* checking Rd metadata ... OK
* checking Rd cross-references ... OK
* checking for missing documentation entries ... WARNING
Undocumented code objects:
  'strsplit' 'twoWayAlphabetFrequency'
Undocumented S4 methods:
  generic 'match' and siglist 'Vector,XStringSet'
  generic 'match' and siglist 'XStringSet,Vector'
  generic 'match' and siglist 'XStringSet,vector'
  generic 'match' and siglist 'vector,XStringSet'
  generic 'parallel_slot_names' and siglist 'ByPos_MIndex'
  generic 'parallel_slot_names' and siglist 'MIndex'
  generic 'pcompare' and siglist 'Vector,XStringSet'
  generic 'pcompare' and siglist 'XStringSet,Vector'
  generic 'pcompare' and siglist 'XStringSet,vector'
  generic 'pcompare' and siglist 'vector,XStringSet'
  generic 'relistToClass' and siglist 'XString'
  generic 'relistToClass' and siglist 'XStringSet'
  generic 'showAsCell' and siglist 'XStringSetList'
  generic 'strsplit' and siglist 'XStringSet'
  generic 'twoWayAlphabetFrequency' and siglist 'XString,XString'
  generic 'twoWayAlphabetFrequency' and siglist 'XString,XStringSet'
  generic 'twoWayAlphabetFrequency' and siglist 'XStringSet,XString'
  generic 'twoWayAlphabetFrequency' and siglist 'XStringSet,XStringSet'
  generic 'unstrsplit' and siglist 'XStringSet'
  generic 'unstrsplit' and siglist 'XStringSetList'
All user-level objects in a package (including S4 classes and methods)
should have documentation entries.
See chapter 'Writing R documentation files' in the 'Writing R
Extensions' manual.
* checking for code/documentation mismatches ... OK
* checking Rd \usage sections ... OK
* checking Rd contents ... OK
* checking for unstated dependencies in examples ... OK
* checking contents of 'data' directory ... OK
* checking data for non-ASCII characters ... OK
* checking data for ASCII and uncompressed saves ... OK
* checking line endings in C/C++/Fortran sources/headers ... OK
* checking compiled code ... NOTE
Note: information on .o files for i386 is not available
Note: information on .o files for x64 is not available
File 'C:/Users/biocbuild/bbs-3.12-bioc/R/library/Biostrings/libs/i386/Biostrings.dll':
  Found 'abort', possibly from 'abort' (C), 'runtime' (Fortran)
File 'C:/Users/biocbuild/bbs-3.12-bioc/R/library/Biostrings/libs/x64/Biostrings.dll':
  Found 'abort', possibly from 'abort' (C), 'runtime' (Fortran)

Compiled code should not call entry points which might terminate R nor
write to stdout/stderr instead of to the console, nor use Fortran I/O
nor system RNGs. The detected symbols are linked into the code but
might come from libraries and not actually be called.

See 'Writing portable packages' in the 'Writing R Extensions' manual.
* checking files in 'vignettes' ... OK
* checking examples ...
** running examples for arch 'i386' ... OK
Examples with CPU (user + system) or elapsed time > 5s
                     user system elapsed
matchPDict-exact   308.48   3.79  312.56
matchPDict-inexact  45.91   3.18   49.27
findPalindromes     30.02   0.05   30.08
XStringSet-io       11.14   0.20   13.81
XStringSet-class     9.75   0.73   11.39
matchPattern         6.55   0.10    6.64
PDict-class          3.67   0.21    5.72
** running examples for arch 'x64' ... OK
Examples with CPU (user + system) or elapsed time > 5s
                     user system elapsed
matchPDict-exact   286.58   2.00  288.64
matchPDict-inexact  56.53   0.29   56.88
findPalindromes     21.72   0.04   21.77
XStringSet-class     9.97   0.32   10.29
XStringSet-io        9.06   0.36    9.47
matchPattern         6.39   0.10    6.48
* checking for unstated dependencies in 'tests' ... OK
* checking tests ...
** running tests for arch 'i386' ...
  Running 'run_unitTests.R'
 OK
** running tests for arch 'x64' ...
  Running 'run_unitTests.R'
 OK
* checking for unstated dependencies in vignettes ... OK
* checking package vignettes in 'inst/doc' ... OK
* checking running R code from vignettes ... SKIPPED
* checking re-building of vignette outputs ... SKIPPED
* checking PDF version of manual ... OK
* DONE

Status: 2 WARNINGs, 5 NOTEs
See
  'C:/Users/biocbuild/bbs-3.12-bioc/meat/Biostrings.Rcheck/00check.log'
for details.



Installation output

Biostrings.Rcheck/00install.out

##############################################################################
##############################################################################
###
### Running command:
###
###   C:\cygwin\bin\curl.exe -O https://malbec1.bioconductor.org/BBS/3.12/bioc/src/contrib/Biostrings_2.57.2.tar.gz && rm -rf Biostrings.buildbin-libdir && mkdir Biostrings.buildbin-libdir && C:\Users\biocbuild\bbs-3.12-bioc\R\bin\R.exe CMD INSTALL --merge-multiarch --build --library=Biostrings.buildbin-libdir Biostrings_2.57.2.tar.gz && C:\Users\biocbuild\bbs-3.12-bioc\R\bin\R.exe CMD INSTALL Biostrings_2.57.2.zip && rm Biostrings_2.57.2.tar.gz Biostrings_2.57.2.zip
###
##############################################################################
##############################################################################


  % Total    % Received % Xferd  Average Speed   Time    Time     Time  Current
                                 Dload  Upload   Total   Spent    Left  Speed

  0     0    0     0    0     0      0      0 --:--:-- --:--:-- --:--:--     0
100 11.1M  100 11.1M    0     0  57.5M      0 --:--:-- --:--:-- --:--:-- 58.9M

install for i386

* installing *source* package 'Biostrings' ...
** using staged installation
** libs
"C:/rtools40/mingw32/bin/"gcc  -I"C:/Users/BIOCBU~1/BBS-3~1.12-/R/include" -DNDEBUG  -I'C:/Users/biocbuild/bbs-3.12-bioc/R/library/S4Vectors/include' -I'C:/Users/biocbuild/bbs-3.12-bioc/R/library/IRanges/include' -I'C:/Users/biocbuild/bbs-3.12-bioc/R/library/XVector/include'   -I"C:/extsoft/include"     -O2 -Wall  -std=gnu99 -mfpmath=sse -msse2 -mstackrealign -c BAB_class.c -o BAB_class.o
"C:/rtools40/mingw32/bin/"gcc  -I"C:/Users/BIOCBU~1/BBS-3~1.12-/R/include" -DNDEBUG  -I'C:/Users/biocbuild/bbs-3.12-bioc/R/library/S4Vectors/include' -I'C:/Users/biocbuild/bbs-3.12-bioc/R/library/IRanges/include' -I'C:/Users/biocbuild/bbs-3.12-bioc/R/library/XVector/include'   -I"C:/extsoft/include"     -O2 -Wall  -std=gnu99 -mfpmath=sse -msse2 -mstackrealign -c BitMatrix.c -o BitMatrix.o
BitMatrix.c:299:13: warning: 'BitMatrix_print' defined but not used [-Wunused-function]
 static void BitMatrix_print(BitMatrix *bitmat)
             ^~~~~~~~~~~~~~~
"C:/rtools40/mingw32/bin/"gcc  -I"C:/Users/BIOCBU~1/BBS-3~1.12-/R/include" -DNDEBUG  -I'C:/Users/biocbuild/bbs-3.12-bioc/R/library/S4Vectors/include' -I'C:/Users/biocbuild/bbs-3.12-bioc/R/library/IRanges/include' -I'C:/Users/biocbuild/bbs-3.12-bioc/R/library/XVector/include'   -I"C:/extsoft/include"     -O2 -Wall  -std=gnu99 -mfpmath=sse -msse2 -mstackrealign -c IRanges_stubs.c -o IRanges_stubs.o
"C:/rtools40/mingw32/bin/"gcc  -I"C:/Users/BIOCBU~1/BBS-3~1.12-/R/include" -DNDEBUG  -I'C:/Users/biocbuild/bbs-3.12-bioc/R/library/S4Vectors/include' -I'C:/Users/biocbuild/bbs-3.12-bioc/R/library/IRanges/include' -I'C:/Users/biocbuild/bbs-3.12-bioc/R/library/XVector/include'   -I"C:/extsoft/include"     -O2 -Wall  -std=gnu99 -mfpmath=sse -msse2 -mstackrealign -c MIndex_class.c -o MIndex_class.o
MIndex_class.c: In function 'SparseMIndex_endIndex':
MIndex_class.c:184:20: warning: unused variable 'poffsets_order' [-Wunused-variable]
  IntAE *poffsets, *poffsets_order;
                    ^~~~~~~~~~~~~~
"C:/rtools40/mingw32/bin/"gcc  -I"C:/Users/BIOCBU~1/BBS-3~1.12-/R/include" -DNDEBUG  -I'C:/Users/biocbuild/bbs-3.12-bioc/R/library/S4Vectors/include' -I'C:/Users/biocbuild/bbs-3.12-bioc/R/library/IRanges/include' -I'C:/Users/biocbuild/bbs-3.12-bioc/R/library/XVector/include'   -I"C:/extsoft/include"     -O2 -Wall  -std=gnu99 -mfpmath=sse -msse2 -mstackrealign -c PreprocessedTB_class.c -o PreprocessedTB_class.o
"C:/rtools40/mingw32/bin/"gcc  -I"C:/Users/BIOCBU~1/BBS-3~1.12-/R/include" -DNDEBUG  -I'C:/Users/biocbuild/bbs-3.12-bioc/R/library/S4Vectors/include' -I'C:/Users/biocbuild/bbs-3.12-bioc/R/library/IRanges/include' -I'C:/Users/biocbuild/bbs-3.12-bioc/R/library/XVector/include'   -I"C:/extsoft/include"     -O2 -Wall  -std=gnu99 -mfpmath=sse -msse2 -mstackrealign -c R_init_Biostrings.c -o R_init_Biostrings.o
"C:/rtools40/mingw32/bin/"gcc  -I"C:/Users/BIOCBU~1/BBS-3~1.12-/R/include" -DNDEBUG  -I'C:/Users/biocbuild/bbs-3.12-bioc/R/library/S4Vectors/include' -I'C:/Users/biocbuild/bbs-3.12-bioc/R/library/IRanges/include' -I'C:/Users/biocbuild/bbs-3.12-bioc/R/library/XVector/include'   -I"C:/extsoft/include"     -O2 -Wall  -std=gnu99 -mfpmath=sse -msse2 -mstackrealign -c RoSeqs_utils.c -o RoSeqs_utils.o
"C:/rtools40/mingw32/bin/"gcc  -I"C:/Users/BIOCBU~1/BBS-3~1.12-/R/include" -DNDEBUG  -I'C:/Users/biocbuild/bbs-3.12-bioc/R/library/S4Vectors/include' -I'C:/Users/biocbuild/bbs-3.12-bioc/R/library/IRanges/include' -I'C:/Users/biocbuild/bbs-3.12-bioc/R/library/XVector/include'   -I"C:/extsoft/include"     -O2 -Wall  -std=gnu99 -mfpmath=sse -msse2 -mstackrealign -c S4Vectors_stubs.c -o S4Vectors_stubs.o
"C:/rtools40/mingw32/bin/"gcc  -I"C:/Users/BIOCBU~1/BBS-3~1.12-/R/include" -DNDEBUG  -I'C:/Users/biocbuild/bbs-3.12-bioc/R/library/S4Vectors/include' -I'C:/Users/biocbuild/bbs-3.12-bioc/R/library/IRanges/include' -I'C:/Users/biocbuild/bbs-3.12-bioc/R/library/XVector/include'   -I"C:/extsoft/include"     -O2 -Wall  -std=gnu99 -mfpmath=sse -msse2 -mstackrealign -c SparseList_utils.c -o SparseList_utils.o
"C:/rtools40/mingw32/bin/"gcc  -I"C:/Users/BIOCBU~1/BBS-3~1.12-/R/include" -DNDEBUG  -I'C:/Users/biocbuild/bbs-3.12-bioc/R/library/S4Vectors/include' -I'C:/Users/biocbuild/bbs-3.12-bioc/R/library/IRanges/include' -I'C:/Users/biocbuild/bbs-3.12-bioc/R/library/XVector/include'   -I"C:/extsoft/include"     -O2 -Wall  -std=gnu99 -mfpmath=sse -msse2 -mstackrealign -c XStringSetList_class.c -o XStringSetList_class.o
"C:/rtools40/mingw32/bin/"gcc  -I"C:/Users/BIOCBU~1/BBS-3~1.12-/R/include" -DNDEBUG  -I'C:/Users/biocbuild/bbs-3.12-bioc/R/library/S4Vectors/include' -I'C:/Users/biocbuild/bbs-3.12-bioc/R/library/IRanges/include' -I'C:/Users/biocbuild/bbs-3.12-bioc/R/library/XVector/include'   -I"C:/extsoft/include"     -O2 -Wall  -std=gnu99 -mfpmath=sse -msse2 -mstackrealign -c XStringSet_class.c -o XStringSet_class.o
XStringSet_class.c: In function 'new_XStringSet_from_CHARACTER':
XStringSet_class.c:124:3: warning: 'lkup_len' may be used uninitialized in this function [-Wmaybe-uninitialized]
   _copy_CHARSXP_to_Chars_holder(&ans_elt_holder, x_elt,
   ^~~~~~~~~~~~~~~~~~~~~~~~~~~~~~~~~~~~~~~~~~~~~~~~~~~~~
     INTEGER(start)[i], lkup0, lkup_len);
     ~~~~~~~~~~~~~~~~~~~~~~~~~~~~~~~~~~~
"C:/rtools40/mingw32/bin/"gcc  -I"C:/Users/BIOCBU~1/BBS-3~1.12-/R/include" -DNDEBUG  -I'C:/Users/biocbuild/bbs-3.12-bioc/R/library/S4Vectors/include' -I'C:/Users/biocbuild/bbs-3.12-bioc/R/library/IRanges/include' -I'C:/Users/biocbuild/bbs-3.12-bioc/R/library/XVector/include'   -I"C:/extsoft/include"     -O2 -Wall  -std=gnu99 -mfpmath=sse -msse2 -mstackrealign -c XString_class.c -o XString_class.o
"C:/rtools40/mingw32/bin/"gcc  -I"C:/Users/BIOCBU~1/BBS-3~1.12-/R/include" -DNDEBUG  -I'C:/Users/biocbuild/bbs-3.12-bioc/R/library/S4Vectors/include' -I'C:/Users/biocbuild/bbs-3.12-bioc/R/library/IRanges/include' -I'C:/Users/biocbuild/bbs-3.12-bioc/R/library/XVector/include'   -I"C:/extsoft/include"     -O2 -Wall  -std=gnu99 -mfpmath=sse -msse2 -mstackrealign -c XVector_stubs.c -o XVector_stubs.o
"C:/rtools40/mingw32/bin/"gcc  -I"C:/Users/BIOCBU~1/BBS-3~1.12-/R/include" -DNDEBUG  -I'C:/Users/biocbuild/bbs-3.12-bioc/R/library/S4Vectors/include' -I'C:/Users/biocbuild/bbs-3.12-bioc/R/library/IRanges/include' -I'C:/Users/biocbuild/bbs-3.12-bioc/R/library/XVector/include'   -I"C:/extsoft/include"     -O2 -Wall  -std=gnu99 -mfpmath=sse -msse2 -mstackrealign -c align_needwunsQS.c -o align_needwunsQS.o
align_needwunsQS.c: In function 'align_needwunsQS':
align_needwunsQS.c:155:22: warning: 'sc' may be used uninitialized in this function [-Wmaybe-uninitialized]
  INTEGER(ans_elt)[0] = score;
  ~~~~~~~~~~~~~~~~~~~~^~~~~~~
"C:/rtools40/mingw32/bin/"gcc  -I"C:/Users/BIOCBU~1/BBS-3~1.12-/R/include" -DNDEBUG  -I'C:/Users/biocbuild/bbs-3.12-bioc/R/library/S4Vectors/include' -I'C:/Users/biocbuild/bbs-3.12-bioc/R/library/IRanges/include' -I'C:/Users/biocbuild/bbs-3.12-bioc/R/library/XVector/include'   -I"C:/extsoft/include"     -O2 -Wall  -std=gnu99 -mfpmath=sse -msse2 -mstackrealign -c align_pairwiseAlignment.c -o align_pairwiseAlignment.o
"C:/rtools40/mingw32/bin/"gcc  -I"C:/Users/BIOCBU~1/BBS-3~1.12-/R/include" -DNDEBUG  -I'C:/Users/biocbuild/bbs-3.12-bioc/R/library/S4Vectors/include' -I'C:/Users/biocbuild/bbs-3.12-bioc/R/library/IRanges/include' -I'C:/Users/biocbuild/bbs-3.12-bioc/R/library/XVector/include'   -I"C:/extsoft/include"     -O2 -Wall  -std=gnu99 -mfpmath=sse -msse2 -mstackrealign -c align_utils.c -o align_utils.o
align_utils.c: In function 'PairwiseAlignmentsSingleSubject_align_aligned':
align_utils.c:254:14: warning: 'indelWidthSubject' may be used uninitialized in this function [-Wmaybe-uninitialized]
     jPattern += indelWidthSubject;
     ~~~~~~~~~^~~~~~~~~~~~~~~~~~~~
align_utils.c:235:42: warning: 'indelStartSubject' may be used uninitialized in this function [-Wmaybe-uninitialized]
    if ((numberOfIndelSubject == 0) || (j < indelStartSubject)) {
                                       ~~~^~~~~~~~~~~~~~~~~~~~
align_utils.c:225:26: warning: 'indelWidthPattern' may be used uninitialized in this function [-Wmaybe-uninitialized]
   int indelStartPattern, indelWidthPattern, indelStartSubject, indelWidthSubject;
                          ^~~~~~~~~~~~~~~~~
align_utils.c:236:50: warning: 'indelStartPattern' may be used uninitialized in this function [-Wmaybe-uninitialized]
     if ((numberOfIndelPattern == 0) || (jPattern < indelStartPattern)) {
                                        ~~~~~~~~~~^~~~~~~~~~~~~~~~~~~~
"C:/rtools40/mingw32/bin/"gcc  -I"C:/Users/BIOCBU~1/BBS-3~1.12-/R/include" -DNDEBUG  -I'C:/Users/biocbuild/bbs-3.12-bioc/R/library/S4Vectors/include' -I'C:/Users/biocbuild/bbs-3.12-bioc/R/library/IRanges/include' -I'C:/Users/biocbuild/bbs-3.12-bioc/R/library/XVector/include'   -I"C:/extsoft/include"     -O2 -Wall  -std=gnu99 -mfpmath=sse -msse2 -mstackrealign -c find_palindromes.c -o find_palindromes.o
"C:/rtools40/mingw32/bin/"gcc  -I"C:/Users/BIOCBU~1/BBS-3~1.12-/R/include" -DNDEBUG  -I'C:/Users/biocbuild/bbs-3.12-bioc/R/library/S4Vectors/include' -I'C:/Users/biocbuild/bbs-3.12-bioc/R/library/IRanges/include' -I'C:/Users/biocbuild/bbs-3.12-bioc/R/library/XVector/include'   -I"C:/extsoft/include"     -O2 -Wall  -std=gnu99 -mfpmath=sse -msse2 -mstackrealign -c gtestsim.c -o gtestsim.o
"C:/rtools40/mingw32/bin/"gcc  -I"C:/Users/BIOCBU~1/BBS-3~1.12-/R/include" -DNDEBUG  -I'C:/Users/biocbuild/bbs-3.12-bioc/R/library/S4Vectors/include' -I'C:/Users/biocbuild/bbs-3.12-bioc/R/library/IRanges/include' -I'C:/Users/biocbuild/bbs-3.12-bioc/R/library/XVector/include'   -I"C:/extsoft/include"     -O2 -Wall  -std=gnu99 -mfpmath=sse -msse2 -mstackrealign -c inject_code.c -o inject_code.o
"C:/rtools40/mingw32/bin/"gcc  -I"C:/Users/BIOCBU~1/BBS-3~1.12-/R/include" -DNDEBUG  -I'C:/Users/biocbuild/bbs-3.12-bioc/R/library/S4Vectors/include' -I'C:/Users/biocbuild/bbs-3.12-bioc/R/library/IRanges/include' -I'C:/Users/biocbuild/bbs-3.12-bioc/R/library/XVector/include'   -I"C:/extsoft/include"     -O2 -Wall  -std=gnu99 -mfpmath=sse -msse2 -mstackrealign -c letter_frequency.c -o letter_frequency.o
letter_frequency.c: In function 'XStringSet_two_way_letter_frequency':
letter_frequency.c:957:48: warning: unused variable 'x_pos' [-Wunused-variable]
   int x_width, y_width, x_length, *ans_mat, i, x_pos;
                                                ^~~~~
letter_frequency.c:956:13: warning: unused variable 'ans_dimnames' [-Wunused-variable]
   SEXP ans, ans_dimnames;
             ^~~~~~~~~~~~
"C:/rtools40/mingw32/bin/"gcc  -I"C:/Users/BIOCBU~1/BBS-3~1.12-/R/include" -DNDEBUG  -I'C:/Users/biocbuild/bbs-3.12-bioc/R/library/S4Vectors/include' -I'C:/Users/biocbuild/bbs-3.12-bioc/R/library/IRanges/include' -I'C:/Users/biocbuild/bbs-3.12-bioc/R/library/XVector/include'   -I"C:/extsoft/include"     -O2 -Wall  -std=gnu99 -mfpmath=sse -msse2 -mstackrealign -c lowlevel_matching.c -o lowlevel_matching.o
"C:/rtools40/mingw32/bin/"gcc  -I"C:/Users/BIOCBU~1/BBS-3~1.12-/R/include" -DNDEBUG  -I'C:/Users/biocbuild/bbs-3.12-bioc/R/library/S4Vectors/include' -I'C:/Users/biocbuild/bbs-3.12-bioc/R/library/IRanges/include' -I'C:/Users/biocbuild/bbs-3.12-bioc/R/library/XVector/include'   -I"C:/extsoft/include"     -O2 -Wall  -std=gnu99 -mfpmath=sse -msse2 -mstackrealign -c match_PWM.c -o match_PWM.o
"C:/rtools40/mingw32/bin/"gcc  -I"C:/Users/BIOCBU~1/BBS-3~1.12-/R/include" -DNDEBUG  -I'C:/Users/biocbuild/bbs-3.12-bioc/R/library/S4Vectors/include' -I'C:/Users/biocbuild/bbs-3.12-bioc/R/library/IRanges/include' -I'C:/Users/biocbuild/bbs-3.12-bioc/R/library/XVector/include'   -I"C:/extsoft/include"     -O2 -Wall  -std=gnu99 -mfpmath=sse -msse2 -mstackrealign -c match_pattern.c -o match_pattern.o
"C:/rtools40/mingw32/bin/"gcc  -I"C:/Users/BIOCBU~1/BBS-3~1.12-/R/include" -DNDEBUG  -I'C:/Users/biocbuild/bbs-3.12-bioc/R/library/S4Vectors/include' -I'C:/Users/biocbuild/bbs-3.12-bioc/R/library/IRanges/include' -I'C:/Users/biocbuild/bbs-3.12-bioc/R/library/XVector/include'   -I"C:/extsoft/include"     -O2 -Wall  -std=gnu99 -mfpmath=sse -msse2 -mstackrealign -c match_pattern_boyermoore.c -o match_pattern_boyermoore.o
"C:/rtools40/mingw32/bin/"gcc  -I"C:/Users/BIOCBU~1/BBS-3~1.12-/R/include" -DNDEBUG  -I'C:/Users/biocbuild/bbs-3.12-bioc/R/library/S4Vectors/include' -I'C:/Users/biocbuild/bbs-3.12-bioc/R/library/IRanges/include' -I'C:/Users/biocbuild/bbs-3.12-bioc/R/library/XVector/include'   -I"C:/extsoft/include"     -O2 -Wall  -std=gnu99 -mfpmath=sse -msse2 -mstackrealign -c match_pattern_indels.c -o match_pattern_indels.o
match_pattern_indels.c:7:13: warning: 'test_match_pattern_indels' defined but not used [-Wunused-function]
 static void test_match_pattern_indels(const char *p, const char *s,
             ^~~~~~~~~~~~~~~~~~~~~~~~~
"C:/rtools40/mingw32/bin/"gcc  -I"C:/Users/BIOCBU~1/BBS-3~1.12-/R/include" -DNDEBUG  -I'C:/Users/biocbuild/bbs-3.12-bioc/R/library/S4Vectors/include' -I'C:/Users/biocbuild/bbs-3.12-bioc/R/library/IRanges/include' -I'C:/Users/biocbuild/bbs-3.12-bioc/R/library/XVector/include'   -I"C:/extsoft/include"     -O2 -Wall  -std=gnu99 -mfpmath=sse -msse2 -mstackrealign -c match_pattern_shiftor.c -o match_pattern_shiftor.o
"C:/rtools40/mingw32/bin/"gcc  -I"C:/Users/BIOCBU~1/BBS-3~1.12-/R/include" -DNDEBUG  -I'C:/Users/biocbuild/bbs-3.12-bioc/R/library/S4Vectors/include' -I'C:/Users/biocbuild/bbs-3.12-bioc/R/library/IRanges/include' -I'C:/Users/biocbuild/bbs-3.12-bioc/R/library/XVector/include'   -I"C:/extsoft/include"     -O2 -Wall  -std=gnu99 -mfpmath=sse -msse2 -mstackrealign -c match_pdict.c -o match_pdict.o
match_pdict.c: In function 'vmatch_PDict3Parts_XStringSet':
match_pdict.c:419:12: warning: 'ans_col' may be used uninitialized in this function [-Wmaybe-uninitialized]
    ans_col += tb_length;
    ~~~~~~~~^~~~~~~~~~~~
match_pdict.c:392:58: note: 'ans_col' was declared here
  int tb_length, S_length, collapse0, i, j, match_count, *ans_col;
                                                          ^~~~~~~
match_pdict.c: In function 'vmatch_XStringSet_XStringSet':
match_pdict.c:470:13: warning: 'ans_elt' may be used uninitialized in this function [-Wmaybe-uninitialized]
     ans_elt += P_length;
     ~~~~~~~~^~~~~~~~~~~
match_pdict.c:441:57: note: 'ans_elt' was declared here
  int P_length, S_length, collapse0, i, j, match_count, *ans_elt;
                                                         ^~~~~~~
"C:/rtools40/mingw32/bin/"gcc  -I"C:/Users/BIOCBU~1/BBS-3~1.12-/R/include" -DNDEBUG  -I'C:/Users/biocbuild/bbs-3.12-bioc/R/library/S4Vectors/include' -I'C:/Users/biocbuild/bbs-3.12-bioc/R/library/IRanges/include' -I'C:/Users/biocbuild/bbs-3.12-bioc/R/library/XVector/include'   -I"C:/extsoft/include"     -O2 -Wall  -std=gnu99 -mfpmath=sse -msse2 -mstackrealign -c match_pdict_ACtree2.c -o match_pdict_ACtree2.o
match_pdict_ACtree2.c: In function 'split_and_move_pointers':
match_pdict_ACtree2.c:1031:10: warning: variable 'node0' set but not used [-Wunused-but-set-variable]
  ACnode *node0, *node1, *node2;
          ^~~~~
match_pdict_ACtree2.c: In function 'merge_pointers':
match_pdict_ACtree2.c:1076:10: warning: variable 'node0' set but not used [-Wunused-but-set-variable]
  ACnode *node0, *node1, *node2;
          ^~~~~
At top level:
match_pdict_ACtree2.c:602:21: warning: 'a_nice_max_nodeextbuf_nelt' defined but not used [-Wunused-function]
 static unsigned int a_nice_max_nodeextbuf_nelt(int nnodes)
                     ^~~~~~~~~~~~~~~~~~~~~~~~~~
match_pdict_ACtree2.c:139:13: warning: 'debug_node_counting_functions' defined but not used [-Wunused-function]
 static void debug_node_counting_functions(int maxdepth)
             ^~~~~~~~~~~~~~~~~~~~~~~~~~~~~
"C:/rtools40/mingw32/bin/"gcc  -I"C:/Users/BIOCBU~1/BBS-3~1.12-/R/include" -DNDEBUG  -I'C:/Users/biocbuild/bbs-3.12-bioc/R/library/S4Vectors/include' -I'C:/Users/biocbuild/bbs-3.12-bioc/R/library/IRanges/include' -I'C:/Users/biocbuild/bbs-3.12-bioc/R/library/XVector/include'   -I"C:/extsoft/include"     -O2 -Wall  -std=gnu99 -mfpmath=sse -msse2 -mstackrealign -c match_pdict_Twobit.c -o match_pdict_Twobit.o
match_pdict_Twobit.c: In function 'build_Twobit':
match_pdict_Twobit.c:75:20: warning: 'twobit_sign2pos' may be used uninitialized in this function [-Wmaybe-uninitialized]
  PROTECT(ans_elt = new_XInteger_from_tag("XInteger", twobit_sign2pos));
                    ^~~~~~~~~~~~~~~~~~~~~
match_pdict_Twobit.c:110:12: note: 'twobit_sign2pos' was declared here
  SEXP ans, twobit_sign2pos;
            ^~~~~~~~~~~~~~~
"C:/rtools40/mingw32/bin/"gcc  -I"C:/Users/BIOCBU~1/BBS-3~1.12-/R/include" -DNDEBUG  -I'C:/Users/biocbuild/bbs-3.12-bioc/R/library/S4Vectors/include' -I'C:/Users/biocbuild/bbs-3.12-bioc/R/library/IRanges/include' -I'C:/Users/biocbuild/bbs-3.12-bioc/R/library/XVector/include'   -I"C:/extsoft/include"     -O2 -Wall  -std=gnu99 -mfpmath=sse -msse2 -mstackrealign -c match_pdict_utils.c -o match_pdict_utils.o
match_pdict_utils.c: In function 'match_ppheadtail0':
match_pdict_utils.c:652:49: warning: unused variable 'ncol' [-Wunused-variable]
  int nelt, min_safe_tb_end, max_safe_tb_end, j, ncol;
                                                 ^~~~
match_pdict_utils.c: In function 'match_ppheadtail':
match_pdict_utils.c:712:6: warning: unused variable 'nelt' [-Wunused-variable]
  int nelt, nkey0, nkey1, nkey2, i, key;
      ^~~~
match_pdict_utils.c: In function '_match_pdict_all_flanks':
match_pdict_utils.c:819:44: warning: unused variable 'subtotal_NFC' [-Wunused-variable]
  static unsigned long int total_NFC = 0UL, subtotal_NFC = 0UL;
                                            ^~~~~~~~~~~~
match_pdict_utils.c:819:27: warning: unused variable 'total_NFC' [-Wunused-variable]
  static unsigned long int total_NFC = 0UL, subtotal_NFC = 0UL;
                           ^~~~~~~~~
match_pdict_utils.c:818:33: warning: unused variable 'NFC' [-Wunused-variable]
  unsigned long int ndup, nloci, NFC; // NFC = Number of Flank Comparisons
                                 ^~~
match_pdict_utils.c:818:26: warning: unused variable 'nloci' [-Wunused-variable]
  unsigned long int ndup, nloci, NFC; // NFC = Number of Flank Comparisons
                          ^~~~~
match_pdict_utils.c:818:20: warning: unused variable 'ndup' [-Wunused-variable]
  unsigned long int ndup, nloci, NFC; // NFC = Number of Flank Comparisons
                    ^~~~
At top level:
match_pdict_utils.c:819:27: warning: 'total_NFC' defined but not used [-Wunused-variable]
  static unsigned long int total_NFC = 0UL, subtotal_NFC = 0UL;
                           ^~~~~~~~~
match_pdict_utils.c:819:44: warning: 'subtotal_NFC' defined but not used [-Wunused-variable]
  static unsigned long int total_NFC = 0UL, subtotal_NFC = 0UL;
                                            ^~~~~~~~~~~~
match_pdict_utils.c:260:13: warning: 'match_headtail_by_loc' defined but not used [-Wunused-function]
 static void match_headtail_by_loc(const HeadTail *headtail,
             ^~~~~~~~~~~~~~~~~~~~~
"C:/rtools40/mingw32/bin/"gcc  -I"C:/Users/BIOCBU~1/BBS-3~1.12-/R/include" -DNDEBUG  -I'C:/Users/biocbuild/bbs-3.12-bioc/R/library/S4Vectors/include' -I'C:/Users/biocbuild/bbs-3.12-bioc/R/library/IRanges/include' -I'C:/Users/biocbuild/bbs-3.12-bioc/R/library/XVector/include'   -I"C:/extsoft/include"     -O2 -Wall  -std=gnu99 -mfpmath=sse -msse2 -mstackrealign -c match_reporting.c -o match_reporting.o
"C:/rtools40/mingw32/bin/"gcc  -I"C:/Users/BIOCBU~1/BBS-3~1.12-/R/include" -DNDEBUG  -I'C:/Users/biocbuild/bbs-3.12-bioc/R/library/S4Vectors/include' -I'C:/Users/biocbuild/bbs-3.12-bioc/R/library/IRanges/include' -I'C:/Users/biocbuild/bbs-3.12-bioc/R/library/XVector/include'   -I"C:/extsoft/include"     -O2 -Wall  -std=gnu99 -mfpmath=sse -msse2 -mstackrealign -c matchprobes.c -o matchprobes.o
"C:/rtools40/mingw32/bin/"gcc  -I"C:/Users/BIOCBU~1/BBS-3~1.12-/R/include" -DNDEBUG  -I'C:/Users/biocbuild/bbs-3.12-bioc/R/library/S4Vectors/include' -I'C:/Users/biocbuild/bbs-3.12-bioc/R/library/IRanges/include' -I'C:/Users/biocbuild/bbs-3.12-bioc/R/library/XVector/include'   -I"C:/extsoft/include"     -O2 -Wall  -std=gnu99 -mfpmath=sse -msse2 -mstackrealign -c pmatchPattern.c -o pmatchPattern.o
"C:/rtools40/mingw32/bin/"gcc  -I"C:/Users/BIOCBU~1/BBS-3~1.12-/R/include" -DNDEBUG  -I'C:/Users/biocbuild/bbs-3.12-bioc/R/library/S4Vectors/include' -I'C:/Users/biocbuild/bbs-3.12-bioc/R/library/IRanges/include' -I'C:/Users/biocbuild/bbs-3.12-bioc/R/library/XVector/include'   -I"C:/extsoft/include"     -O2 -Wall  -std=gnu99 -mfpmath=sse -msse2 -mstackrealign -c read_fasta_files.c -o read_fasta_files.o
read_fasta_files.c: In function 'read_fasta_files':
read_fasta_files.c:186:9: warning: '*((void *)&loader_ext+32)' may be used uninitialized in this function [-Wmaybe-uninitialized]
  return loader_ext;
         ^~~~~~~~~~
read_fasta_files.c:186:9: warning: '*((void *)&loader_ext+36)' may be used uninitialized in this function [-Wmaybe-uninitialized]
read_fasta_files.c: In function 'read_fasta_blocks':
read_fasta_files.c:186:9: warning: '*((void *)&loader_ext+32)' is used uninitialized in this function [-Wuninitialized]
  return loader_ext;
         ^~~~~~~~~~
read_fasta_files.c:186:9: warning: '*((void *)&loader_ext+36)' is used uninitialized in this function [-Wuninitialized]
"C:/rtools40/mingw32/bin/"gcc  -I"C:/Users/BIOCBU~1/BBS-3~1.12-/R/include" -DNDEBUG  -I'C:/Users/biocbuild/bbs-3.12-bioc/R/library/S4Vectors/include' -I'C:/Users/biocbuild/bbs-3.12-bioc/R/library/IRanges/include' -I'C:/Users/biocbuild/bbs-3.12-bioc/R/library/XVector/include'   -I"C:/extsoft/include"     -O2 -Wall  -std=gnu99 -mfpmath=sse -msse2 -mstackrealign -c read_fastq_files.c -o read_fastq_files.o
read_fastq_files.c: In function 'parse_FASTQ_file':
read_fastq_files.c:392:7: warning: 'dont_load' may be used uninitialized in this function [-Wmaybe-uninitialized]
    if (dont_load || loader->new_empty_seq_hook == NULL)
       ^
"C:/rtools40/mingw32/bin/"gcc  -I"C:/Users/BIOCBU~1/BBS-3~1.12-/R/include" -DNDEBUG  -I'C:/Users/biocbuild/bbs-3.12-bioc/R/library/S4Vectors/include' -I'C:/Users/biocbuild/bbs-3.12-bioc/R/library/IRanges/include' -I'C:/Users/biocbuild/bbs-3.12-bioc/R/library/XVector/include'   -I"C:/extsoft/include"     -O2 -Wall  -std=gnu99 -mfpmath=sse -msse2 -mstackrealign -c replaceAt.c -o replaceAt.o
"C:/rtools40/mingw32/bin/"gcc  -I"C:/Users/BIOCBU~1/BBS-3~1.12-/R/include" -DNDEBUG  -I'C:/Users/biocbuild/bbs-3.12-bioc/R/library/S4Vectors/include' -I'C:/Users/biocbuild/bbs-3.12-bioc/R/library/IRanges/include' -I'C:/Users/biocbuild/bbs-3.12-bioc/R/library/XVector/include'   -I"C:/extsoft/include"     -O2 -Wall  -std=gnu99 -mfpmath=sse -msse2 -mstackrealign -c replace_letter_at.c -o replace_letter_at.o
"C:/rtools40/mingw32/bin/"gcc  -I"C:/Users/BIOCBU~1/BBS-3~1.12-/R/include" -DNDEBUG  -I'C:/Users/biocbuild/bbs-3.12-bioc/R/library/S4Vectors/include' -I'C:/Users/biocbuild/bbs-3.12-bioc/R/library/IRanges/include' -I'C:/Users/biocbuild/bbs-3.12-bioc/R/library/XVector/include'   -I"C:/extsoft/include"     -O2 -Wall  -std=gnu99 -mfpmath=sse -msse2 -mstackrealign -c strutils.c -o strutils.o
"C:/rtools40/mingw32/bin/"gcc  -I"C:/Users/BIOCBU~1/BBS-3~1.12-/R/include" -DNDEBUG  -I'C:/Users/biocbuild/bbs-3.12-bioc/R/library/S4Vectors/include' -I'C:/Users/biocbuild/bbs-3.12-bioc/R/library/IRanges/include' -I'C:/Users/biocbuild/bbs-3.12-bioc/R/library/XVector/include'   -I"C:/extsoft/include"     -O2 -Wall  -std=gnu99 -mfpmath=sse -msse2 -mstackrealign -c translate.c -o translate.o
translate.c: In function 'DNAStringSet_translate':
translate.c:110:8: warning: 'if_ambig0' may be used uninitialized in this function [-Wmaybe-uninitialized]
     if (if_ambig == TRANSLATE_ERROR) {
        ^
translate.c:136:29: note: 'if_ambig0' was declared here
  int ncodes, if_non_ambig0, if_ambig0, ans_length, i, errcode;
                             ^~~~~~~~~
translate.c:106:8: warning: 'if_non_ambig0' may be used uninitialized in this function [-Wmaybe-uninitialized]
     if (if_non_ambig == TRANSLATE_TO_X)
        ^
translate.c:136:14: note: 'if_non_ambig0' was declared here
  int ncodes, if_non_ambig0, if_ambig0, ans_length, i, errcode;
              ^~~~~~~~~~~~~
"C:/rtools40/mingw32/bin/"gcc  -I"C:/Users/BIOCBU~1/BBS-3~1.12-/R/include" -DNDEBUG  -I'C:/Users/biocbuild/bbs-3.12-bioc/R/library/S4Vectors/include' -I'C:/Users/biocbuild/bbs-3.12-bioc/R/library/IRanges/include' -I'C:/Users/biocbuild/bbs-3.12-bioc/R/library/XVector/include'   -I"C:/extsoft/include"     -O2 -Wall  -std=gnu99 -mfpmath=sse -msse2 -mstackrealign -c unstrsplit_methods.c -o unstrsplit_methods.o
"C:/rtools40/mingw32/bin/"gcc  -I"C:/Users/BIOCBU~1/BBS-3~1.12-/R/include" -DNDEBUG  -I'C:/Users/biocbuild/bbs-3.12-bioc/R/library/S4Vectors/include' -I'C:/Users/biocbuild/bbs-3.12-bioc/R/library/IRanges/include' -I'C:/Users/biocbuild/bbs-3.12-bioc/R/library/XVector/include'   -I"C:/extsoft/include"     -O2 -Wall  -std=gnu99 -mfpmath=sse -msse2 -mstackrealign -c utils.c -o utils.o
utils.c: In function '_get_twobit_signature':
utils.c:157:9: warning: 'twobit_sign' may be used uninitialized in this function [-Wmaybe-uninitialized]
  return twobit_sign;
         ^~~~~~~~~~~
utils.c: In function '_get_twobit_signature_at':
utils.c:164:12: warning: 'twobit_sign' may be used uninitialized in this function [-Wmaybe-uninitialized]
  int i, j, twobit_sign;
            ^~~~~~~~~~~
"C:/rtools40/mingw32/bin/"gcc  -I"C:/Users/BIOCBU~1/BBS-3~1.12-/R/include" -DNDEBUG  -I'C:/Users/biocbuild/bbs-3.12-bioc/R/library/S4Vectors/include' -I'C:/Users/biocbuild/bbs-3.12-bioc/R/library/IRanges/include' -I'C:/Users/biocbuild/bbs-3.12-bioc/R/library/XVector/include'   -I"C:/extsoft/include"     -O2 -Wall  -std=gnu99 -mfpmath=sse -msse2 -mstackrealign -c xscat.c -o xscat.o
In file included from C:/Users/biocbuild/bbs-3.12-bioc/R/library/S4Vectors/include/S4Vectors_defines.h:18,
                 from C:/Users/biocbuild/bbs-3.12-bioc/R/library/IRanges/include/IRanges_defines.h:18,
                 from ../inst/include/Biostrings_defines.h:18,
                 from Biostrings.h:1,
                 from xscat.c:1:
xscat.c: In function 'XString_xscat':
C:/Users/BIOCBU~1/BBS-3~1.12-/R/include/Rdefines.h:98:21: warning: 'ans_length' may be used uninitialized in this function [-Wmaybe-uninitialized]
 #define NEW_RAW(n)  Rf_allocVector(RAWSXP,n)
                     ^~~~~~~~~~~~~~
xscat.c:18:13: note: 'ans_length' was declared here
  int nargs, ans_length, tag_offset, j;
             ^~~~~~~~~~
xscat.c:52:16: warning: 'ans_classname' may be used uninitialized in this function [-Wmaybe-uninitialized]
  PROTECT(ans = new_XRaw_from_tag(ans_classname, ans_tag));
                ^~~~~~~~~~~~~~~~~
In file included from C:/Users/biocbuild/bbs-3.12-bioc/R/library/S4Vectors/include/S4Vectors_defines.h:18,
                 from C:/Users/biocbuild/bbs-3.12-bioc/R/library/IRanges/include/IRanges_defines.h:18,
                 from ../inst/include/Biostrings_defines.h:18,
                 from Biostrings.h:1,
                 from xscat.c:1:
xscat.c: In function 'XStringSet_xscat':
C:/Users/BIOCBU~1/BBS-3~1.12-/R/include/Rdefines.h:92:25: warning: 'ans_length' may be used uninitialized in this function [-Wmaybe-uninitialized]
 #define NEW_INTEGER(n)  Rf_allocVector(INTSXP,n)
                         ^~~~~~~~~~~~~~
xscat.c:66:32: note: 'ans_length' was declared here
  int nargs, *arg_lengths, *ii, ans_length, i, j, *width;
                                ^~~~~~~~~~
xscat.c:108:16: warning: 'ans_element_type' may be used uninitialized in this function [-Wmaybe-uninitialized]
  PROTECT(ans = _alloc_XStringSet(ans_element_type, ans_width));
                ^~~~~~~~~~~~~~~~~
C:/rtools40/mingw32/bin/gcc -shared -s -static-libgcc -o Biostrings.dll tmp.def BAB_class.o BitMatrix.o IRanges_stubs.o MIndex_class.o PreprocessedTB_class.o R_init_Biostrings.o RoSeqs_utils.o S4Vectors_stubs.o SparseList_utils.o XStringSetList_class.o XStringSet_class.o XString_class.o XVector_stubs.o align_needwunsQS.o align_pairwiseAlignment.o align_utils.o find_palindromes.o gtestsim.o inject_code.o letter_frequency.o lowlevel_matching.o match_PWM.o match_pattern.o match_pattern_boyermoore.o match_pattern_indels.o match_pattern_shiftor.o match_pdict.o match_pdict_ACtree2.o match_pdict_Twobit.o match_pdict_utils.o match_reporting.o matchprobes.o pmatchPattern.o read_fasta_files.o read_fastq_files.o replaceAt.o replace_letter_at.o strutils.o translate.o unstrsplit_methods.o utils.o xscat.o -LC:/extsoft/lib/i386 -LC:/extsoft/lib -LC:/Users/BIOCBU~1/BBS-3~1.12-/R/bin/i386 -lR
installing to C:/Users/biocbuild/bbs-3.12-bioc/meat/Biostrings.buildbin-libdir/00LOCK-Biostrings/00new/Biostrings/libs/i386
** R
** data
** inst
** byte-compile and prepare package for lazy loading
in method for 'twoWayAlphabetFrequencyByQuality' with signature '"QualityScaledXStringSet"': no definition for class "QualityScaledXStringSet"
Creating a new generic function for 'strsplit' in package 'Biostrings'
Creating a generic function for 'ls' from package 'base' in package 'Biostrings'
Creating a new generic function for 'offset' in package 'Biostrings'
** help
*** installing help indices
  converting help for package 'Biostrings'
    finding HTML links ... done
    AAString-class                          html  
    AMINO_ACID_CODE                         html  
    AlignedXStringSet-class                 html  
    Biostrings-internals                    html  
    DNAString-class                         html  
    GENETIC_CODE                            html  
    HNF4alpha                               html  
    IUPAC_CODE_MAP                          html  
    InDel-class                             html  
    MIndex-class                            html  
Rd warning: C:/Users/biocbuild/bbs-3.12-bioc/tmpdir/RtmpkvFJQR/R.INSTALL164456e021eb/Biostrings/man/MIndex-class.Rd:94: file link 'CompressedIRangesList' in package 'IRanges' does not exist and so has been treated as a topic
Rd warning: C:/Users/biocbuild/bbs-3.12-bioc/tmpdir/RtmpkvFJQR/R.INSTALL164456e021eb/Biostrings/man/MIndex-class.Rd:96: file link 'IntegerRangesList' in package 'IRanges' does not exist and so has been treated as a topic
Rd warning: C:/Users/biocbuild/bbs-3.12-bioc/tmpdir/RtmpkvFJQR/R.INSTALL164456e021eb/Biostrings/man/MIndex-class.Rd:98: file link 'IntegerRanges' in package 'IRanges' does not exist and so has been treated as a topic
    MaskedXString-class                     html  
Rd warning: C:/Users/biocbuild/bbs-3.12-bioc/tmpdir/RtmpkvFJQR/R.INSTALL164456e021eb/Biostrings/man/MaskedXString-class.Rd:182: file link 'Views' in package 'IRanges' does not exist and so has been treated as a topic
    MultipleAlignment-class                 html  
    finding level-2 HTML links ... done

Rd warning: C:/Users/biocbuild/bbs-3.12-bioc/tmpdir/RtmpkvFJQR/R.INSTALL164456e021eb/Biostrings/man/MultipleAlignment-class.Rd:122: file link 'narrow' in package 'IRanges' does not exist and so has been treated as a topic
    PDict-class                             html  
    PairwiseAlignments-class                html  
    PairwiseAlignments-io                   html  
    QualityScaledXStringSet-class           html  
    RNAString-class                         html  
    XString-class                           html  
Rd warning: C:/Users/biocbuild/bbs-3.12-bioc/tmpdir/RtmpkvFJQR/R.INSTALL164456e021eb/Biostrings/man/XString-class.Rd:180: file link 'subseq' in package 'XVector' does not exist and so has been treated as a topic
Rd warning: C:/Users/biocbuild/bbs-3.12-bioc/tmpdir/RtmpkvFJQR/R.INSTALL164456e021eb/Biostrings/man/XString-class.Rd:188: file link 'compact' in package 'XVector' does not exist and so has been treated as a topic
    XStringPartialMatches-class             html  
    XStringQuality-class                    html  
    XStringSet-class                        html  
Rd warning: C:/Users/biocbuild/bbs-3.12-bioc/tmpdir/RtmpkvFJQR/R.INSTALL164456e021eb/Biostrings/man/XStringSet-class.Rd:92: file link 'narrow' in package 'IRanges' does not exist and so has been treated as a topic
Rd warning: C:/Users/biocbuild/bbs-3.12-bioc/tmpdir/RtmpkvFJQR/R.INSTALL164456e021eb/Biostrings/man/XStringSet-class.Rd:179: file link 'subseq' in package 'XVector' does not exist and so has been treated as a topic
Rd warning: C:/Users/biocbuild/bbs-3.12-bioc/tmpdir/RtmpkvFJQR/R.INSTALL164456e021eb/Biostrings/man/XStringSet-class.Rd:199: file link 'IRanges' in package 'IRanges' does not exist and so has been treated as a topic
Rd warning: C:/Users/biocbuild/bbs-3.12-bioc/tmpdir/RtmpkvFJQR/R.INSTALL164456e021eb/Biostrings/man/XStringSet-class.Rd:201: file link 'XVector' in package 'XVector' does not exist and so has been treated as a topic
Rd warning: C:/Users/biocbuild/bbs-3.12-bioc/tmpdir/RtmpkvFJQR/R.INSTALL164456e021eb/Biostrings/man/XStringSet-class.Rd:207: file link 'IRanges' in package 'IRanges' does not exist and so has been treated as a topic
Rd warning: C:/Users/biocbuild/bbs-3.12-bioc/tmpdir/RtmpkvFJQR/R.INSTALL164456e021eb/Biostrings/man/XStringSet-class.Rd:213: file link 'threebands' in package 'IRanges' does not exist and so has been treated as a topic
Rd warning: C:/Users/biocbuild/bbs-3.12-bioc/tmpdir/RtmpkvFJQR/R.INSTALL164456e021eb/Biostrings/man/XStringSet-class.Rd:218: file link 'subseq<-' in package 'XVector' does not exist and so has been treated as a topic
Rd warning: C:/Users/biocbuild/bbs-3.12-bioc/tmpdir/RtmpkvFJQR/R.INSTALL164456e021eb/Biostrings/man/XStringSet-class.Rd:219: file link 'XVector' in package 'XVector' does not exist and so has been treated as a topic
Rd warning: C:/Users/biocbuild/bbs-3.12-bioc/tmpdir/RtmpkvFJQR/R.INSTALL164456e021eb/Biostrings/man/XStringSet-class.Rd:220: file link 'subseq<-' in package 'XVector' does not exist and so has been treated as a topic
Rd warning: C:/Users/biocbuild/bbs-3.12-bioc/tmpdir/RtmpkvFJQR/R.INSTALL164456e021eb/Biostrings/man/XStringSet-class.Rd:337: file link 'subseq' in package 'XVector' does not exist and so has been treated as a topic
Rd warning: C:/Users/biocbuild/bbs-3.12-bioc/tmpdir/RtmpkvFJQR/R.INSTALL164456e021eb/Biostrings/man/XStringSet-class.Rd:337: file link 'narrow' in package 'IRanges' does not exist and so has been treated as a topic
Rd warning: C:/Users/biocbuild/bbs-3.12-bioc/tmpdir/RtmpkvFJQR/R.INSTALL164456e021eb/Biostrings/man/XStringSet-class.Rd:340: file link 'compact' in package 'XVector' does not exist and so has been treated as a topic
Rd warning: C:/Users/biocbuild/bbs-3.12-bioc/tmpdir/RtmpkvFJQR/R.INSTALL164456e021eb/Biostrings/man/XStringSet-class.Rd:342: file link 'XVectorList' in package 'XVector' does not exist and so has been treated as a topic
    XStringSet-comparison                   html  
    XStringSet-io                           html  
Rd warning: C:/Users/biocbuild/bbs-3.12-bioc/tmpdir/RtmpkvFJQR/R.INSTALL164456e021eb/Biostrings/man/XStringSet-io.Rd:72: file link 'connection' in package 'base' does not exist and so has been treated as a topic
    XStringSetList-class                    html  
Rd warning: C:/Users/biocbuild/bbs-3.12-bioc/tmpdir/RtmpkvFJQR/R.INSTALL164456e021eb/Biostrings/man/XStringSetList-class.Rd:70: file link 'List' in package 'S4Vectors' does not exist and so has been treated as a topic
Rd warning: C:/Users/biocbuild/bbs-3.12-bioc/tmpdir/RtmpkvFJQR/R.INSTALL164456e021eb/Biostrings/man/XStringSetList-class.Rd:77: file link 'elementNROWS' in package 'S4Vectors' does not exist and so has been treated as a topic
Rd warning: C:/Users/biocbuild/bbs-3.12-bioc/tmpdir/RtmpkvFJQR/R.INSTALL164456e021eb/Biostrings/man/XStringSetList-class.Rd:78: file link 'PartitioningByEnd' in package 'IRanges' does not exist and so has been treated as a topic
    XStringViews-class                      html  
Rd warning: C:/Users/biocbuild/bbs-3.12-bioc/tmpdir/RtmpkvFJQR/R.INSTALL164456e021eb/Biostrings/man/XStringViews-class.Rd:155: file link 'gaps' in package 'IRanges' does not exist and so has been treated as a topic
    align-utils                             html  
Rd warning: C:/Users/biocbuild/bbs-3.12-bioc/tmpdir/RtmpkvFJQR/R.INSTALL164456e021eb/Biostrings/man/align-utils.Rd:87: file link 'coverage' in package 'IRanges' does not exist and so has been treated as a topic
    chartr                                  html  
    detail                                  html  
    dinucleotideFrequencyTest               html  
    findPalindromes                         html  
    getSeq                                  html  
Rd warning: C:/Users/biocbuild/bbs-3.12-bioc/tmpdir/RtmpkvFJQR/R.INSTALL164456e021eb/Biostrings/man/getSeq.Rd:9: file link 'BSgenome' in package 'BSgenome' does not exist and so has been treated as a topic
Rd warning: C:/Users/biocbuild/bbs-3.12-bioc/tmpdir/RtmpkvFJQR/R.INSTALL164456e021eb/Biostrings/man/getSeq.Rd:19: file link 'BSgenome' in package 'BSgenome' does not exist and so has been treated as a topic
Rd warning: C:/Users/biocbuild/bbs-3.12-bioc/tmpdir/RtmpkvFJQR/R.INSTALL164456e021eb/Biostrings/man/getSeq.Rd:33: file link 'getSeq,BSgenome-method' in package 'BSgenome' does not exist and so has been treated as a topic
Rd warning: C:/Users/biocbuild/bbs-3.12-bioc/tmpdir/RtmpkvFJQR/R.INSTALL164456e021eb/Biostrings/man/getSeq.Rd:34: file link 'BSgenome' in package 'BSgenome' does not exist and so has been treated as a topic
Rd warning: C:/Users/biocbuild/bbs-3.12-bioc/tmpdir/RtmpkvFJQR/R.INSTALL164456e021eb/Biostrings/man/getSeq.Rd:39: file link 'getSeq,BSgenome-method' in package 'BSgenome' does not exist and so has been treated as a topic
    gregexpr2                               html  
    injectHardMask                          html  
    letter                                  html  
Rd warning: C:/Users/biocbuild/bbs-3.12-bioc/tmpdir/RtmpkvFJQR/R.INSTALL164456e021eb/Biostrings/man/letter.Rd:49: file link 'subseq' in package 'XVector' does not exist and so has been treated as a topic
    letterFrequency                         html  
Rd warning: C:/Users/biocbuild/bbs-3.12-bioc/tmpdir/RtmpkvFJQR/R.INSTALL164456e021eb/Biostrings/man/letterFrequency.Rd:290: file link 'coverage' in package 'IRanges' does not exist and so has been treated as a topic
    longestConsecutive                      html  
    lowlevel-matching                       html  
    maskMotif                               html  
    match-utils                             html  
Rd warning: C:/Users/biocbuild/bbs-3.12-bioc/tmpdir/RtmpkvFJQR/R.INSTALL164456e021eb/Biostrings/man/match-utils.Rd:42: file link 'coverage' in package 'IRanges' does not exist and so has been treated as a topic
Rd warning: C:/Users/biocbuild/bbs-3.12-bioc/tmpdir/RtmpkvFJQR/R.INSTALL164456e021eb/Biostrings/man/match-utils.Rd:48: file link 'coverage' in package 'IRanges' does not exist and so has been treated as a topic
Rd warning: C:/Users/biocbuild/bbs-3.12-bioc/tmpdir/RtmpkvFJQR/R.INSTALL164456e021eb/Biostrings/man/match-utils.Rd:72: file link 'Rle' in package 'S4Vectors' does not exist and so has been treated as a topic
Rd warning: C:/Users/biocbuild/bbs-3.12-bioc/tmpdir/RtmpkvFJQR/R.INSTALL164456e021eb/Biostrings/man/match-utils.Rd:74: file link 'coverage' in package 'IRanges' does not exist and so has been treated as a topic
Rd warning: C:/Users/biocbuild/bbs-3.12-bioc/tmpdir/RtmpkvFJQR/R.INSTALL164456e021eb/Biostrings/man/match-utils.Rd:87: file link 'coverage' in package 'IRanges' does not exist and so has been treated as a topic
    matchLRPatterns                         html  
    matchPDict-exact                        html  
    matchPDict-inexact                      html  
    matchPWM                                html  
Rd warning: C:/Users/biocbuild/bbs-3.12-bioc/tmpdir/RtmpkvFJQR/R.INSTALL164456e021eb/Biostrings/man/matchPWM.Rd:84: file link 'Views' in package 'IRanges' does not exist and so has been treated as a topic
    matchPattern                            html  
    matchProbePair                          html  
    matchprobes                             html  
    misc                                    html  
    needwunsQS                              html  
    nucleotideFrequency                     html  
    padAndClip                              html  
Rd warning: C:/Users/biocbuild/bbs-3.12-bioc/tmpdir/RtmpkvFJQR/R.INSTALL164456e021eb/Biostrings/man/padAndClip.Rd:33: file link 'IntegerRanges' in package 'IRanges' does not exist and so has been treated as a topic
Rd warning: C:/Users/biocbuild/bbs-3.12-bioc/tmpdir/RtmpkvFJQR/R.INSTALL164456e021eb/Biostrings/man/padAndClip.Rd:95: file link 'stackStringsFromBam' in package 'GenomicAlignments' does not exist and so has been treated as a topic
Rd warning: C:/Users/biocbuild/bbs-3.12-bioc/tmpdir/RtmpkvFJQR/R.INSTALL164456e021eb/Biostrings/man/padAndClip.Rd:109: file link 'IntegerRanges' in package 'IRanges' does not exist and so has been treated as a topic
    pairwiseAlignment                       html  
    phiX174Phage                            html  
    pid                                     html  
    pmatchPattern                           html  
    replaceAt                               html  
Rd warning: C:/Users/biocbuild/bbs-3.12-bioc/tmpdir/RtmpkvFJQR/R.INSTALL164456e021eb/Biostrings/man/replaceAt.Rd:36: file link 'IntegerRanges' in package 'IRanges' does not exist and so has been treated as a topic
Rd warning: C:/Users/biocbuild/bbs-3.12-bioc/tmpdir/RtmpkvFJQR/R.INSTALL164456e021eb/Biostrings/man/replaceAt.Rd:37: file link 'IntegerRangesList' in package 'IRanges' does not exist and so has been treated as a topic
Rd warning: C:/Users/biocbuild/bbs-3.12-bioc/tmpdir/RtmpkvFJQR/R.INSTALL164456e021eb/Biostrings/man/replaceAt.Rd:43: file link 'IntegerList' in package 'IRanges' does not exist and so has been treated as a topic
Rd warning: C:/Users/biocbuild/bbs-3.12-bioc/tmpdir/RtmpkvFJQR/R.INSTALL164456e021eb/Biostrings/man/replaceAt.Rd:51: file link 'IntegerRanges' in package 'IRanges' does not exist and so has been treated as a topic
Rd warning: C:/Users/biocbuild/bbs-3.12-bioc/tmpdir/RtmpkvFJQR/R.INSTALL164456e021eb/Biostrings/man/replaceAt.Rd:52: file link 'IntegerRangesList' in package 'IRanges' does not exist and so has been treated as a topic
Rd warning: C:/Users/biocbuild/bbs-3.12-bioc/tmpdir/RtmpkvFJQR/R.INSTALL164456e021eb/Biostrings/man/replaceAt.Rd:53: file link 'IntegerRangesList' in package 'IRanges' does not exist and so has been treated as a topic
Rd warning: C:/Users/biocbuild/bbs-3.12-bioc/tmpdir/RtmpkvFJQR/R.INSTALL164456e021eb/Biostrings/man/replaceAt.Rd:72: file link 'CharacterList' in package 'IRanges' does not exist and so has been treated as a topic
Rd warning: C:/Users/biocbuild/bbs-3.12-bioc/tmpdir/RtmpkvFJQR/R.INSTALL164456e021eb/Biostrings/man/replaceAt.Rd:98: file link 'subseq' in package 'XVector' does not exist and so has been treated as a topic
Rd warning: C:/Users/biocbuild/bbs-3.12-bioc/tmpdir/RtmpkvFJQR/R.INSTALL164456e021eb/Biostrings/man/replaceAt.Rd:103: file link 'IntegerRanges' in package 'IRanges' does not exist and so has been treated as a topic
Rd warning: C:/Users/biocbuild/bbs-3.12-bioc/tmpdir/RtmpkvFJQR/R.INSTALL164456e021eb/Biostrings/man/replaceAt.Rd:110: file link 'subseq' in package 'XVector' does not exist and so has been treated as a topic
Rd warning: C:/Users/biocbuild/bbs-3.12-bioc/tmpdir/RtmpkvFJQR/R.INSTALL164456e021eb/Biostrings/man/replaceAt.Rd:110: file link 'subseq<-' in package 'XVector' does not exist and so has been treated as a topic
Rd warning: C:/Users/biocbuild/bbs-3.12-bioc/tmpdir/RtmpkvFJQR/R.INSTALL164456e021eb/Biostrings/man/replaceAt.Rd:115: file link 'unstrsplit' in package 'S4Vectors' does not exist and so has been treated as a topic
Rd warning: C:/Users/biocbuild/bbs-3.12-bioc/tmpdir/RtmpkvFJQR/R.INSTALL164456e021eb/Biostrings/man/replaceAt.Rd:127: file link 'IntegerRanges' in package 'IRanges' does not exist and so has been treated as a topic
Rd warning: C:/Users/biocbuild/bbs-3.12-bioc/tmpdir/RtmpkvFJQR/R.INSTALL164456e021eb/Biostrings/man/replaceAt.Rd:127: file link 'IntegerRangesList' in package 'IRanges' does not exist and so has been treated as a topic
Rd warning: C:/Users/biocbuild/bbs-3.12-bioc/tmpdir/RtmpkvFJQR/R.INSTALL164456e021eb/Biostrings/man/replaceAt.Rd:128: file link 'IntegerList' in package 'IRanges' does not exist and so has been treated as a topic
Rd warning: C:/Users/biocbuild/bbs-3.12-bioc/tmpdir/RtmpkvFJQR/R.INSTALL164456e021eb/Biostrings/man/replaceAt.Rd:128: file link 'CharacterList' in package 'IRanges' does not exist and so has been treated as a topic
    replaceLetterAt                         html  
Rd warning: C:/Users/biocbuild/bbs-3.12-bioc/tmpdir/RtmpkvFJQR/R.INSTALL164456e021eb/Biostrings/man/replaceLetterAt.Rd:43: file link 'Rle' in package 'S4Vectors' does not exist and so has been treated as a topic
Rd warning: C:/Users/biocbuild/bbs-3.12-bioc/tmpdir/RtmpkvFJQR/R.INSTALL164456e021eb/Biostrings/man/replaceLetterAt.Rd:130: file link 'BSgenome' in package 'BSgenome' does not exist and so has been treated as a topic
    reverseComplement                       html  
Rd warning: C:/Users/biocbuild/bbs-3.12-bioc/tmpdir/RtmpkvFJQR/R.INSTALL164456e021eb/Biostrings/man/reverseComplement.Rd:48: file link 'reverse' in package 'IRanges' does not exist and so has been treated as a topic
Rd warning: C:/Users/biocbuild/bbs-3.12-bioc/tmpdir/RtmpkvFJQR/R.INSTALL164456e021eb/Biostrings/man/reverseComplement.Rd:71: file link 'reverse' in package 'IRanges' does not exist and so has been treated as a topic
    stringDist                              html  
    substitution_matrices                   html  
    toComplex                               html  
    translate                               html  
    trimLRPatterns                          html  
    xscat                                   html  
    yeastSEQCHR1                            html  
** building package indices
** installing vignettes
** testing if installed package can be loaded from temporary location
** testing if installed package can be loaded from final location
** testing if installed package keeps a record of temporary installation path

install for x64

* installing *source* package 'Biostrings' ...
** libs
"C:/rtools40/mingw64/bin/"gcc  -I"C:/Users/BIOCBU~1/BBS-3~1.12-/R/include" -DNDEBUG  -I'C:/Users/biocbuild/bbs-3.12-bioc/R/library/S4Vectors/include' -I'C:/Users/biocbuild/bbs-3.12-bioc/R/library/IRanges/include' -I'C:/Users/biocbuild/bbs-3.12-bioc/R/library/XVector/include'   -I"C:/extsoft/include"     -O2 -Wall  -std=gnu99 -mfpmath=sse -msse2 -mstackrealign -c BAB_class.c -o BAB_class.o
"C:/rtools40/mingw64/bin/"gcc  -I"C:/Users/BIOCBU~1/BBS-3~1.12-/R/include" -DNDEBUG  -I'C:/Users/biocbuild/bbs-3.12-bioc/R/library/S4Vectors/include' -I'C:/Users/biocbuild/bbs-3.12-bioc/R/library/IRanges/include' -I'C:/Users/biocbuild/bbs-3.12-bioc/R/library/XVector/include'   -I"C:/extsoft/include"     -O2 -Wall  -std=gnu99 -mfpmath=sse -msse2 -mstackrealign -c BitMatrix.c -o BitMatrix.o
BitMatrix.c:299:13: warning: 'BitMatrix_print' defined but not used [-Wunused-function]
 static void BitMatrix_print(BitMatrix *bitmat)
             ^~~~~~~~~~~~~~~
"C:/rtools40/mingw64/bin/"gcc  -I"C:/Users/BIOCBU~1/BBS-3~1.12-/R/include" -DNDEBUG  -I'C:/Users/biocbuild/bbs-3.12-bioc/R/library/S4Vectors/include' -I'C:/Users/biocbuild/bbs-3.12-bioc/R/library/IRanges/include' -I'C:/Users/biocbuild/bbs-3.12-bioc/R/library/XVector/include'   -I"C:/extsoft/include"     -O2 -Wall  -std=gnu99 -mfpmath=sse -msse2 -mstackrealign -c IRanges_stubs.c -o IRanges_stubs.o
"C:/rtools40/mingw64/bin/"gcc  -I"C:/Users/BIOCBU~1/BBS-3~1.12-/R/include" -DNDEBUG  -I'C:/Users/biocbuild/bbs-3.12-bioc/R/library/S4Vectors/include' -I'C:/Users/biocbuild/bbs-3.12-bioc/R/library/IRanges/include' -I'C:/Users/biocbuild/bbs-3.12-bioc/R/library/XVector/include'   -I"C:/extsoft/include"     -O2 -Wall  -std=gnu99 -mfpmath=sse -msse2 -mstackrealign -c MIndex_class.c -o MIndex_class.o
MIndex_class.c: In function 'SparseMIndex_endIndex':
MIndex_class.c:184:20: warning: unused variable 'poffsets_order' [-Wunused-variable]
  IntAE *poffsets, *poffsets_order;
                    ^~~~~~~~~~~~~~
"C:/rtools40/mingw64/bin/"gcc  -I"C:/Users/BIOCBU~1/BBS-3~1.12-/R/include" -DNDEBUG  -I'C:/Users/biocbuild/bbs-3.12-bioc/R/library/S4Vectors/include' -I'C:/Users/biocbuild/bbs-3.12-bioc/R/library/IRanges/include' -I'C:/Users/biocbuild/bbs-3.12-bioc/R/library/XVector/include'   -I"C:/extsoft/include"     -O2 -Wall  -std=gnu99 -mfpmath=sse -msse2 -mstackrealign -c PreprocessedTB_class.c -o PreprocessedTB_class.o
"C:/rtools40/mingw64/bin/"gcc  -I"C:/Users/BIOCBU~1/BBS-3~1.12-/R/include" -DNDEBUG  -I'C:/Users/biocbuild/bbs-3.12-bioc/R/library/S4Vectors/include' -I'C:/Users/biocbuild/bbs-3.12-bioc/R/library/IRanges/include' -I'C:/Users/biocbuild/bbs-3.12-bioc/R/library/XVector/include'   -I"C:/extsoft/include"     -O2 -Wall  -std=gnu99 -mfpmath=sse -msse2 -mstackrealign -c R_init_Biostrings.c -o R_init_Biostrings.o
"C:/rtools40/mingw64/bin/"gcc  -I"C:/Users/BIOCBU~1/BBS-3~1.12-/R/include" -DNDEBUG  -I'C:/Users/biocbuild/bbs-3.12-bioc/R/library/S4Vectors/include' -I'C:/Users/biocbuild/bbs-3.12-bioc/R/library/IRanges/include' -I'C:/Users/biocbuild/bbs-3.12-bioc/R/library/XVector/include'   -I"C:/extsoft/include"     -O2 -Wall  -std=gnu99 -mfpmath=sse -msse2 -mstackrealign -c RoSeqs_utils.c -o RoSeqs_utils.o
"C:/rtools40/mingw64/bin/"gcc  -I"C:/Users/BIOCBU~1/BBS-3~1.12-/R/include" -DNDEBUG  -I'C:/Users/biocbuild/bbs-3.12-bioc/R/library/S4Vectors/include' -I'C:/Users/biocbuild/bbs-3.12-bioc/R/library/IRanges/include' -I'C:/Users/biocbuild/bbs-3.12-bioc/R/library/XVector/include'   -I"C:/extsoft/include"     -O2 -Wall  -std=gnu99 -mfpmath=sse -msse2 -mstackrealign -c S4Vectors_stubs.c -o S4Vectors_stubs.o
"C:/rtools40/mingw64/bin/"gcc  -I"C:/Users/BIOCBU~1/BBS-3~1.12-/R/include" -DNDEBUG  -I'C:/Users/biocbuild/bbs-3.12-bioc/R/library/S4Vectors/include' -I'C:/Users/biocbuild/bbs-3.12-bioc/R/library/IRanges/include' -I'C:/Users/biocbuild/bbs-3.12-bioc/R/library/XVector/include'   -I"C:/extsoft/include"     -O2 -Wall  -std=gnu99 -mfpmath=sse -msse2 -mstackrealign -c SparseList_utils.c -o SparseList_utils.o
"C:/rtools40/mingw64/bin/"gcc  -I"C:/Users/BIOCBU~1/BBS-3~1.12-/R/include" -DNDEBUG  -I'C:/Users/biocbuild/bbs-3.12-bioc/R/library/S4Vectors/include' -I'C:/Users/biocbuild/bbs-3.12-bioc/R/library/IRanges/include' -I'C:/Users/biocbuild/bbs-3.12-bioc/R/library/XVector/include'   -I"C:/extsoft/include"     -O2 -Wall  -std=gnu99 -mfpmath=sse -msse2 -mstackrealign -c XStringSetList_class.c -o XStringSetList_class.o
"C:/rtools40/mingw64/bin/"gcc  -I"C:/Users/BIOCBU~1/BBS-3~1.12-/R/include" -DNDEBUG  -I'C:/Users/biocbuild/bbs-3.12-bioc/R/library/S4Vectors/include' -I'C:/Users/biocbuild/bbs-3.12-bioc/R/library/IRanges/include' -I'C:/Users/biocbuild/bbs-3.12-bioc/R/library/XVector/include'   -I"C:/extsoft/include"     -O2 -Wall  -std=gnu99 -mfpmath=sse -msse2 -mstackrealign -c XStringSet_class.c -o XStringSet_class.o
XStringSet_class.c: In function 'new_XStringSet_from_CHARACTER':
XStringSet_class.c:124:3: warning: 'lkup_len' may be used uninitialized in this function [-Wmaybe-uninitialized]
   _copy_CHARSXP_to_Chars_holder(&ans_elt_holder, x_elt,
   ^~~~~~~~~~~~~~~~~~~~~~~~~~~~~~~~~~~~~~~~~~~~~~~~~~~~~
     INTEGER(start)[i], lkup0, lkup_len);
     ~~~~~~~~~~~~~~~~~~~~~~~~~~~~~~~~~~~
"C:/rtools40/mingw64/bin/"gcc  -I"C:/Users/BIOCBU~1/BBS-3~1.12-/R/include" -DNDEBUG  -I'C:/Users/biocbuild/bbs-3.12-bioc/R/library/S4Vectors/include' -I'C:/Users/biocbuild/bbs-3.12-bioc/R/library/IRanges/include' -I'C:/Users/biocbuild/bbs-3.12-bioc/R/library/XVector/include'   -I"C:/extsoft/include"     -O2 -Wall  -std=gnu99 -mfpmath=sse -msse2 -mstackrealign -c XString_class.c -o XString_class.o
"C:/rtools40/mingw64/bin/"gcc  -I"C:/Users/BIOCBU~1/BBS-3~1.12-/R/include" -DNDEBUG  -I'C:/Users/biocbuild/bbs-3.12-bioc/R/library/S4Vectors/include' -I'C:/Users/biocbuild/bbs-3.12-bioc/R/library/IRanges/include' -I'C:/Users/biocbuild/bbs-3.12-bioc/R/library/XVector/include'   -I"C:/extsoft/include"     -O2 -Wall  -std=gnu99 -mfpmath=sse -msse2 -mstackrealign -c XVector_stubs.c -o XVector_stubs.o
"C:/rtools40/mingw64/bin/"gcc  -I"C:/Users/BIOCBU~1/BBS-3~1.12-/R/include" -DNDEBUG  -I'C:/Users/biocbuild/bbs-3.12-bioc/R/library/S4Vectors/include' -I'C:/Users/biocbuild/bbs-3.12-bioc/R/library/IRanges/include' -I'C:/Users/biocbuild/bbs-3.12-bioc/R/library/XVector/include'   -I"C:/extsoft/include"     -O2 -Wall  -std=gnu99 -mfpmath=sse -msse2 -mstackrealign -c align_needwunsQS.c -o align_needwunsQS.o
align_needwunsQS.c: In function 'align_needwunsQS':
align_needwunsQS.c:155:22: warning: 'sc' may be used uninitialized in this function [-Wmaybe-uninitialized]
  INTEGER(ans_elt)[0] = score;
  ~~~~~~~~~~~~~~~~~~~~^~~~~~~
"C:/rtools40/mingw64/bin/"gcc  -I"C:/Users/BIOCBU~1/BBS-3~1.12-/R/include" -DNDEBUG  -I'C:/Users/biocbuild/bbs-3.12-bioc/R/library/S4Vectors/include' -I'C:/Users/biocbuild/bbs-3.12-bioc/R/library/IRanges/include' -I'C:/Users/biocbuild/bbs-3.12-bioc/R/library/XVector/include'   -I"C:/extsoft/include"     -O2 -Wall  -std=gnu99 -mfpmath=sse -msse2 -mstackrealign -c align_pairwiseAlignment.c -o align_pairwiseAlignment.o
"C:/rtools40/mingw64/bin/"gcc  -I"C:/Users/BIOCBU~1/BBS-3~1.12-/R/include" -DNDEBUG  -I'C:/Users/biocbuild/bbs-3.12-bioc/R/library/S4Vectors/include' -I'C:/Users/biocbuild/bbs-3.12-bioc/R/library/IRanges/include' -I'C:/Users/biocbuild/bbs-3.12-bioc/R/library/XVector/include'   -I"C:/extsoft/include"     -O2 -Wall  -std=gnu99 -mfpmath=sse -msse2 -mstackrealign -c align_utils.c -o align_utils.o
align_utils.c: In function 'PairwiseAlignmentsSingleSubject_align_aligned':
align_utils.c:254:14: warning: 'indelWidthSubject' may be used uninitialized in this function [-Wmaybe-uninitialized]
     jPattern += indelWidthSubject;
     ~~~~~~~~~^~~~~~~~~~~~~~~~~~~~
align_utils.c:235:42: warning: 'indelStartSubject' may be used uninitialized in this function [-Wmaybe-uninitialized]
    if ((numberOfIndelSubject == 0) || (j < indelStartSubject)) {
                                       ~~~^~~~~~~~~~~~~~~~~~~~
align_utils.c:225:26: warning: 'indelWidthPattern' may be used uninitialized in this function [-Wmaybe-uninitialized]
   int indelStartPattern, indelWidthPattern, indelStartSubject, indelWidthSubject;
                          ^~~~~~~~~~~~~~~~~
align_utils.c:236:50: warning: 'indelStartPattern' may be used uninitialized in this function [-Wmaybe-uninitialized]
     if ((numberOfIndelPattern == 0) || (jPattern < indelStartPattern)) {
                                        ~~~~~~~~~~^~~~~~~~~~~~~~~~~~~~
"C:/rtools40/mingw64/bin/"gcc  -I"C:/Users/BIOCBU~1/BBS-3~1.12-/R/include" -DNDEBUG  -I'C:/Users/biocbuild/bbs-3.12-bioc/R/library/S4Vectors/include' -I'C:/Users/biocbuild/bbs-3.12-bioc/R/library/IRanges/include' -I'C:/Users/biocbuild/bbs-3.12-bioc/R/library/XVector/include'   -I"C:/extsoft/include"     -O2 -Wall  -std=gnu99 -mfpmath=sse -msse2 -mstackrealign -c find_palindromes.c -o find_palindromes.o
"C:/rtools40/mingw64/bin/"gcc  -I"C:/Users/BIOCBU~1/BBS-3~1.12-/R/include" -DNDEBUG  -I'C:/Users/biocbuild/bbs-3.12-bioc/R/library/S4Vectors/include' -I'C:/Users/biocbuild/bbs-3.12-bioc/R/library/IRanges/include' -I'C:/Users/biocbuild/bbs-3.12-bioc/R/library/XVector/include'   -I"C:/extsoft/include"     -O2 -Wall  -std=gnu99 -mfpmath=sse -msse2 -mstackrealign -c gtestsim.c -o gtestsim.o
"C:/rtools40/mingw64/bin/"gcc  -I"C:/Users/BIOCBU~1/BBS-3~1.12-/R/include" -DNDEBUG  -I'C:/Users/biocbuild/bbs-3.12-bioc/R/library/S4Vectors/include' -I'C:/Users/biocbuild/bbs-3.12-bioc/R/library/IRanges/include' -I'C:/Users/biocbuild/bbs-3.12-bioc/R/library/XVector/include'   -I"C:/extsoft/include"     -O2 -Wall  -std=gnu99 -mfpmath=sse -msse2 -mstackrealign -c inject_code.c -o inject_code.o
"C:/rtools40/mingw64/bin/"gcc  -I"C:/Users/BIOCBU~1/BBS-3~1.12-/R/include" -DNDEBUG  -I'C:/Users/biocbuild/bbs-3.12-bioc/R/library/S4Vectors/include' -I'C:/Users/biocbuild/bbs-3.12-bioc/R/library/IRanges/include' -I'C:/Users/biocbuild/bbs-3.12-bioc/R/library/XVector/include'   -I"C:/extsoft/include"     -O2 -Wall  -std=gnu99 -mfpmath=sse -msse2 -mstackrealign -c letter_frequency.c -o letter_frequency.o
letter_frequency.c: In function 'XStringSet_two_way_letter_frequency':
letter_frequency.c:957:48: warning: unused variable 'x_pos' [-Wunused-variable]
   int x_width, y_width, x_length, *ans_mat, i, x_pos;
                                                ^~~~~
letter_frequency.c:956:13: warning: unused variable 'ans_dimnames' [-Wunused-variable]
   SEXP ans, ans_dimnames;
             ^~~~~~~~~~~~
"C:/rtools40/mingw64/bin/"gcc  -I"C:/Users/BIOCBU~1/BBS-3~1.12-/R/include" -DNDEBUG  -I'C:/Users/biocbuild/bbs-3.12-bioc/R/library/S4Vectors/include' -I'C:/Users/biocbuild/bbs-3.12-bioc/R/library/IRanges/include' -I'C:/Users/biocbuild/bbs-3.12-bioc/R/library/XVector/include'   -I"C:/extsoft/include"     -O2 -Wall  -std=gnu99 -mfpmath=sse -msse2 -mstackrealign -c lowlevel_matching.c -o lowlevel_matching.o
"C:/rtools40/mingw64/bin/"gcc  -I"C:/Users/BIOCBU~1/BBS-3~1.12-/R/include" -DNDEBUG  -I'C:/Users/biocbuild/bbs-3.12-bioc/R/library/S4Vectors/include' -I'C:/Users/biocbuild/bbs-3.12-bioc/R/library/IRanges/include' -I'C:/Users/biocbuild/bbs-3.12-bioc/R/library/XVector/include'   -I"C:/extsoft/include"     -O2 -Wall  -std=gnu99 -mfpmath=sse -msse2 -mstackrealign -c match_PWM.c -o match_PWM.o
"C:/rtools40/mingw64/bin/"gcc  -I"C:/Users/BIOCBU~1/BBS-3~1.12-/R/include" -DNDEBUG  -I'C:/Users/biocbuild/bbs-3.12-bioc/R/library/S4Vectors/include' -I'C:/Users/biocbuild/bbs-3.12-bioc/R/library/IRanges/include' -I'C:/Users/biocbuild/bbs-3.12-bioc/R/library/XVector/include'   -I"C:/extsoft/include"     -O2 -Wall  -std=gnu99 -mfpmath=sse -msse2 -mstackrealign -c match_pattern.c -o match_pattern.o
"C:/rtools40/mingw64/bin/"gcc  -I"C:/Users/BIOCBU~1/BBS-3~1.12-/R/include" -DNDEBUG  -I'C:/Users/biocbuild/bbs-3.12-bioc/R/library/S4Vectors/include' -I'C:/Users/biocbuild/bbs-3.12-bioc/R/library/IRanges/include' -I'C:/Users/biocbuild/bbs-3.12-bioc/R/library/XVector/include'   -I"C:/extsoft/include"     -O2 -Wall  -std=gnu99 -mfpmath=sse -msse2 -mstackrealign -c match_pattern_boyermoore.c -o match_pattern_boyermoore.o
"C:/rtools40/mingw64/bin/"gcc  -I"C:/Users/BIOCBU~1/BBS-3~1.12-/R/include" -DNDEBUG  -I'C:/Users/biocbuild/bbs-3.12-bioc/R/library/S4Vectors/include' -I'C:/Users/biocbuild/bbs-3.12-bioc/R/library/IRanges/include' -I'C:/Users/biocbuild/bbs-3.12-bioc/R/library/XVector/include'   -I"C:/extsoft/include"     -O2 -Wall  -std=gnu99 -mfpmath=sse -msse2 -mstackrealign -c match_pattern_indels.c -o match_pattern_indels.o
match_pattern_indels.c:7:13: warning: 'test_match_pattern_indels' defined but not used [-Wunused-function]
 static void test_match_pattern_indels(const char *p, const char *s,
             ^~~~~~~~~~~~~~~~~~~~~~~~~
"C:/rtools40/mingw64/bin/"gcc  -I"C:/Users/BIOCBU~1/BBS-3~1.12-/R/include" -DNDEBUG  -I'C:/Users/biocbuild/bbs-3.12-bioc/R/library/S4Vectors/include' -I'C:/Users/biocbuild/bbs-3.12-bioc/R/library/IRanges/include' -I'C:/Users/biocbuild/bbs-3.12-bioc/R/library/XVector/include'   -I"C:/extsoft/include"     -O2 -Wall  -std=gnu99 -mfpmath=sse -msse2 -mstackrealign -c match_pattern_shiftor.c -o match_pattern_shiftor.o
"C:/rtools40/mingw64/bin/"gcc  -I"C:/Users/BIOCBU~1/BBS-3~1.12-/R/include" -DNDEBUG  -I'C:/Users/biocbuild/bbs-3.12-bioc/R/library/S4Vectors/include' -I'C:/Users/biocbuild/bbs-3.12-bioc/R/library/IRanges/include' -I'C:/Users/biocbuild/bbs-3.12-bioc/R/library/XVector/include'   -I"C:/extsoft/include"     -O2 -Wall  -std=gnu99 -mfpmath=sse -msse2 -mstackrealign -c match_pdict.c -o match_pdict.o
match_pdict.c: In function 'vmatch_PDict3Parts_XStringSet':
match_pdict.c:419:12: warning: 'ans_col' may be used uninitialized in this function [-Wmaybe-uninitialized]
    ans_col += tb_length;
    ~~~~~~~~^~~~~~~~~~~~
match_pdict.c:392:58: note: 'ans_col' was declared here
  int tb_length, S_length, collapse0, i, j, match_count, *ans_col;
                                                          ^~~~~~~
match_pdict.c: In function 'vmatch_XStringSet_XStringSet':
match_pdict.c:470:13: warning: 'ans_elt' may be used uninitialized in this function [-Wmaybe-uninitialized]
     ans_elt += P_length;
     ~~~~~~~~^~~~~~~~~~~
match_pdict.c:441:57: note: 'ans_elt' was declared here
  int P_length, S_length, collapse0, i, j, match_count, *ans_elt;
                                                         ^~~~~~~
"C:/rtools40/mingw64/bin/"gcc  -I"C:/Users/BIOCBU~1/BBS-3~1.12-/R/include" -DNDEBUG  -I'C:/Users/biocbuild/bbs-3.12-bioc/R/library/S4Vectors/include' -I'C:/Users/biocbuild/bbs-3.12-bioc/R/library/IRanges/include' -I'C:/Users/biocbuild/bbs-3.12-bioc/R/library/XVector/include'   -I"C:/extsoft/include"     -O2 -Wall  -std=gnu99 -mfpmath=sse -msse2 -mstackrealign -c match_pdict_ACtree2.c -o match_pdict_ACtree2.o
match_pdict_ACtree2.c: In function 'split_and_move_pointers':
match_pdict_ACtree2.c:1031:10: warning: variable 'node0' set but not used [-Wunused-but-set-variable]
  ACnode *node0, *node1, *node2;
          ^~~~~
match_pdict_ACtree2.c: In function 'merge_pointers':
match_pdict_ACtree2.c:1076:10: warning: variable 'node0' set but not used [-Wunused-but-set-variable]
  ACnode *node0, *node1, *node2;
          ^~~~~
At top level:
match_pdict_ACtree2.c:602:21: warning: 'a_nice_max_nodeextbuf_nelt' defined but not used [-Wunused-function]
 static unsigned int a_nice_max_nodeextbuf_nelt(int nnodes)
                     ^~~~~~~~~~~~~~~~~~~~~~~~~~
match_pdict_ACtree2.c:139:13: warning: 'debug_node_counting_functions' defined but not used [-Wunused-function]
 static void debug_node_counting_functions(int maxdepth)
             ^~~~~~~~~~~~~~~~~~~~~~~~~~~~~
"C:/rtools40/mingw64/bin/"gcc  -I"C:/Users/BIOCBU~1/BBS-3~1.12-/R/include" -DNDEBUG  -I'C:/Users/biocbuild/bbs-3.12-bioc/R/library/S4Vectors/include' -I'C:/Users/biocbuild/bbs-3.12-bioc/R/library/IRanges/include' -I'C:/Users/biocbuild/bbs-3.12-bioc/R/library/XVector/include'   -I"C:/extsoft/include"     -O2 -Wall  -std=gnu99 -mfpmath=sse -msse2 -mstackrealign -c match_pdict_Twobit.c -o match_pdict_Twobit.o
match_pdict_Twobit.c: In function 'build_Twobit':
match_pdict_Twobit.c:75:20: warning: 'twobit_sign2pos' may be used uninitialized in this function [-Wmaybe-uninitialized]
  PROTECT(ans_elt = new_XInteger_from_tag("XInteger", twobit_sign2pos));
                    ^~~~~~~~~~~~~~~~~~~~~
match_pdict_Twobit.c:110:12: note: 'twobit_sign2pos' was declared here
  SEXP ans, twobit_sign2pos;
            ^~~~~~~~~~~~~~~
"C:/rtools40/mingw64/bin/"gcc  -I"C:/Users/BIOCBU~1/BBS-3~1.12-/R/include" -DNDEBUG  -I'C:/Users/biocbuild/bbs-3.12-bioc/R/library/S4Vectors/include' -I'C:/Users/biocbuild/bbs-3.12-bioc/R/library/IRanges/include' -I'C:/Users/biocbuild/bbs-3.12-bioc/R/library/XVector/include'   -I"C:/extsoft/include"     -O2 -Wall  -std=gnu99 -mfpmath=sse -msse2 -mstackrealign -c match_pdict_utils.c -o match_pdict_utils.o
match_pdict_utils.c: In function 'match_ppheadtail0':
match_pdict_utils.c:652:49: warning: unused variable 'ncol' [-Wunused-variable]
  int nelt, min_safe_tb_end, max_safe_tb_end, j, ncol;
                                                 ^~~~
match_pdict_utils.c: In function 'match_ppheadtail':
match_pdict_utils.c:712:6: warning: unused variable 'nelt' [-Wunused-variable]
  int nelt, nkey0, nkey1, nkey2, i, key;
      ^~~~
match_pdict_utils.c: In function '_match_pdict_all_flanks':
match_pdict_utils.c:819:44: warning: unused variable 'subtotal_NFC' [-Wunused-variable]
  static unsigned long int total_NFC = 0UL, subtotal_NFC = 0UL;
                                            ^~~~~~~~~~~~
match_pdict_utils.c:819:27: warning: unused variable 'total_NFC' [-Wunused-variable]
  static unsigned long int total_NFC = 0UL, subtotal_NFC = 0UL;
                           ^~~~~~~~~
match_pdict_utils.c:818:33: warning: unused variable 'NFC' [-Wunused-variable]
  unsigned long int ndup, nloci, NFC; // NFC = Number of Flank Comparisons
                                 ^~~
match_pdict_utils.c:818:26: warning: unused variable 'nloci' [-Wunused-variable]
  unsigned long int ndup, nloci, NFC; // NFC = Number of Flank Comparisons
                          ^~~~~
match_pdict_utils.c:818:20: warning: unused variable 'ndup' [-Wunused-variable]
  unsigned long int ndup, nloci, NFC; // NFC = Number of Flank Comparisons
                    ^~~~
At top level:
match_pdict_utils.c:819:27: warning: 'total_NFC' defined but not used [-Wunused-variable]
  static unsigned long int total_NFC = 0UL, subtotal_NFC = 0UL;
                           ^~~~~~~~~
match_pdict_utils.c:819:44: warning: 'subtotal_NFC' defined but not used [-Wunused-variable]
  static unsigned long int total_NFC = 0UL, subtotal_NFC = 0UL;
                                            ^~~~~~~~~~~~
match_pdict_utils.c:260:13: warning: 'match_headtail_by_loc' defined but not used [-Wunused-function]
 static void match_headtail_by_loc(const HeadTail *headtail,
             ^~~~~~~~~~~~~~~~~~~~~
"C:/rtools40/mingw64/bin/"gcc  -I"C:/Users/BIOCBU~1/BBS-3~1.12-/R/include" -DNDEBUG  -I'C:/Users/biocbuild/bbs-3.12-bioc/R/library/S4Vectors/include' -I'C:/Users/biocbuild/bbs-3.12-bioc/R/library/IRanges/include' -I'C:/Users/biocbuild/bbs-3.12-bioc/R/library/XVector/include'   -I"C:/extsoft/include"     -O2 -Wall  -std=gnu99 -mfpmath=sse -msse2 -mstackrealign -c match_reporting.c -o match_reporting.o
"C:/rtools40/mingw64/bin/"gcc  -I"C:/Users/BIOCBU~1/BBS-3~1.12-/R/include" -DNDEBUG  -I'C:/Users/biocbuild/bbs-3.12-bioc/R/library/S4Vectors/include' -I'C:/Users/biocbuild/bbs-3.12-bioc/R/library/IRanges/include' -I'C:/Users/biocbuild/bbs-3.12-bioc/R/library/XVector/include'   -I"C:/extsoft/include"     -O2 -Wall  -std=gnu99 -mfpmath=sse -msse2 -mstackrealign -c matchprobes.c -o matchprobes.o
"C:/rtools40/mingw64/bin/"gcc  -I"C:/Users/BIOCBU~1/BBS-3~1.12-/R/include" -DNDEBUG  -I'C:/Users/biocbuild/bbs-3.12-bioc/R/library/S4Vectors/include' -I'C:/Users/biocbuild/bbs-3.12-bioc/R/library/IRanges/include' -I'C:/Users/biocbuild/bbs-3.12-bioc/R/library/XVector/include'   -I"C:/extsoft/include"     -O2 -Wall  -std=gnu99 -mfpmath=sse -msse2 -mstackrealign -c pmatchPattern.c -o pmatchPattern.o
"C:/rtools40/mingw64/bin/"gcc  -I"C:/Users/BIOCBU~1/BBS-3~1.12-/R/include" -DNDEBUG  -I'C:/Users/biocbuild/bbs-3.12-bioc/R/library/S4Vectors/include' -I'C:/Users/biocbuild/bbs-3.12-bioc/R/library/IRanges/include' -I'C:/Users/biocbuild/bbs-3.12-bioc/R/library/XVector/include'   -I"C:/extsoft/include"     -O2 -Wall  -std=gnu99 -mfpmath=sse -msse2 -mstackrealign -c read_fasta_files.c -o read_fasta_files.o
read_fasta_files.c: In function 'read_fasta_files':
read_fasta_files.c:186:9: warning: '*((void *)&loader_ext+64)' may be used uninitialized in this function [-Wmaybe-uninitialized]
  return loader_ext;
         ^~~~~~~~~~
read_fasta_files.c:186:9: warning: '*((void *)&loader_ext+72)' may be used uninitialized in this function [-Wmaybe-uninitialized]
read_fasta_files.c: In function 'read_fasta_blocks':
read_fasta_files.c:186:9: warning: '*((void *)&loader_ext+64)' is used uninitialized in this function [-Wuninitialized]
  return loader_ext;
         ^~~~~~~~~~
read_fasta_files.c:186:9: warning: '*((void *)&loader_ext+72)' is used uninitialized in this function [-Wuninitialized]
"C:/rtools40/mingw64/bin/"gcc  -I"C:/Users/BIOCBU~1/BBS-3~1.12-/R/include" -DNDEBUG  -I'C:/Users/biocbuild/bbs-3.12-bioc/R/library/S4Vectors/include' -I'C:/Users/biocbuild/bbs-3.12-bioc/R/library/IRanges/include' -I'C:/Users/biocbuild/bbs-3.12-bioc/R/library/XVector/include'   -I"C:/extsoft/include"     -O2 -Wall  -std=gnu99 -mfpmath=sse -msse2 -mstackrealign -c read_fastq_files.c -o read_fastq_files.o
read_fastq_files.c: In function 'parse_FASTQ_file':
read_fastq_files.c:392:7: warning: 'dont_load' may be used uninitialized in this function [-Wmaybe-uninitialized]
    if (dont_load || loader->new_empty_seq_hook == NULL)
       ^
"C:/rtools40/mingw64/bin/"gcc  -I"C:/Users/BIOCBU~1/BBS-3~1.12-/R/include" -DNDEBUG  -I'C:/Users/biocbuild/bbs-3.12-bioc/R/library/S4Vectors/include' -I'C:/Users/biocbuild/bbs-3.12-bioc/R/library/IRanges/include' -I'C:/Users/biocbuild/bbs-3.12-bioc/R/library/XVector/include'   -I"C:/extsoft/include"     -O2 -Wall  -std=gnu99 -mfpmath=sse -msse2 -mstackrealign -c replaceAt.c -o replaceAt.o
"C:/rtools40/mingw64/bin/"gcc  -I"C:/Users/BIOCBU~1/BBS-3~1.12-/R/include" -DNDEBUG  -I'C:/Users/biocbuild/bbs-3.12-bioc/R/library/S4Vectors/include' -I'C:/Users/biocbuild/bbs-3.12-bioc/R/library/IRanges/include' -I'C:/Users/biocbuild/bbs-3.12-bioc/R/library/XVector/include'   -I"C:/extsoft/include"     -O2 -Wall  -std=gnu99 -mfpmath=sse -msse2 -mstackrealign -c replace_letter_at.c -o replace_letter_at.o
"C:/rtools40/mingw64/bin/"gcc  -I"C:/Users/BIOCBU~1/BBS-3~1.12-/R/include" -DNDEBUG  -I'C:/Users/biocbuild/bbs-3.12-bioc/R/library/S4Vectors/include' -I'C:/Users/biocbuild/bbs-3.12-bioc/R/library/IRanges/include' -I'C:/Users/biocbuild/bbs-3.12-bioc/R/library/XVector/include'   -I"C:/extsoft/include"     -O2 -Wall  -std=gnu99 -mfpmath=sse -msse2 -mstackrealign -c strutils.c -o strutils.o
"C:/rtools40/mingw64/bin/"gcc  -I"C:/Users/BIOCBU~1/BBS-3~1.12-/R/include" -DNDEBUG  -I'C:/Users/biocbuild/bbs-3.12-bioc/R/library/S4Vectors/include' -I'C:/Users/biocbuild/bbs-3.12-bioc/R/library/IRanges/include' -I'C:/Users/biocbuild/bbs-3.12-bioc/R/library/XVector/include'   -I"C:/extsoft/include"     -O2 -Wall  -std=gnu99 -mfpmath=sse -msse2 -mstackrealign -c translate.c -o translate.o
translate.c: In function 'DNAStringSet_translate':
translate.c:110:8: warning: 'if_ambig0' may be used uninitialized in this function [-Wmaybe-uninitialized]
     if (if_ambig == TRANSLATE_ERROR) {
        ^
translate.c:136:29: note: 'if_ambig0' was declared here
  int ncodes, if_non_ambig0, if_ambig0, ans_length, i, errcode;
                             ^~~~~~~~~
translate.c:106:8: warning: 'if_non_ambig0' may be used uninitialized in this function [-Wmaybe-uninitialized]
     if (if_non_ambig == TRANSLATE_TO_X)
        ^
translate.c:136:14: note: 'if_non_ambig0' was declared here
  int ncodes, if_non_ambig0, if_ambig0, ans_length, i, errcode;
              ^~~~~~~~~~~~~
"C:/rtools40/mingw64/bin/"gcc  -I"C:/Users/BIOCBU~1/BBS-3~1.12-/R/include" -DNDEBUG  -I'C:/Users/biocbuild/bbs-3.12-bioc/R/library/S4Vectors/include' -I'C:/Users/biocbuild/bbs-3.12-bioc/R/library/IRanges/include' -I'C:/Users/biocbuild/bbs-3.12-bioc/R/library/XVector/include'   -I"C:/extsoft/include"     -O2 -Wall  -std=gnu99 -mfpmath=sse -msse2 -mstackrealign -c unstrsplit_methods.c -o unstrsplit_methods.o
"C:/rtools40/mingw64/bin/"gcc  -I"C:/Users/BIOCBU~1/BBS-3~1.12-/R/include" -DNDEBUG  -I'C:/Users/biocbuild/bbs-3.12-bioc/R/library/S4Vectors/include' -I'C:/Users/biocbuild/bbs-3.12-bioc/R/library/IRanges/include' -I'C:/Users/biocbuild/bbs-3.12-bioc/R/library/XVector/include'   -I"C:/extsoft/include"     -O2 -Wall  -std=gnu99 -mfpmath=sse -msse2 -mstackrealign -c utils.c -o utils.o
utils.c: In function '_get_twobit_signature':
utils.c:157:9: warning: 'twobit_sign' may be used uninitialized in this function [-Wmaybe-uninitialized]
  return twobit_sign;
         ^~~~~~~~~~~
utils.c: In function '_get_twobit_signature_at':
utils.c:164:12: warning: 'twobit_sign' may be used uninitialized in this function [-Wmaybe-uninitialized]
  int i, j, twobit_sign;
            ^~~~~~~~~~~
"C:/rtools40/mingw64/bin/"gcc  -I"C:/Users/BIOCBU~1/BBS-3~1.12-/R/include" -DNDEBUG  -I'C:/Users/biocbuild/bbs-3.12-bioc/R/library/S4Vectors/include' -I'C:/Users/biocbuild/bbs-3.12-bioc/R/library/IRanges/include' -I'C:/Users/biocbuild/bbs-3.12-bioc/R/library/XVector/include'   -I"C:/extsoft/include"     -O2 -Wall  -std=gnu99 -mfpmath=sse -msse2 -mstackrealign -c xscat.c -o xscat.o
In file included from C:/Users/biocbuild/bbs-3.12-bioc/R/library/S4Vectors/include/S4Vectors_defines.h:18,
                 from C:/Users/biocbuild/bbs-3.12-bioc/R/library/IRanges/include/IRanges_defines.h:18,
                 from ../inst/include/Biostrings_defines.h:18,
                 from Biostrings.h:1,
                 from xscat.c:1:
xscat.c: In function 'XString_xscat':
C:/Users/BIOCBU~1/BBS-3~1.12-/R/include/Rdefines.h:98:21: warning: 'ans_length' may be used uninitialized in this function [-Wmaybe-uninitialized]
 #define NEW_RAW(n)  Rf_allocVector(RAWSXP,n)
                     ^~~~~~~~~~~~~~
xscat.c:18:13: note: 'ans_length' was declared here
  int nargs, ans_length, tag_offset, j;
             ^~~~~~~~~~
xscat.c:52:16: warning: 'ans_classname' may be used uninitialized in this function [-Wmaybe-uninitialized]
  PROTECT(ans = new_XRaw_from_tag(ans_classname, ans_tag));
                ^~~~~~~~~~~~~~~~~
In file included from C:/Users/biocbuild/bbs-3.12-bioc/R/library/S4Vectors/include/S4Vectors_defines.h:18,
                 from C:/Users/biocbuild/bbs-3.12-bioc/R/library/IRanges/include/IRanges_defines.h:18,
                 from ../inst/include/Biostrings_defines.h:18,
                 from Biostrings.h:1,
                 from xscat.c:1:
xscat.c: In function 'XStringSet_xscat':
C:/Users/BIOCBU~1/BBS-3~1.12-/R/include/Rdefines.h:92:25: warning: 'ans_length' may be used uninitialized in this function [-Wmaybe-uninitialized]
 #define NEW_INTEGER(n)  Rf_allocVector(INTSXP,n)
                         ^~~~~~~~~~~~~~
xscat.c:66:32: note: 'ans_length' was declared here
  int nargs, *arg_lengths, *ii, ans_length, i, j, *width;
                                ^~~~~~~~~~
xscat.c:108:16: warning: 'ans_element_type' may be used uninitialized in this function [-Wmaybe-uninitialized]
  PROTECT(ans = _alloc_XStringSet(ans_element_type, ans_width));
                ^~~~~~~~~~~~~~~~~
C:/rtools40/mingw64/bin/gcc -shared -s -static-libgcc -o Biostrings.dll tmp.def BAB_class.o BitMatrix.o IRanges_stubs.o MIndex_class.o PreprocessedTB_class.o R_init_Biostrings.o RoSeqs_utils.o S4Vectors_stubs.o SparseList_utils.o XStringSetList_class.o XStringSet_class.o XString_class.o XVector_stubs.o align_needwunsQS.o align_pairwiseAlignment.o align_utils.o find_palindromes.o gtestsim.o inject_code.o letter_frequency.o lowlevel_matching.o match_PWM.o match_pattern.o match_pattern_boyermoore.o match_pattern_indels.o match_pattern_shiftor.o match_pdict.o match_pdict_ACtree2.o match_pdict_Twobit.o match_pdict_utils.o match_reporting.o matchprobes.o pmatchPattern.o read_fasta_files.o read_fastq_files.o replaceAt.o replace_letter_at.o strutils.o translate.o unstrsplit_methods.o utils.o xscat.o -LC:/extsoft/lib/x64 -LC:/extsoft/lib -LC:/Users/BIOCBU~1/BBS-3~1.12-/R/bin/x64 -lR
installing to C:/Users/biocbuild/bbs-3.12-bioc/meat/Biostrings.buildbin-libdir/Biostrings/libs/x64
** testing if installed package can be loaded
* MD5 sums
packaged installation of 'Biostrings' as Biostrings_2.57.2.zip
* DONE (Biostrings)
* installing to library 'C:/Users/biocbuild/bbs-3.12-bioc/R/library'
package 'Biostrings' successfully unpacked and MD5 sums checked

Tests output

Biostrings.Rcheck/tests_i386/run_unitTests.Rout


R version 4.0.2 (2020-06-22) -- "Taking Off Again"
Copyright (C) 2020 The R Foundation for Statistical Computing
Platform: i386-w64-mingw32/i386 (32-bit)

R is free software and comes with ABSOLUTELY NO WARRANTY.
You are welcome to redistribute it under certain conditions.
Type 'license()' or 'licence()' for distribution details.

R is a collaborative project with many contributors.
Type 'contributors()' for more information and
'citation()' on how to cite R or R packages in publications.

Type 'demo()' for some demos, 'help()' for on-line help, or
'help.start()' for an HTML browser interface to help.
Type 'q()' to quit R.

> require("Biostrings") || stop("unable to load Biostrings package")
Loading required package: Biostrings
Loading required package: BiocGenerics
Loading required package: parallel

Attaching package: 'BiocGenerics'

The following objects are masked from 'package:parallel':

    clusterApply, clusterApplyLB, clusterCall, clusterEvalQ,
    clusterExport, clusterMap, parApply, parCapply, parLapply,
    parLapplyLB, parRapply, parSapply, parSapplyLB

The following objects are masked from 'package:stats':

    IQR, mad, sd, var, xtabs

The following objects are masked from 'package:base':

    Filter, Find, Map, Position, Reduce, anyDuplicated, append,
    as.data.frame, basename, cbind, colnames, dirname, do.call,
    duplicated, eval, evalq, get, grep, grepl, intersect, is.unsorted,
    lapply, mapply, match, mget, order, paste, pmax, pmax.int, pmin,
    pmin.int, rank, rbind, rownames, sapply, setdiff, sort, table,
    tapply, union, unique, unsplit, which.max, which.min

Loading required package: S4Vectors
Loading required package: stats4

Attaching package: 'S4Vectors'

The following object is masked from 'package:base':

    expand.grid

Loading required package: IRanges

Attaching package: 'IRanges'

The following object is masked from 'package:grDevices':

    windows

Loading required package: XVector

Attaching package: 'Biostrings'

The following object is masked from 'package:base':

    strsplit

[1] TRUE
> Biostrings:::.test()


RUNIT TEST PROTOCOL -- Thu Aug 06 00:06:25 2020 
*********************************************** 
Number of test functions: 39 
Number of errors: 0 
Number of failures: 0 

 
1 Test Suite : 
Biostrings RUnit Tests - 39 test functions, 0 errors, 0 failures
Number of test functions: 39 
Number of errors: 0 
Number of failures: 0 
> 
> proc.time()
   user  system elapsed 
  10.56    0.37   10.92 

Biostrings.Rcheck/tests_x64/run_unitTests.Rout


R version 4.0.2 (2020-06-22) -- "Taking Off Again"
Copyright (C) 2020 The R Foundation for Statistical Computing
Platform: x86_64-w64-mingw32/x64 (64-bit)

R is free software and comes with ABSOLUTELY NO WARRANTY.
You are welcome to redistribute it under certain conditions.
Type 'license()' or 'licence()' for distribution details.

R is a collaborative project with many contributors.
Type 'contributors()' for more information and
'citation()' on how to cite R or R packages in publications.

Type 'demo()' for some demos, 'help()' for on-line help, or
'help.start()' for an HTML browser interface to help.
Type 'q()' to quit R.

> require("Biostrings") || stop("unable to load Biostrings package")
Loading required package: Biostrings
Loading required package: BiocGenerics
Loading required package: parallel

Attaching package: 'BiocGenerics'

The following objects are masked from 'package:parallel':

    clusterApply, clusterApplyLB, clusterCall, clusterEvalQ,
    clusterExport, clusterMap, parApply, parCapply, parLapply,
    parLapplyLB, parRapply, parSapply, parSapplyLB

The following objects are masked from 'package:stats':

    IQR, mad, sd, var, xtabs

The following objects are masked from 'package:base':

    Filter, Find, Map, Position, Reduce, anyDuplicated, append,
    as.data.frame, basename, cbind, colnames, dirname, do.call,
    duplicated, eval, evalq, get, grep, grepl, intersect, is.unsorted,
    lapply, mapply, match, mget, order, paste, pmax, pmax.int, pmin,
    pmin.int, rank, rbind, rownames, sapply, setdiff, sort, table,
    tapply, union, unique, unsplit, which.max, which.min

Loading required package: S4Vectors
Loading required package: stats4

Attaching package: 'S4Vectors'

The following object is masked from 'package:base':

    expand.grid

Loading required package: IRanges

Attaching package: 'IRanges'

The following object is masked from 'package:grDevices':

    windows

Loading required package: XVector

Attaching package: 'Biostrings'

The following object is masked from 'package:base':

    strsplit

[1] TRUE
> Biostrings:::.test()


RUNIT TEST PROTOCOL -- Thu Aug 06 00:06:36 2020 
*********************************************** 
Number of test functions: 39 
Number of errors: 0 
Number of failures: 0 

 
1 Test Suite : 
Biostrings RUnit Tests - 39 test functions, 0 errors, 0 failures
Number of test functions: 39 
Number of errors: 0 
Number of failures: 0 
> 
> proc.time()
   user  system elapsed 
  10.32    0.29   10.61 

Example timings

Biostrings.Rcheck/examples_i386/Biostrings-Ex.timings

nameusersystemelapsed
AAString-class0.000.010.01
AMINO_ACID_CODE000
AlignedXStringSet-class0.130.000.12
DNAString-class000
GENETIC_CODE0.010.000.02
HNF4alpha0.030.000.03
IUPAC_CODE_MAP0.170.020.19
MIndex-class000
MaskedXString-class0.250.060.31
MultipleAlignment-class1.440.011.46
PDict-class3.670.215.72
PairwiseAlignments-class0.560.001.15
PairwiseAlignments-io2.190.362.55
QualityScaledXStringSet-class0.170.000.36
RNAString-class000
XString-class0.020.000.01
XStringQuality-class0.120.000.13
XStringSet-class 9.75 0.7311.39
XStringSet-comparison3.850.164.00
XStringSet-io11.14 0.2013.81
XStringSetList-class0.370.000.38
XStringViews-class0.190.000.19
align-utils0.050.000.04
chartr1.010.062.42
detail0.310.000.32
dinucleotideFrequencyTest0.020.000.01
findPalindromes30.02 0.0530.08
getSeq0.060.000.06
gregexpr2000
injectHardMask0.030.000.03
letter0.020.000.02
letterFrequency1.980.052.03
longestConsecutive000
lowlevel-matching0.370.010.39
maskMotif1.590.051.64
match-utils0.040.000.03
matchLRPatterns1.170.081.25
matchPDict-exact308.48 3.79312.56
matchPDict-inexact45.91 3.1849.27
matchPWM2.090.012.11
matchPattern6.550.106.64
matchProbePair1.750.011.76
matchprobes0.300.000.75
misc0.000.000.02
needwunsQS000
nucleotideFrequency0.730.020.76
padAndClip0.470.000.47
pairwiseAlignment0.810.000.82
phiX174Phage0.590.230.82
pid0.410.030.44
replaceAt2.110.022.13
replaceLetterAt0.530.010.54
reverseComplement0.990.000.99
stringDist4.50.04.5
substitution_matrices0.680.000.68
toComplex000
translate1.190.001.19
trimLRPatterns0.060.000.06
xscat1.050.001.05
yeastSEQCHR10.000.020.02

Biostrings.Rcheck/examples_x64/Biostrings-Ex.timings

nameusersystemelapsed
AAString-class000
AMINO_ACID_CODE000
AlignedXStringSet-class0.070.000.06
DNAString-class000
GENETIC_CODE0.000.020.01
HNF4alpha0.010.010.04
IUPAC_CODE_MAP0.130.000.12
MIndex-class000
MaskedXString-class0.230.000.24
MultipleAlignment-class1.330.001.32
PDict-class3.420.083.50
PairwiseAlignments-class0.60.00.6
PairwiseAlignments-io2.430.132.56
QualityScaledXStringSet-class0.160.010.19
RNAString-class000
XString-class0.010.000.01
XStringQuality-class0.180.000.17
XStringSet-class 9.97 0.3210.29
XStringSet-comparison2.780.142.92
XStringSet-io9.060.369.47
XStringSetList-class0.230.000.23
XStringViews-class0.110.000.11
align-utils0.050.000.04
chartr0.710.010.74
detail0.350.020.36
dinucleotideFrequencyTest0.010.000.01
findPalindromes21.72 0.0421.77
getSeq0.080.050.12
gregexpr2000
injectHardMask0.050.020.07
letter0.030.000.03
letterFrequency1.120.061.19
longestConsecutive000
lowlevel-matching0.440.010.45
maskMotif1.270.041.30
match-utils0.030.000.03
matchLRPatterns1.000.031.03
matchPDict-exact286.58 2.00288.64
matchPDict-inexact56.53 0.2956.88
matchPWM2.170.002.17
matchPattern6.390.106.48
matchProbePair1.570.041.63
matchprobes0.430.000.42
misc0.030.000.03
needwunsQS000
nucleotideFrequency0.870.040.90
padAndClip0.530.000.54
pairwiseAlignment0.860.000.86
phiX174Phage0.770.010.78
pid0.730.020.75
replaceAt3.450.063.52
replaceLetterAt0.670.050.72
reverseComplement1.140.061.20
stringDist4.220.044.25
substitution_matrices1.110.001.10
toComplex0.020.000.02
translate1.920.011.94
trimLRPatterns0.110.000.11
xscat1.410.001.40
yeastSEQCHR10.010.000.02