Back to Multiple platform build/check report for BioC 3.12
A[B]CDEFGHIJKLMNOPQRSTUVWXYZ

CHECK report for BiocOncoTK on tokay1

This page was generated on 2020-08-13 11:43:54 -0400 (Thu, 13 Aug 2020).

TO THE DEVELOPERS/MAINTAINERS OF THE BiocOncoTK PACKAGE: Please make sure to use the following settings in order to reproduce any error or warning you see on this page.
Package 155/1885HostnameOS / ArchINSTALLBUILDCHECKBUILD BIN
BiocOncoTK 1.9.0
VJ Carey
Snapshot Date: 2020-08-12 14:52:00 -0400 (Wed, 12 Aug 2020)
URL: https://git.bioconductor.org/packages/BiocOncoTK
Branch: master
Last Commit: e08ae5b
Last Changed Date: 2020-04-27 15:16:30 -0400 (Mon, 27 Apr 2020)
malbec1 Linux (Ubuntu 18.04.4 LTS) / x86_64  OK  OK  OK UNNEEDED, same version exists in internal repository
nebbiolo1 Linux (Ubuntu 20.04.1 LTS) / x86_64  OK  OK  OK 
tokay1 Windows Server 2012 R2 Standard / x64  OK  OK [ WARNINGS ] OK UNNEEDED, same version exists in internal repository
merida1 macOS 10.14.6 Mojave / x86_64  OK  OK  OK  OK UNNEEDED, same version exists in internal repository

Summary

Package: BiocOncoTK
Version: 1.9.0
Command: C:\Users\biocbuild\bbs-3.12-bioc\R\bin\R.exe CMD check --force-multiarch --install=check:BiocOncoTK.install-out.txt --library=C:\Users\biocbuild\bbs-3.12-bioc\R\library --no-vignettes --timings BiocOncoTK_1.9.0.tar.gz
StartedAt: 2020-08-13 05:00:58 -0400 (Thu, 13 Aug 2020)
EndedAt: 2020-08-13 05:12:24 -0400 (Thu, 13 Aug 2020)
EllapsedTime: 685.8 seconds
RetCode: 0
Status:  WARNINGS  
CheckDir: BiocOncoTK.Rcheck
Warnings: 1

Command output

##############################################################################
##############################################################################
###
### Running command:
###
###   C:\Users\biocbuild\bbs-3.12-bioc\R\bin\R.exe CMD check --force-multiarch --install=check:BiocOncoTK.install-out.txt --library=C:\Users\biocbuild\bbs-3.12-bioc\R\library --no-vignettes --timings BiocOncoTK_1.9.0.tar.gz
###
##############################################################################
##############################################################################


* using log directory 'C:/Users/biocbuild/bbs-3.12-bioc/meat/BiocOncoTK.Rcheck'
* using R version 4.0.2 (2020-06-22)
* using platform: x86_64-w64-mingw32 (64-bit)
* using session charset: ISO8859-1
* using option '--no-vignettes'
* checking for file 'BiocOncoTK/DESCRIPTION' ... OK
* this is package 'BiocOncoTK' version '1.9.0'
* package encoding: UTF-8
* checking package namespace information ... OK
* checking package dependencies ... OK
* checking if this is a source package ... OK
* checking if there is a namespace ... OK
* checking for hidden files and directories ... OK
* checking for portable file names ... OK
* checking whether package 'BiocOncoTK' can be installed ... WARNING
Found the following significant warnings:
  Rd warning: C:/Users/biocbuild/bbs-3.12-bioc/tmpdir/RtmpoPon5j/R.INSTALL21fc1033490b/BiocOncoTK/man/reexports.Rd:19: file link '%>%' in package 'magrittr' does not exist and so has been treated as a topic
See 'C:/Users/biocbuild/bbs-3.12-bioc/meat/BiocOncoTK.Rcheck/00install.out' for details.
* checking installed package size ... NOTE
  installed size is 10.2Mb
  sub-directories of 1Mb or more:
    data        5.1Mb
    pamphlets   4.5Mb
* checking package directory ... OK
* checking 'build' directory ... OK
* checking DESCRIPTION meta-information ... OK
* checking top-level files ... OK
* checking for left-over files ... OK
* checking index information ... OK
* checking package subdirectories ... OK
* checking R files for non-ASCII characters ... OK
* checking R files for syntax errors ... OK
* loading checks for arch 'i386'
** checking whether the package can be loaded ... OK
** checking whether the package can be loaded with stated dependencies ... OK
** checking whether the package can be unloaded cleanly ... OK
** checking whether the namespace can be loaded with stated dependencies ... OK
** checking whether the namespace can be unloaded cleanly ... OK
* loading checks for arch 'x64'
** checking whether the package can be loaded ... OK
** checking whether the package can be loaded with stated dependencies ... OK
** checking whether the package can be unloaded cleanly ... OK
** checking whether the namespace can be loaded with stated dependencies ... OK
** checking whether the namespace can be unloaded cleanly ... OK
* checking dependencies in R code ... OK
* checking S3 generic/method consistency ... OK
* checking replacement functions ... OK
* checking foreign function calls ... OK
* checking R code for possible problems ... NOTE
ggscat_av: warning in png(file = tempfile()): partial argument match of
  'file' to 'filename'
.flexbi: no visible binding for global variable 'v1'
.flexbi: no visible binding for global variable 'v2'
.rainfall.bq.df: no visible global function definition for 'seqlengths'
.rainfall.maeGRL.df: no visible global function definition for 'genome'
.rainfall.maeGRL.df: no visible global function definition for
  'seqlengths'
acronym_to_system: no visible binding for global variable
  'map_tcga_ncit'
add_sym: no visible global function definition for 'mapIds'
bipg_tests: no visible global function definition for 'new'
checkCache_patel: no visible global function definition for
  'BiocFileCache'
chrbounds_basic: no visible global function definition for 'seqlengths'
ggFeatDens : <anonymous>: no visible binding for global variable
  'Consequence'
ggFeatDens: no visible binding for global variable 'tfstart'
ggFeatureSegs: no visible binding for global variable 'symbol'
ggMutDens : <anonymous>: no visible binding for global variable
  'Consequence'
ggMutDens: no visible binding for global variable 'project_short_name'
ggbox: no visible binding for global variable 'acronym'
ggbox: no visible binding for global variable 'symbol'
ggbox: no visible binding for global variable 'log2ex'
ggbox: no visible binding for global variable 'msicode'
ggscat: no visible binding for global variable 'acronym'
ggscat: no visible binding for global variable 'symbol'
ggscat: no visible binding for global variable 'msival'
ggscat: no visible binding for global variable 'log2ex'
ggscat_av: no visible binding for global variable 'acronym'
ggscat_av: no visible binding for global variable 'symbol'
ggscat_av: no visible binding for global variable 'msival'
ggscat_av: no visible binding for global variable 'tmsi'
ggscat_av: no visible binding for global variable 'log2exa'
mc3toGR : <anonymous>: no visible binding for global variable
  'Consequence'
multiviz: no visible binding for global variable 'acronym'
multiviz: no visible binding for global variable 'msival'
prc: no visible binding for global variable 'acronym'
prc: no visible global function definition for 'right_join'
rainfall: no visible global function definition for 'genome'
tumNorSet : <anonymous>: no visible global function definition for
  'pancan_SE'
Undefined global functions or variables:
  BiocFileCache Consequence acronym genome log2ex log2exa mapIds
  map_tcga_ncit msicode msival new pancan_SE project_short_name
  right_join seqlengths symbol tfstart tmsi v1 v2
Consider adding
  importFrom("methods", "new")
to your NAMESPACE file (and ensure that your DESCRIPTION Imports field
contains 'methods').
* checking Rd files ... OK
* checking Rd metadata ... OK
* checking Rd cross-references ... OK
* checking for missing documentation entries ... OK
* checking for code/documentation mismatches ... OK
* checking Rd \usage sections ... OK
* checking Rd contents ... OK
* checking for unstated dependencies in examples ... OK
* checking contents of 'data' directory ... OK
* checking data for non-ASCII characters ... NOTE
  Note: found 46 marked UTF-8 strings
* checking data for ASCII and uncompressed saves ... OK
* checking files in 'vignettes' ... OK
* checking examples ...
** running examples for arch 'i386' ... OK
** running examples for arch 'x64' ... OK
* checking for unstated dependencies in 'tests' ... OK
* checking tests ...
** running tests for arch 'i386' ...
  Running 'testthat.R'
 OK
** running tests for arch 'x64' ...
  Running 'testthat.R'
 OK
* checking for unstated dependencies in vignettes ... OK
* checking package vignettes in 'inst/doc' ... OK
* checking running R code from vignettes ... SKIPPED
* checking re-building of vignette outputs ... SKIPPED
* checking PDF version of manual ... OK
* DONE

Status: 1 WARNING, 3 NOTEs
See
  'C:/Users/biocbuild/bbs-3.12-bioc/meat/BiocOncoTK.Rcheck/00check.log'
for details.



Installation output

BiocOncoTK.Rcheck/00install.out

##############################################################################
##############################################################################
###
### Running command:
###
###   C:\cygwin\bin\curl.exe -O https://malbec1.bioconductor.org/BBS/3.12/bioc/src/contrib/BiocOncoTK_1.9.0.tar.gz && rm -rf BiocOncoTK.buildbin-libdir && mkdir BiocOncoTK.buildbin-libdir && C:\Users\biocbuild\bbs-3.12-bioc\R\bin\R.exe CMD INSTALL --merge-multiarch --build --library=BiocOncoTK.buildbin-libdir BiocOncoTK_1.9.0.tar.gz && C:\Users\biocbuild\bbs-3.12-bioc\R\bin\R.exe CMD INSTALL BiocOncoTK_1.9.0.zip && rm BiocOncoTK_1.9.0.tar.gz BiocOncoTK_1.9.0.zip
###
##############################################################################
##############################################################################


  % Total    % Received % Xferd  Average Speed   Time    Time     Time  Current
                                 Dload  Upload   Total   Spent    Left  Speed

  0     0    0     0    0     0      0      0 --:--:-- --:--:-- --:--:--     0
 22 7803k   22 1744k    0     0  27.3M      0 --:--:-- --:--:-- --:--:-- 28.8M
100 7803k  100 7803k    0     0  66.2M      0 --:--:-- --:--:-- --:--:-- 68.0M

install for i386

Warning in untar2(tarfile, files, list, exdir, restore_times) :
  failed to copy 'BiocOncoTK/vignettes/BiocOncoTK.Rmd' to 'BiocOncoTK/README.md'
* installing *source* package 'BiocOncoTK' ...
** using staged installation
** R
** data
*** moving datasets to lazyload DB
** inst
** byte-compile and prepare package for lazy loading
** help
*** installing help indices
  converting help for package 'BiocOncoTK'
    finding HTML links ... done
    CCLE_DRUG_BROAD                         html  
    MSIsensor.10k                           html  
    TcgaMutCounts                           html  
    TcgaNIndWithAnyMut                      html  
    add_sym                                 html  
    annotTabs                               html  
    bindMSI                                 html  
    bipg_tests                              html  
    brcaMAE                                 html  
    buildPancanSE                           html  
    cell_70138                              html  
    clueDemos                               html  
    clueServiceNames                        html  
    darmGBMcls                              html  
    dingMSI                                 html  
    featIDMapper                            html  
    fireMSI                                 html  
    get_plates                              html  
    ggFeatDens                              html  
    ggFeatureSegs                           html  
    ggMutDens                               html  
    icd10_c                                 html  
    k23sig                                  html  
    kang_DNArepair                          html  
    loadPatel                               html  
    log10pl1                                html  
    map_tcga_ncit                           html  
    mc3toGR                                 html  
    molpo_3utr                              html  
    molpo_5utr                              html  
    molpo_CDS                               html  
    molpo_WGS                               html  
    multiviz                                html  
    oncoPrintISB                            html  
    pancan.clin.varnames                    html  
    pancan_BQ                               html  
    finding level-2 HTML links ... done

    pancan_app                              html  
    pancan_clinicalTabVarnames              html  
    pancan_longname                         html  
    pancan_sampTypeMap                      html  
    pancan_tabulate                         html  
    patient_to_tumor_code                   html  
    pertClasses                             html  
    pert_70138                              html  
    query_clue                              html  
    reexports                               html  
Rd warning: C:/Users/biocbuild/bbs-3.12-bioc/tmpdir/RtmpoPon5j/R.INSTALL21fc1033490b/BiocOncoTK/man/reexports.Rd:19: file link '%>%' in package 'magrittr' does not exist and so has been treated as a topic
    replaceRownames                         html  
    small_msi                               html  
    tumNorSet                               html  
    utils                                   html  
    viz_msi_raw                             html  
** building package indices
** installing vignettes
** testing if installed package can be loaded from temporary location
** testing if installed package can be loaded from final location
** testing if installed package keeps a record of temporary installation path

install for x64

Warning in untar2(tarfile, files, list, exdir, restore_times) :
  failed to copy 'BiocOncoTK/vignettes/BiocOncoTK.Rmd' to 'BiocOncoTK/README.md'
* installing *source* package 'BiocOncoTK' ...
** testing if installed package can be loaded
* MD5 sums
packaged installation of 'BiocOncoTK' as BiocOncoTK_1.9.0.zip
* DONE (BiocOncoTK)
* installing to library 'C:/Users/biocbuild/bbs-3.12-bioc/R/library'
package 'BiocOncoTK' successfully unpacked and MD5 sums checked

Tests output

BiocOncoTK.Rcheck/tests_i386/testthat.Rout


R version 4.0.2 (2020-06-22) -- "Taking Off Again"
Copyright (C) 2020 The R Foundation for Statistical Computing
Platform: i386-w64-mingw32/i386 (32-bit)

R is free software and comes with ABSOLUTELY NO WARRANTY.
You are welcome to redistribute it under certain conditions.
Type 'license()' or 'licence()' for distribution details.

R is a collaborative project with many contributors.
Type 'contributors()' for more information and
'citation()' on how to cite R or R packages in publications.

Type 'demo()' for some demos, 'help()' for on-line help, or
'help.start()' for an HTML browser interface to help.
Type 'q()' to quit R.

> # authentication is so problematic that I am skipping this for now
> library(testthat)
> library(BiocOncoTK)

Attaching package: 'BiocOncoTK'

The following object is masked from 'package:stats':

    filter

> library(restfulSE)
Loading required package: SummarizedExperiment
Loading required package: GenomicRanges
Loading required package: stats4
Loading required package: BiocGenerics
Loading required package: parallel

Attaching package: 'BiocGenerics'

The following objects are masked from 'package:parallel':

    clusterApply, clusterApplyLB, clusterCall, clusterEvalQ,
    clusterExport, clusterMap, parApply, parCapply, parLapply,
    parLapplyLB, parRapply, parSapply, parSapplyLB

The following objects are masked from 'package:stats':

    IQR, mad, sd, var, xtabs

The following objects are masked from 'package:base':

    Filter, Find, Map, Position, Reduce, anyDuplicated, append,
    as.data.frame, basename, cbind, colnames, dirname, do.call,
    duplicated, eval, evalq, get, grep, grepl, intersect, is.unsorted,
    lapply, mapply, match, mget, order, paste, pmax, pmax.int, pmin,
    pmin.int, rank, rbind, rownames, sapply, setdiff, sort, table,
    tapply, union, unique, unsplit, which.max, which.min

Loading required package: S4Vectors

Attaching package: 'S4Vectors'

The following object is masked from 'package:base':

    expand.grid

Loading required package: IRanges

Attaching package: 'IRanges'

The following object is masked from 'package:grDevices':

    windows

Loading required package: GenomeInfoDb
Loading required package: Biobase
Welcome to Bioconductor

    Vignettes contain introductory material; view with
    'browseVignettes()'. To cite Bioconductor, see
    'citation("Biobase")', and for packages 'citation("pkgname")'.

Loading required package: DelayedArray
Loading required package: Matrix

Attaching package: 'Matrix'

The following object is masked from 'package:S4Vectors':

    expand

Loading required package: matrixStats

Attaching package: 'matrixStats'

The following objects are masked from 'package:Biobase':

    anyMissing, rowMedians


Attaching package: 'DelayedArray'

The following objects are masked from 'package:matrixStats':

    colMaxs, colMins, colRanges, rowMaxs, rowMins, rowRanges

The following objects are masked from 'package:base':

    aperm, apply, rowsum


> library(reshape2)
> 
> test_check("BiocOncoTK")
Loading required package: BiocGenerics
Loading required package: parallel

Attaching package: 'BiocGenerics'

The following objects are masked from 'package:parallel':

    clusterApply, clusterApplyLB, clusterCall, clusterEvalQ,
    clusterExport, clusterMap, parApply, parCapply, parLapply,
    parLapplyLB, parRapply, parSapply, parSapplyLB

The following objects are masked from 'package:stats':

    IQR, mad, sd, var, xtabs

The following objects are masked from 'package:base':

    Filter, Find, Map, Position, Reduce, anyDuplicated, append,
    as.data.frame, basename, cbind, colnames, dirname, do.call,
    duplicated, eval, evalq, get, grep, grepl, intersect, is.unsorted,
    lapply, mapply, match, mget, order, paste, pmax, pmax.int, pmin,
    pmin.int, rank, rbind, rownames, sapply, setdiff, sort, table,
    tapply, union, unique, unsplit, which.max, which.min

Loading required package: AnnotationHub
Loading required package: BiocFileCache
Loading required package: dbplyr
snapshotDate(): 2020-08-05
Working on: BLCA_RNASeq2GeneNorm-20160128
see ?curatedTCGAData and browseVignettes('curatedTCGAData') for documentation
loading from cache
Working on: BLCA_colData-20160128
see ?curatedTCGAData and browseVignettes('curatedTCGAData') for documentation
loading from cache
Working on: BLCA_metadata-20160128
see ?curatedTCGAData and browseVignettes('curatedTCGAData') for documentation
loading from cache
Working on: BLCA_sampleMap-20160128
see ?curatedTCGAData and browseVignettes('curatedTCGAData') for documentation
loading from cache
harmonizing input:
  removing 4463 sampleMap rows not in names(experiments)
  removing 4 colData rownames not in sampleMap 'primary'
Loading required package: BiocGenerics
Loading required package: parallel

Attaching package: 'BiocGenerics'

The following objects are masked from 'package:parallel':

    clusterApply, clusterApplyLB, clusterCall, clusterEvalQ,
    clusterExport, clusterMap, parApply, parCapply, parLapply,
    parLapplyLB, parRapply, parSapply, parSapplyLB

The following objects are masked from 'package:stats':

    IQR, mad, sd, var, xtabs

The following objects are masked from 'package:base':

    Filter, Find, Map, Position, Reduce, anyDuplicated, append,
    as.data.frame, basename, cbind, colnames, dirname, do.call,
    duplicated, eval, evalq, get, grep, grepl, intersect, is.unsorted,
    lapply, mapply, match, mget, order, paste, pmax, pmax.int, pmin,
    pmin.int, rank, rbind, rownames, sapply, setdiff, sort, table,
    tapply, union, unique, unsplit, which.max, which.min

Loading required package: AnnotationHub
Loading required package: BiocFileCache
Loading required package: dbplyr
snapshotDate(): 2020-08-05
Working on: BLCA_RNASeq2GeneNorm-20160128
see ?curatedTCGAData and browseVignettes('curatedTCGAData') for documentation
loading from cache
Working on: BLCA_colData-20160128
see ?curatedTCGAData and browseVignettes('curatedTCGAData') for documentation
loading from cache
Working on: BLCA_metadata-20160128
see ?curatedTCGAData and browseVignettes('curatedTCGAData') for documentation
loading from cache
Working on: BLCA_sampleMap-20160128
see ?curatedTCGAData and browseVignettes('curatedTCGAData') for documentation
loading from cache
harmonizing input:
  removing 4463 sampleMap rows not in names(experiments)
  removing 4 colData rownames not in sampleMap 'primary'
Loading required package: BiocGenerics
Loading required package: parallel

Attaching package: 'BiocGenerics'

The following objects are masked from 'package:parallel':

    clusterApply, clusterApplyLB, clusterCall, clusterEvalQ,
    clusterExport, clusterMap, parApply, parCapply, parLapply,
    parLapplyLB, parRapply, parSapply, parSapplyLB

The following objects are masked from 'package:stats':

    IQR, mad, sd, var, xtabs

The following objects are masked from 'package:base':

    Filter, Find, Map, Position, Reduce, anyDuplicated, append,
    as.data.frame, basename, cbind, colnames, dirname, do.call,
    duplicated, eval, evalq, get, grep, grepl, intersect, is.unsorted,
    lapply, mapply, match, mget, order, paste, pmax, pmax.int, pmin,
    pmin.int, rank, rbind, rownames, sapply, setdiff, sort, table,
    tapply, union, unique, unsplit, which.max, which.min

Loading required package: AnnotationHub
Loading required package: BiocFileCache
Loading required package: dbplyr
snapshotDate(): 2020-08-05
Working on: SKCM_RNASeq2GeneNorm-20160128
see ?curatedTCGAData and browseVignettes('curatedTCGAData') for documentation
loading from cache
Working on: SKCM_colData-20160128
see ?curatedTCGAData and browseVignettes('curatedTCGAData') for documentation
loading from cache
Working on: SKCM_metadata-20160128
see ?curatedTCGAData and browseVignettes('curatedTCGAData') for documentation
loading from cache
Working on: SKCM_sampleMap-20160128
see ?curatedTCGAData and browseVignettes('curatedTCGAData') for documentation
loading from cache
harmonizing input:
  removing 4841 sampleMap rows not in names(experiments)
  removing 1 colData rownames not in sampleMap 'primary'
== testthat results  ===========================================================
[ OK: 5 | SKIPPED: 0 | WARNINGS: 0 | FAILED: 0 ]
> 
> proc.time()
   user  system elapsed 
  20.45    2.15  127.35 

BiocOncoTK.Rcheck/tests_x64/testthat.Rout


R version 4.0.2 (2020-06-22) -- "Taking Off Again"
Copyright (C) 2020 The R Foundation for Statistical Computing
Platform: x86_64-w64-mingw32/x64 (64-bit)

R is free software and comes with ABSOLUTELY NO WARRANTY.
You are welcome to redistribute it under certain conditions.
Type 'license()' or 'licence()' for distribution details.

R is a collaborative project with many contributors.
Type 'contributors()' for more information and
'citation()' on how to cite R or R packages in publications.

Type 'demo()' for some demos, 'help()' for on-line help, or
'help.start()' for an HTML browser interface to help.
Type 'q()' to quit R.

> # authentication is so problematic that I am skipping this for now
> library(testthat)
> library(BiocOncoTK)

Attaching package: 'BiocOncoTK'

The following object is masked from 'package:stats':

    filter

> library(restfulSE)
Loading required package: SummarizedExperiment
Loading required package: GenomicRanges
Loading required package: stats4
Loading required package: BiocGenerics
Loading required package: parallel

Attaching package: 'BiocGenerics'

The following objects are masked from 'package:parallel':

    clusterApply, clusterApplyLB, clusterCall, clusterEvalQ,
    clusterExport, clusterMap, parApply, parCapply, parLapply,
    parLapplyLB, parRapply, parSapply, parSapplyLB

The following objects are masked from 'package:stats':

    IQR, mad, sd, var, xtabs

The following objects are masked from 'package:base':

    Filter, Find, Map, Position, Reduce, anyDuplicated, append,
    as.data.frame, basename, cbind, colnames, dirname, do.call,
    duplicated, eval, evalq, get, grep, grepl, intersect, is.unsorted,
    lapply, mapply, match, mget, order, paste, pmax, pmax.int, pmin,
    pmin.int, rank, rbind, rownames, sapply, setdiff, sort, table,
    tapply, union, unique, unsplit, which.max, which.min

Loading required package: S4Vectors

Attaching package: 'S4Vectors'

The following object is masked from 'package:base':

    expand.grid

Loading required package: IRanges

Attaching package: 'IRanges'

The following object is masked from 'package:grDevices':

    windows

Loading required package: GenomeInfoDb
Loading required package: Biobase
Welcome to Bioconductor

    Vignettes contain introductory material; view with
    'browseVignettes()'. To cite Bioconductor, see
    'citation("Biobase")', and for packages 'citation("pkgname")'.

Loading required package: DelayedArray
Loading required package: Matrix

Attaching package: 'Matrix'

The following object is masked from 'package:S4Vectors':

    expand

Loading required package: matrixStats

Attaching package: 'matrixStats'

The following objects are masked from 'package:Biobase':

    anyMissing, rowMedians


Attaching package: 'DelayedArray'

The following objects are masked from 'package:matrixStats':

    colMaxs, colMins, colRanges, rowMaxs, rowMins, rowRanges

The following objects are masked from 'package:base':

    aperm, apply, rowsum


> library(reshape2)
> 
> test_check("BiocOncoTK")
Loading required package: BiocGenerics
Loading required package: parallel

Attaching package: 'BiocGenerics'

The following objects are masked from 'package:parallel':

    clusterApply, clusterApplyLB, clusterCall, clusterEvalQ,
    clusterExport, clusterMap, parApply, parCapply, parLapply,
    parLapplyLB, parRapply, parSapply, parSapplyLB

The following objects are masked from 'package:stats':

    IQR, mad, sd, var, xtabs

The following objects are masked from 'package:base':

    Filter, Find, Map, Position, Reduce, anyDuplicated, append,
    as.data.frame, basename, cbind, colnames, dirname, do.call,
    duplicated, eval, evalq, get, grep, grepl, intersect, is.unsorted,
    lapply, mapply, match, mget, order, paste, pmax, pmax.int, pmin,
    pmin.int, rank, rbind, rownames, sapply, setdiff, sort, table,
    tapply, union, unique, unsplit, which.max, which.min

Loading required package: AnnotationHub
Loading required package: BiocFileCache
Loading required package: dbplyr
snapshotDate(): 2020-08-05
Working on: BLCA_RNASeq2GeneNorm-20160128
see ?curatedTCGAData and browseVignettes('curatedTCGAData') for documentation
loading from cache
Working on: BLCA_colData-20160128
see ?curatedTCGAData and browseVignettes('curatedTCGAData') for documentation
loading from cache
Working on: BLCA_metadata-20160128
see ?curatedTCGAData and browseVignettes('curatedTCGAData') for documentation
loading from cache
Working on: BLCA_sampleMap-20160128
see ?curatedTCGAData and browseVignettes('curatedTCGAData') for documentation
loading from cache
harmonizing input:
  removing 4463 sampleMap rows not in names(experiments)
  removing 4 colData rownames not in sampleMap 'primary'
Loading required package: BiocGenerics
Loading required package: parallel

Attaching package: 'BiocGenerics'

The following objects are masked from 'package:parallel':

    clusterApply, clusterApplyLB, clusterCall, clusterEvalQ,
    clusterExport, clusterMap, parApply, parCapply, parLapply,
    parLapplyLB, parRapply, parSapply, parSapplyLB

The following objects are masked from 'package:stats':

    IQR, mad, sd, var, xtabs

The following objects are masked from 'package:base':

    Filter, Find, Map, Position, Reduce, anyDuplicated, append,
    as.data.frame, basename, cbind, colnames, dirname, do.call,
    duplicated, eval, evalq, get, grep, grepl, intersect, is.unsorted,
    lapply, mapply, match, mget, order, paste, pmax, pmax.int, pmin,
    pmin.int, rank, rbind, rownames, sapply, setdiff, sort, table,
    tapply, union, unique, unsplit, which.max, which.min

Loading required package: AnnotationHub
Loading required package: BiocFileCache
Loading required package: dbplyr
snapshotDate(): 2020-08-05
Working on: BLCA_RNASeq2GeneNorm-20160128
see ?curatedTCGAData and browseVignettes('curatedTCGAData') for documentation
loading from cache
Working on: BLCA_colData-20160128
see ?curatedTCGAData and browseVignettes('curatedTCGAData') for documentation
loading from cache
Working on: BLCA_metadata-20160128
see ?curatedTCGAData and browseVignettes('curatedTCGAData') for documentation
loading from cache
Working on: BLCA_sampleMap-20160128
see ?curatedTCGAData and browseVignettes('curatedTCGAData') for documentation
loading from cache
harmonizing input:
  removing 4463 sampleMap rows not in names(experiments)
  removing 4 colData rownames not in sampleMap 'primary'
Loading required package: BiocGenerics
Loading required package: parallel

Attaching package: 'BiocGenerics'

The following objects are masked from 'package:parallel':

    clusterApply, clusterApplyLB, clusterCall, clusterEvalQ,
    clusterExport, clusterMap, parApply, parCapply, parLapply,
    parLapplyLB, parRapply, parSapply, parSapplyLB

The following objects are masked from 'package:stats':

    IQR, mad, sd, var, xtabs

The following objects are masked from 'package:base':

    Filter, Find, Map, Position, Reduce, anyDuplicated, append,
    as.data.frame, basename, cbind, colnames, dirname, do.call,
    duplicated, eval, evalq, get, grep, grepl, intersect, is.unsorted,
    lapply, mapply, match, mget, order, paste, pmax, pmax.int, pmin,
    pmin.int, rank, rbind, rownames, sapply, setdiff, sort, table,
    tapply, union, unique, unsplit, which.max, which.min

Loading required package: AnnotationHub
Loading required package: BiocFileCache
Loading required package: dbplyr
snapshotDate(): 2020-08-05
Working on: SKCM_RNASeq2GeneNorm-20160128
see ?curatedTCGAData and browseVignettes('curatedTCGAData') for documentation
loading from cache
Working on: SKCM_colData-20160128
see ?curatedTCGAData and browseVignettes('curatedTCGAData') for documentation
loading from cache
Working on: SKCM_metadata-20160128
see ?curatedTCGAData and browseVignettes('curatedTCGAData') for documentation
loading from cache
Working on: SKCM_sampleMap-20160128
see ?curatedTCGAData and browseVignettes('curatedTCGAData') for documentation
loading from cache
harmonizing input:
  removing 4841 sampleMap rows not in names(experiments)
  removing 1 colData rownames not in sampleMap 'primary'
== testthat results  ===========================================================
[ OK: 5 | SKIPPED: 0 | WARNINGS: 0 | FAILED: 0 ]
> 
> proc.time()
   user  system elapsed 
  14.95    0.64  135.21 

Example timings

BiocOncoTK.Rcheck/examples_i386/BiocOncoTK-Ex.timings

nameusersystemelapsed
CCLE_DRUG_BROAD0.140.000.14
MSIsensor.10k0.030.000.03
TcgaMutCounts000
TcgaNIndWithAnyMut000
add_sym000
annotTabs000
bindMSI000
bipg_tests0.470.000.47
brcaMAE1.530.051.58
buildPancanSE000
cell_70138000
clueDemos0.020.000.02
clueServiceNames000
darmGBMcls0.260.030.29
dingMSI000
featIDMapper000
fireMSI1.050.471.52
get_plates000
ggFeatDens000
ggFeatureSegs000
ggMutDens000
icd10_c0.020.010.03
k23sig000
loadPatel000
mc3toGR000
molpo_3utr0.060.000.06
molpo_5utr0.020.000.01
molpo_CDS0.080.020.10
molpo_WGS000
oncoPrintISB000
pancan.clin.varnames0.020.000.02
pancan_BQ000
pancan_app000
pancan_clinicalTabVarnames000
pancan_longname000
pancan_sampTypeMap000
pancan_tabulate000
patient_to_tumor_code000
pertClasses000
pert_70138000
query_clue000
small_msi000
tumNorSet000
utils0.210.000.21
viz_msi_raw000

BiocOncoTK.Rcheck/examples_x64/BiocOncoTK-Ex.timings

nameusersystemelapsed
CCLE_DRUG_BROAD0.110.020.12
MSIsensor.10k0.030.000.03
TcgaMutCounts000
TcgaNIndWithAnyMut000
add_sym000
annotTabs000
bindMSI000
bipg_tests0.440.030.47
brcaMAE1.800.061.86
buildPancanSE000
cell_70138000
clueDemos000
clueServiceNames000
darmGBMcls0.360.030.39
dingMSI000
featIDMapper000
fireMSI2.770.162.92
get_plates000
ggFeatDens000
ggFeatureSegs000
ggMutDens0.020.000.02
icd10_c0.010.000.01
k23sig000
loadPatel000
mc3toGR0.020.000.02
molpo_3utr0.040.000.04
molpo_5utr0.020.000.02
molpo_CDS0.060.000.06
molpo_WGS0.020.000.02
oncoPrintISB000
pancan.clin.varnames000
pancan_BQ000
pancan_app000
pancan_clinicalTabVarnames000
pancan_longname000
pancan_sampTypeMap000
pancan_tabulate000
patient_to_tumor_code000
pertClasses000
pert_70138000
query_clue000
small_msi0.010.000.02
tumNorSet000
utils0.160.030.19
viz_msi_raw000