Back to Multiple platform build/check report for BioC 3.12
A[B]CDEFGHIJKLMNOPQRSTUVWXYZ

CHECK report for BSgenome on merida1

This page was generated on 2020-08-13 11:48:24 -0400 (Thu, 13 Aug 2020).

TO THE DEVELOPERS/MAINTAINERS OF THE BSgenome PACKAGE: Please make sure to use the following settings in order to reproduce any error or warning you see on this page.
Package 202/1885HostnameOS / ArchINSTALLBUILDCHECKBUILD BIN
BSgenome 1.57.5
H. Pagès
Snapshot Date: 2020-08-12 14:52:00 -0400 (Wed, 12 Aug 2020)
URL: https://git.bioconductor.org/packages/BSgenome
Branch: master
Last Commit: 781c61d
Last Changed Date: 2020-07-20 17:17:06 -0400 (Mon, 20 Jul 2020)
malbec1 Linux (Ubuntu 18.04.4 LTS) / x86_64  OK  OK  WARNINGS UNNEEDED, same version exists in internal repository
nebbiolo1 Linux (Ubuntu 20.04.1 LTS) / x86_64  OK  OK  WARNINGS 
tokay1 Windows Server 2012 R2 Standard / x64  OK  OK  WARNINGS  OK UNNEEDED, same version exists in internal repository
merida1 macOS 10.14.6 Mojave / x86_64  OK  OK [ WARNINGS ] OK UNNEEDED, same version exists in internal repository

Summary

Package: BSgenome
Version: 1.57.5
Command: /Library/Frameworks/R.framework/Versions/Current/Resources/bin/R CMD check --install=check:BSgenome.install-out.txt --library=/Library/Frameworks/R.framework/Versions/Current/Resources/library --no-vignettes --timings BSgenome_1.57.5.tar.gz
StartedAt: 2020-08-12 22:56:26 -0400 (Wed, 12 Aug 2020)
EndedAt: 2020-08-12 23:04:15 -0400 (Wed, 12 Aug 2020)
EllapsedTime: 469.9 seconds
RetCode: 0
Status:  WARNINGS 
CheckDir: BSgenome.Rcheck
Warnings: 1

Command output

##############################################################################
##############################################################################
###
### Running command:
###
###   /Library/Frameworks/R.framework/Versions/Current/Resources/bin/R CMD check --install=check:BSgenome.install-out.txt --library=/Library/Frameworks/R.framework/Versions/Current/Resources/library --no-vignettes --timings BSgenome_1.57.5.tar.gz
###
##############################################################################
##############################################################################


* using log directory ‘/Users/biocbuild/bbs-3.12-bioc/meat/BSgenome.Rcheck’
* using R version 4.0.2 (2020-06-22)
* using platform: x86_64-apple-darwin17.0 (64-bit)
* using session charset: UTF-8
* using option ‘--no-vignettes’
* checking for file ‘BSgenome/DESCRIPTION’ ... OK
* this is package ‘BSgenome’ version ‘1.57.5’
* package encoding: UTF-8
* checking package namespace information ... OK
* checking package dependencies ... NOTE
Depends: includes the non-default packages:
  'BiocGenerics', 'S4Vectors', 'IRanges', 'GenomeInfoDb',
  'GenomicRanges', 'Biostrings', 'rtracklayer'
Adding so many packages to the search path is excessive and importing
selectively is preferable.
* checking if this is a source package ... OK
* checking if there is a namespace ... OK
* checking for hidden files and directories ... OK
* checking for portable file names ... NOTE
Found the following non-portable file path:
  BSgenome/inst/extdata/GentlemanLab/BSgenome.Gmellonella.NCBI.ASM364042v2-tools/fasta_to_sorted_2bit.R

Tarballs are only required to store paths of up to 100 bytes and cannot
store those of more than 256 bytes, with restrictions including to 100
bytes for the final component.
See section ‘Package structure’ in the ‘Writing R Extensions’ manual.
* checking for sufficient/correct file permissions ... OK
* checking whether package ‘BSgenome’ can be installed ... OK
* checking installed package size ... NOTE
  installed size is  8.1Mb
  sub-directories of 1Mb or more:
    R         2.1Mb
    extdata   5.8Mb
* checking package directory ... OK
* checking ‘build’ directory ... OK
* checking DESCRIPTION meta-information ... NOTE
Packages listed in more than one of Depends, Imports, Suggests, Enhances:
  ‘methods’ ‘BiocGenerics’ ‘S4Vectors’ ‘IRanges’ ‘GenomeInfoDb’ ‘GenomicRanges’ ‘Biostrings’ ‘rtracklayer’
A package should be listed in only one of these fields.
* checking top-level files ... OK
* checking for left-over files ... OK
* checking index information ... OK
* checking package subdirectories ... OK
* checking R files for non-ASCII characters ... OK
* checking R files for syntax errors ... OK
* checking whether the package can be loaded ... OK
* checking whether the package can be loaded with stated dependencies ... OK
* checking whether the package can be unloaded cleanly ... OK
* checking whether the namespace can be loaded with stated dependencies ... OK
* checking whether the namespace can be unloaded cleanly ... OK
* checking dependencies in R code ... NOTE
':::' calls which should be '::':
  ‘S4Vectors:::makeClassinfoRowForCompactPrinting’
  ‘S4Vectors:::makePrettyMatrixForCompactPrinting’
  See the note in ?`:::` about the use of this operator.
Unexported objects imported by ':::' calls:
  ‘GenomeInfoDb:::compactPrintNamedAtomicVector’
  ‘GenomicRanges:::get_out_of_bound_index’ ‘IRanges:::.normargSEW’
  ‘IRanges:::unlist_as_integer’ ‘S4Vectors:::anyMissing’
  ‘S4Vectors:::anyMissingOrOutside’ ‘S4Vectors:::decodeRle’
  ‘S4Vectors:::diffWithInitialZero’
  ‘S4Vectors:::make_zero_col_DataFrame’ ‘S4Vectors:::quick_unlist’
  ‘S4Vectors:::quick_unsplit’ ‘S4Vectors:::recycleVector’
  ‘rtracklayer:::.DNAString_to_twoBit’ ‘rtracklayer:::.TwoBits_export’
  ‘rtracklayer:::checkArgFormat’ ‘rtracklayer:::twoBitPath’
  See the note in ?`:::` about the use of this operator.
* checking S3 generic/method consistency ... OK
* checking replacement functions ... OK
* checking foreign function calls ... OK
* checking R code for possible problems ... OK
* checking Rd files ... OK
* checking Rd metadata ... OK
* checking Rd cross-references ... OK
* checking for missing documentation entries ... WARNING
Undocumented code objects:
  ‘MaskedBSgenome’ ‘OnDiskLongTable’ ‘OnDiskLongTable_old’
  ‘as.data.frame.BSgenomeViews’ ‘batchsizes’ ‘blocksizes’ ‘breakpoints’
  ‘forgeMaskedBSgenomeDataPkg’
  ‘getBatchesByOverlapsFromOnDiskLongTable’
  ‘getBatchesBySeqnameFromOnDiskLongTable’
  ‘getBatchesFromOnDiskLongTable’ ‘getBatchesFromOnDiskLongTable_old’
  ‘getRowsByIdFromOnDiskLongTable’ ‘getRowsByIdFromOnDiskLongTable_old’
  ‘getRowsByIndexFromOnDiskLongTable_old’ ‘getRowsFromOnDiskLongTable’
  ‘rowids’ ‘saveAsOnDiskLongTable_old’
  ‘saveRowidsForOnDiskLongTable_old’ ‘spatialIndex’
  ‘writeOnDiskLongTable’ ‘writeOnDiskLongTableRowids’
Undocumented S4 classes:
  ‘OnDiskLongTable_old’ ‘OnDiskLongTable’ ‘MaskedBSgenome’
  ‘GRanges_OR_NULL’
Undocumented S4 methods:
  generic '[' and siglist 'XStringSet,GRangesList,ANY,ANY'
  generic '[' and siglist 'XStringSet,GenomicRanges,ANY,ANY'
  generic '[[' and siglist 'BSgenome,ANY,ANY'
  generic 'batchsizes' and siglist 'OnDiskLongTable'
  generic 'blocksizes' and siglist 'OnDiskLongTable_old'
  generic 'breakpoints' and siglist 'OnDiskLongTable'
  generic 'breakpoints' and siglist 'OnDiskLongTable_old'
  generic 'coerce' and siglist 'RdsCollection,RdsNamedSequences'
  generic 'dim' and siglist 'OnDiskLongTable'
  generic 'dim' and siglist 'OnDiskLongTable_old'
  generic 'dimnames' and siglist 'OnDiskLongTable'
  generic 'dimnames' and siglist 'OnDiskLongTable_old'
  generic 'dimnames' and siglist 'XtraSNPlocs'
  generic 'extractAt' and siglist 'BSgenome'
  generic 'forgeMaskedBSgenomeDataPkg' and siglist
    'MaskedBSgenomeDataPkgSeed'
  generic 'forgeMaskedBSgenomeDataPkg' and siglist 'character'
  generic 'forgeMaskedBSgenomeDataPkg' and siglist 'list'
  generic 'length' and siglist 'OnDiskNamedSequences'
  generic 'names' and siglist 'FastaNamedSequences'
  generic 'names' and siglist 'TwobitNamedSequences'
  generic 'rowids' and siglist 'OnDiskLongTable'
  generic 'rowids' and siglist 'OnDiskLongTable_old'
  generic 'seqinfo' and siglist 'FastaNamedSequences'
  generic 'seqinfo' and siglist 'RdaNamedSequences'
  generic 'seqinfo' and siglist 'RdsNamedSequences'
  generic 'seqinfo' and siglist 'TwobitNamedSequences'
  generic 'seqnames' and siglist 'OnDiskNamedSequences'
  generic 'show' and siglist 'OnDiskLongTable'
  generic 'show' and siglist 'OnDiskLongTable_old'
  generic 'show' and siglist 'OnDiskNamedSequences'
  generic 'spatialIndex' and siglist 'OnDiskLongTable'
All user-level objects in a package (including S4 classes and methods)
should have documentation entries.
See chapter ‘Writing R documentation files’ in the ‘Writing R
Extensions’ manual.
* checking for code/documentation mismatches ... OK
* checking Rd \usage sections ... OK
* checking Rd contents ... OK
* checking for unstated dependencies in examples ... OK
* checking sizes of PDF files under ‘inst/doc’ ... OK
* checking files in ‘vignettes’ ... OK
* checking examples ... OK
Examples with CPU (user + system) or elapsed time > 5s
                      user system elapsed
SNPlocs-class       66.815  3.055  71.884
BSgenomeViews-class 24.150  6.837  35.656
BSgenome-utils      28.811  0.392  29.294
BSgenome-class      14.376  0.511  14.923
XtraSNPlocs-class    9.311  0.470   9.881
injectSNPs           8.305  0.365   8.710
getSeq-methods       8.067  0.474   8.556
bsapply              7.344  0.281   7.640
BSgenomeForge        6.405  0.124   6.544
export-methods       4.972  0.963   6.020
* checking for unstated dependencies in vignettes ... OK
* checking package vignettes in ‘inst/doc’ ... OK
* checking running R code from vignettes ... SKIPPED
* checking re-building of vignette outputs ... SKIPPED
* checking PDF version of manual ... OK
* DONE

Status: 1 WARNING, 5 NOTEs
See
  ‘/Users/biocbuild/bbs-3.12-bioc/meat/BSgenome.Rcheck/00check.log’
for details.



Installation output

BSgenome.Rcheck/00install.out

##############################################################################
##############################################################################
###
### Running command:
###
###   /Library/Frameworks/R.framework/Versions/Current/Resources/bin/R CMD INSTALL BSgenome
###
##############################################################################
##############################################################################


* installing to library ‘/Library/Frameworks/R.framework/Versions/4.0/Resources/library’
* installing *source* package ‘BSgenome’ ...
** using staged installation
** R
** inst
** byte-compile and prepare package for lazy loading
** help
*** installing help indices
** building package indices
** installing vignettes
** testing if installed package can be loaded from temporary location
** testing if installed package can be loaded from final location
** testing if installed package keeps a record of temporary installation path
* DONE (BSgenome)

Tests output


Example timings

BSgenome.Rcheck/BSgenome-Ex.timings

nameusersystemelapsed
BSgenome-class14.376 0.51114.923
BSgenome-utils28.811 0.39229.294
BSgenomeForge6.4050.1246.544
BSgenomeViews-class24.150 6.83735.656
SNPlocs-class66.815 3.05571.884
XtraSNPlocs-class9.3110.4709.881
available.genomes1.0160.1241.788
bsapply7.3440.2817.640
export-methods4.9720.9636.020
getSeq-methods8.0670.4748.556
injectSNPs8.3050.3658.710