Back to Multiple platform build/check report for BioC 3.12
A[B]CDEFGHIJKLMNOPQRSTUVWXYZ

CHECK report for BEclear on nebbiolo1

This page was generated on 2021-03-03 12:11:35 -0500 (Wed, 03 Mar 2021).

To the developers/maintainers of the BEclear package:
Please make sure to use the following settings in order to reproduce any error or warning you see on this page.
Package 139/1974HostnameOS / ArchINSTALLBUILDCHECKBUILD BIN
BEclear 2.6.0
David Rasp
Snapshot Date: 2021-03-02 14:50:31 -0500 (Tue, 02 Mar 2021)
URL: https://git.bioconductor.org/packages/BEclear
Branch: RELEASE_3_12
Last Commit: c0d806a
Last Changed Date: 2020-10-27 11:05:28 -0500 (Tue, 27 Oct 2020)
malbec1Linux (Ubuntu 18.04.5 LTS) / x86_64  OK    OK    WARNINGS  UNNEEDED, same version exists in internal repository
nebbiolo1Linux (Ubuntu 20.04.2 LTS) / x86_64  OK    OK    WARNINGS  
tokay1Windows Server 2012 R2 Standard / x64  OK    OK    WARNINGS    OK  UNNEEDED, same version exists in internal repository
merida1macOS 10.14.6 Mojave / x86_64  OK    OK    WARNINGS    OK  UNNEEDED, same version exists in internal repository

Summary

Package: BEclear
Version: 2.6.0
Command: /home/biocbuild/bbs-3.12-bioc/R/bin/R CMD check --install=check:BEclear.install-out.txt --library=/home/biocbuild/bbs-3.12-bioc/R/library --no-vignettes --timings BEclear_2.6.0.tar.gz
StartedAt: 2021-03-02 20:22:03 -0500 (Tue, 02 Mar 2021)
EndedAt: 2021-03-02 20:23:37 -0500 (Tue, 02 Mar 2021)
EllapsedTime: 93.9 seconds
RetCode: 0
Status:   WARNINGS  
CheckDir: BEclear.Rcheck
Warnings: 1

Command output

##############################################################################
##############################################################################
###
### Running command:
###
###   /home/biocbuild/bbs-3.12-bioc/R/bin/R CMD check --install=check:BEclear.install-out.txt --library=/home/biocbuild/bbs-3.12-bioc/R/library --no-vignettes --timings BEclear_2.6.0.tar.gz
###
##############################################################################
##############################################################################


* using log directory ‘/home/biocbuild/bbs-3.12-bioc/meat/BEclear.Rcheck’
* using R version 4.0.4 (2021-02-15)
* using platform: x86_64-pc-linux-gnu (64-bit)
* using session charset: UTF-8
* using option ‘--no-vignettes’
* checking for file ‘BEclear/DESCRIPTION’ ... OK
* checking extension type ... Package
* this is package ‘BEclear’ version ‘2.6.0’
* package encoding: UTF-8
* checking package namespace information ... OK
* checking package dependencies ... OK
* checking if this is a source package ... OK
* checking if there is a namespace ... OK
* checking for hidden files and directories ... NOTE
Found the following hidden files and directories:
  .travis.yml
  .github
These were most likely included in error. See section ‘Package
structure’ in the ‘Writing R Extensions’ manual.
* checking for portable file names ... OK
* checking for sufficient/correct file permissions ... OK
* checking whether package ‘BEclear’ can be installed ... OK
* checking installed package size ... OK
* checking package directory ... OK
* checking ‘build’ directory ... OK
* checking DESCRIPTION meta-information ... OK
* checking top-level files ... NOTE
File
  LICENSE
is not mentioned in the DESCRIPTION file.
* checking for left-over files ... OK
* checking index information ... OK
* checking package subdirectories ... OK
* checking R files for non-ASCII characters ... OK
* checking R files for syntax errors ... OK
* checking whether the package can be loaded ... OK
* checking whether the package can be loaded with stated dependencies ... OK
* checking whether the package can be unloaded cleanly ... OK
* checking whether the namespace can be loaded with stated dependencies ... OK
* checking whether the namespace can be unloaded cleanly ... OK
* checking dependencies in R code ... OK
* checking S3 generic/method consistency ... OK
* checking replacement functions ... OK
* checking foreign function calls ... OK
* checking R code for possible problems ... OK
* checking Rd files ... WARNING
prepare_Rd: x:1: unexpected END_OF_INPUT '%} confidence level}'
* checking Rd metadata ... OK
* checking Rd cross-references ... OK
* checking for missing documentation entries ... OK
* checking for code/documentation mismatches ... OK
* checking Rd \usage sections ... OK
* checking Rd contents ... OK
* checking for unstated dependencies in examples ... OK
* checking contents of ‘data’ directory ... OK
* checking data for non-ASCII characters ... OK
* checking data for ASCII and uncompressed saves ... OK
* checking line endings in C/C++/Fortran sources/headers ... OK
* checking compiled code ... NOTE
Note: information on .o files is not available
* checking files in ‘vignettes’ ... OK
* checking examples ... OK
Examples with CPU (user + system) or elapsed time > 5s
                   user system elapsed
calcBatchEffects 30.392  0.272  30.088
BEclear-package   7.654  0.163   7.670
* checking for unstated dependencies in ‘tests’ ... OK
* checking tests ...
  Running ‘testthat.R’
 OK
* checking for unstated dependencies in vignettes ... OK
* checking package vignettes in ‘inst/doc’ ... OK
* checking running R code from vignettes ... SKIPPED
* checking re-building of vignette outputs ... SKIPPED
* checking PDF version of manual ... OK
* DONE

Status: 1 WARNING, 3 NOTEs
See
  ‘/home/biocbuild/bbs-3.12-bioc/meat/BEclear.Rcheck/00check.log’
for details.



Installation output

BEclear.Rcheck/00install.out

##############################################################################
##############################################################################
###
### Running command:
###
###   /home/biocbuild/bbs-3.12-bioc/R/bin/R CMD INSTALL BEclear
###
##############################################################################
##############################################################################


* installing to library ‘/home/biocbuild/bbs-3.12-bioc/R/library’
* installing *source* package ‘BEclear’ ...
** using staged installation
** libs
g++ -std=gnu++11 -I"/home/biocbuild/bbs-3.12-bioc/R/include" -DNDEBUG  -I'/home/biocbuild/bbs-3.12-bioc/R/library/Rcpp/include' -I/usr/local/include   -fpic  -g -O2  -Wall -c RcppExports.cpp -o RcppExports.o
g++ -std=gnu++11 -I"/home/biocbuild/bbs-3.12-bioc/R/include" -DNDEBUG  -I'/home/biocbuild/bbs-3.12-bioc/R/library/Rcpp/include' -I/usr/local/include   -fpic  -g -O2  -Wall -c localLoss.cpp -o localLoss.o
g++ -std=gnu++11 -shared -L/home/biocbuild/bbs-3.12-bioc/R/lib -L/usr/local/lib -o BEclear.so RcppExports.o localLoss.o -L/home/biocbuild/bbs-3.12-bioc/R/lib -lR
installing to /home/biocbuild/bbs-3.12-bioc/R/library/00LOCK-BEclear/00new/BEclear/libs
** R
** data
** inst
** byte-compile and prepare package for lazy loading
** help
Loading required namespace: BEclear
Warning in tools::parseLatex(x) :
  x:1: unexpected END_OF_INPUT '%} confidence level}'
*** installing help indices
** building package indices
** installing vignettes
** testing if installed package can be loaded from temporary location
** checking absolute paths in shared objects and dynamic libraries
** testing if installed package can be loaded from final location
** testing if installed package keeps a record of temporary installation path
* DONE (BEclear)

Tests output

BEclear.Rcheck/tests/testthat.Rout


R version 4.0.4 (2021-02-15) -- "Lost Library Book"
Copyright (C) 2021 The R Foundation for Statistical Computing
Platform: x86_64-pc-linux-gnu (64-bit)

R is free software and comes with ABSOLUTELY NO WARRANTY.
You are welcome to redistribute it under certain conditions.
Type 'license()' or 'licence()' for distribution details.

R is a collaborative project with many contributors.
Type 'contributors()' for more information and
'citation()' on how to cite R or R packages in publications.

Type 'demo()' for some demos, 'help()' for on-line help, or
'help.start()' for an HTML browser interface to help.
Type 'q()' to quit R.

> library(testthat)
> library(BEclear)
Loading required package: BiocParallel
> 
> test_check("BEclear")
INFO [2021-03-02 20:23:29] Calculate the batch effects for 2 batches
INFO [2021-03-02 20:23:30] Calculate the batch effects for 3 batches
INFO [2021-03-02 20:23:30] Calculate the batch effects for 3 batches
INFO [2021-03-02 20:23:30] Adjusting p-values
INFO [2021-03-02 20:23:30] Transforming matrix to data.table
INFO [2021-03-02 20:23:30] Calculate the batch effects for 4 batches
INFO [2021-03-02 20:23:31] Adjusting p-values
INFO [2021-03-02 20:23:31] Generating a summary table
INFO [2021-03-02 20:23:31] Calculating the scores for 4 batches
INFO [2021-03-02 20:23:31] Generating a summary table
INFO [2021-03-02 20:23:31] Generating a summary table
INFO [2021-03-02 20:23:31] Transforming matrix to data.table
INFO [2021-03-02 20:23:31] Calculate the batch effects for 3 batches
INFO [2021-03-02 20:23:31] Adjusting p-values
INFO [2021-03-02 20:23:31] Generating a summary table
INFO [2021-03-02 20:23:31] Calculating the scores for 3 batches
INFO [2021-03-02 20:23:31] Removing values with batch effect:
INFO [2021-03-02 20:23:31] 4 values ( 26.6666666666667 % of the data) set to NA
INFO [2021-03-02 20:23:31] Starting the imputation of missing values.
INFO [2021-03-02 20:23:31] This might take a while.
INFO [2021-03-02 20:23:31] BEclear imputation is started:
INFO [2021-03-02 20:23:31] block size: 60  x  60
INFO [2021-03-02 20:23:31] Impute missing data for block 1 of 1
INFO [2021-03-02 20:23:31] Replacing values below 0 or above 1:
INFO [2021-03-02 20:23:31] 0 values replaced
WARN [2021-03-02 20:23:31] 3 values are above 1 or below 0. Check your data
WARN [2021-03-02 20:23:31] Replacing them with missing values
INFO [2021-03-02 20:23:31] Transforming matrix to data.table
INFO [2021-03-02 20:23:31] Calculate the batch effects for 3 batches
INFO [2021-03-02 20:23:31] Adjusting p-values
INFO [2021-03-02 20:23:31] Generating a summary table
INFO [2021-03-02 20:23:31] Calculating the scores for 3 batches
INFO [2021-03-02 20:23:31] Removing values with batch effect:
INFO [2021-03-02 20:23:31] 3 values ( 20 % of the data) set to NA
INFO [2021-03-02 20:23:31] Starting the imputation of missing values.
INFO [2021-03-02 20:23:31] This might take a while.
INFO [2021-03-02 20:23:31] BEclear imputation is started:
INFO [2021-03-02 20:23:31] block size: 60  x  60
INFO [2021-03-02 20:23:31] Impute missing data for block 1 of 1
INFO [2021-03-02 20:23:31] Replacing values below 0 or above 1:
INFO [2021-03-02 20:23:31] 0 values replaced
WARN [2021-03-02 20:23:31] 2 values are above 1 or below 0. Check your data
WARN [2021-03-02 20:23:31] Replacing them with missing values
WARN [2021-03-02 20:23:31] The following samples are annotated in the sample matrix,
WARN [2021-03-02 20:23:31] Dropping those samples now
WARN [2021-03-02 20:23:31] Sample names aren't unique
WARN [2021-03-02 20:23:31] Transforming them to unique IDs. List with annotations will be added to the results
INFO [2021-03-02 20:23:31] Transforming matrix to data.table
INFO [2021-03-02 20:23:31] Calculate the batch effects for 2 batches
INFO [2021-03-02 20:23:31] Adjusting p-values
INFO [2021-03-02 20:23:31] Generating a summary table
INFO [2021-03-02 20:23:31] There were no batch effects detected
INFO [2021-03-02 20:23:31] Starting the imputation of missing values.
INFO [2021-03-02 20:23:31] This might take a while.
INFO [2021-03-02 20:23:31] BEclear imputation is started:
INFO [2021-03-02 20:23:31] block size: 60  x  60
INFO [2021-03-02 20:23:31] Impute missing data for block 1 of 1
INFO [2021-03-02 20:23:31] Replacing values below 0 or above 1:
INFO [2021-03-02 20:23:31] 0 values replaced
INFO [2021-03-02 20:23:31] 3 values outside of the boundaries found
INFO [2021-03-02 20:23:31] Starting the imputation of missing values.
INFO [2021-03-02 20:23:31] This might take a while.
INFO [2021-03-02 20:23:31] BEclear imputation is started:
INFO [2021-03-02 20:23:31] block size: 10  x  10
INFO [2021-03-02 20:23:31] loading futile.logger package
INFO [2021-03-02 20:23:31] Impute missing data for block 1 of 25
INFO [2021-03-02 20:23:31] Impute missing data for block 2 of 25
INFO [2021-03-02 20:23:31] Impute missing data for block 3 of 25
INFO [2021-03-02 20:23:31] Impute missing data for block 4 of 25
INFO [2021-03-02 20:23:32] Impute missing data for block 5 of 25
INFO [2021-03-02 20:23:32] Impute missing data for block 6 of 25
INFO [2021-03-02 20:23:32] Impute missing data for block 7 of 25
INFO [2021-03-02 20:23:32] Impute missing data for block 8 of 25
INFO [2021-03-02 20:23:32] Impute missing data for block 9 of 25
INFO [2021-03-02 20:23:32] Impute missing data for block 10 of 25
INFO [2021-03-02 20:23:32] Impute missing data for block 11 of 25
INFO [2021-03-02 20:23:32] Impute missing data for block 12 of 25
INFO [2021-03-02 20:23:32] Impute missing data for block 13 of 25
INFO [2021-03-02 20:23:32] Impute missing data for block 14 of 25
INFO [2021-03-02 20:23:32] Impute missing data for block 15 of 25
INFO [2021-03-02 20:23:32] Impute missing data for block 16 of 25
INFO [2021-03-02 20:23:32] Impute missing data for block 17 of 25
INFO [2021-03-02 20:23:32] Impute missing data for block 18 of 25
INFO [2021-03-02 20:23:32] Impute missing data for block 19 of 25
INFO [2021-03-02 20:23:32] Impute missing data for block 20 of 25
INFO [2021-03-02 20:23:32] Impute missing data for block 21 of 25
INFO [2021-03-02 20:23:32] Impute missing data for block 22 of 25
INFO [2021-03-02 20:23:32] Impute missing data for block 23 of 25
INFO [2021-03-02 20:23:32] Impute missing data for block 24 of 25
INFO [2021-03-02 20:23:32] Impute missing data for block 25 of 25
INFO [2021-03-02 20:23:32] Starting the imputation of missing values.
INFO [2021-03-02 20:23:32] This might take a while.
INFO [2021-03-02 20:23:32] BEclear imputation is started:
INFO [2021-03-02 20:23:32] block size: 0  x  0
INFO [2021-03-02 20:23:32] loading futile.logger package
INFO [2021-03-02 20:23:32] Impute missing data for block 1 of 1
INFO [2021-03-02 20:23:32] Replacing values below 0 or above 1:
INFO [2021-03-02 20:23:32] 3 values replaced
[ FAIL 0 | WARN 0 | SKIP 0 | PASS 83 ]
> 
> proc.time()
   user  system elapsed 
  4.490   0.165   4.583 

Example timings

BEclear.Rcheck/BEclear-Ex.timings

nameusersystemelapsed
BEclear-package7.6540.1637.670
calcBatchEffects30.392 0.27230.088
calcScore0.9230.0040.887
calcSummary0.8310.0440.830
clearBEgenes0.8080.0010.766
correctBatchEffect1.1490.0041.112
countValuesToPredict0.7820.0000.740
findOutsideValues0.2390.0080.246
imputeMissingData1.0510.0161.024
makeBoxplot0.9840.0000.942
preprocessBEclear0.0040.0000.004
replaceOutsideValues0.010.000.01