Back to Multiple platform build/check report for BioC 3.12
[A]BCDEFGHIJKLMNOPQRSTUVWXYZ

BUILD report for ArrayTV on nebbiolo1

This page was generated on 2021-03-03 12:11:33 -0500 (Wed, 03 Mar 2021).

To the developers/maintainers of the ArrayTV package:
Please make sure to use the following settings in order to reproduce any error or warning you see on this page.
Package 87/1974HostnameOS / ArchINSTALLBUILDCHECKBUILD BIN
ArrayTV 1.28.0
Eitan Halper-Stromberg
Snapshot Date: 2021-03-02 14:50:31 -0500 (Tue, 02 Mar 2021)
URL: https://git.bioconductor.org/packages/ArrayTV
Branch: RELEASE_3_12
Last Commit: f8ad413
Last Changed Date: 2020-10-27 10:52:44 -0500 (Tue, 27 Oct 2020)
malbec1Linux (Ubuntu 18.04.5 LTS) / x86_64  OK    ERROR  skipped
nebbiolo1Linux (Ubuntu 20.04.2 LTS) / x86_64  OK    ERROR  skipped
tokay1Windows Server 2012 R2 Standard / x64  OK    ERROR  skippedskipped
merida1macOS 10.14.6 Mojave / x86_64  OK    ERROR  skippedskipped

Summary

Package: ArrayTV
Version: 1.28.0
Command: /home/biocbuild/bbs-3.12-bioc/R/bin/R CMD build --keep-empty-dirs --no-resave-data ArrayTV
StartedAt: 2021-03-02 17:39:10 -0500 (Tue, 02 Mar 2021)
EndedAt: 2021-03-02 17:40:31 -0500 (Tue, 02 Mar 2021)
EllapsedTime: 81.2 seconds
RetCode: 1
Status:   ERROR  
PackageFile: None
PackageFileSize: NA

Command output

##############################################################################
##############################################################################
###
### Running command:
###
###   /home/biocbuild/bbs-3.12-bioc/R/bin/R CMD build --keep-empty-dirs --no-resave-data ArrayTV
###
##############################################################################
##############################################################################


* checking for file ‘ArrayTV/DESCRIPTION’ ... OK
* preparing ‘ArrayTV’:
* checking DESCRIPTION meta-information ... OK
* installing the package to build vignettes
* creating vignettes ... ERROR
--- re-building ‘ArrayTV.Rnw’ using Sweave
Warning: Package 'ArrayTV' is deprecated and will be removed from Bioconductor
  version 3.13
Loading required package: doParallel
Loading required package: foreach
Loading required package: iterators
Loading required package: parallel
Loading required package: BSgenome
Loading required package: BiocGenerics

Attaching package: ‘BiocGenerics’

The following objects are masked from ‘package:parallel’:

    clusterApply, clusterApplyLB, clusterCall, clusterEvalQ,
    clusterExport, clusterMap, parApply, parCapply, parLapply,
    parLapplyLB, parRapply, parSapply, parSapplyLB

The following objects are masked from ‘package:stats’:

    IQR, mad, sd, var, xtabs

The following objects are masked from ‘package:base’:

    Filter, Find, Map, Position, Reduce, anyDuplicated,
    append, as.data.frame, basename, cbind, colnames, dirname,
    do.call, duplicated, eval, evalq, get, grep, grepl,
    intersect, is.unsorted, lapply, mapply, match, mget,
    order, paste, pmax, pmax.int, pmin, pmin.int, rank, rbind,
    rownames, sapply, setdiff, sort, table, tapply, union,
    unique, unsplit, which.max, which.min

Loading required package: S4Vectors
Loading required package: stats4

Attaching package: ‘S4Vectors’

The following object is masked from ‘package:base’:

    expand.grid

Loading required package: IRanges
Loading required package: GenomeInfoDb
Loading required package: GenomicRanges
Loading required package: Biostrings
Loading required package: XVector

Attaching package: ‘Biostrings’

The following object is masked from ‘package:base’:

    strsplit

Loading required package: rtracklayer

Error: processing vignette 'ArrayTV.Rnw' failed with diagnostics:
 chunk 6 (label = tvscorefig) 
Error in plot.xy(xy, type, ...) : invalid color name 'NimbleGen'

--- failed re-building ‘ArrayTV.Rnw’

SUMMARY: processing the following file failed:
  ‘ArrayTV.Rnw’

Error: Vignette re-building failed.
Execution halted