Back to Multiple platform build/check report for BioC 3.12
[A]BCDEFGHIJKLMNOPQRSTUVWXYZ

CHECK report for AnnotationHubData on merida1

This page was generated on 2020-08-13 11:53:54 -0400 (Thu, 13 Aug 2020).

TO THE DEVELOPERS/MAINTAINERS OF THE AnnotationHubData PACKAGE: Please make sure to use the following settings in order to reproduce any error or warning you see on this page.
Package 63/1885HostnameOS / ArchINSTALLBUILDCHECKBUILD BIN
AnnotationHubData 1.19.3
Bioconductor Package Maintainer
Snapshot Date: 2020-08-12 14:52:00 -0400 (Wed, 12 Aug 2020)
URL: https://git.bioconductor.org/packages/AnnotationHubData
Branch: master
Last Commit: 3171efd
Last Changed Date: 2020-08-03 10:35:56 -0400 (Mon, 03 Aug 2020)
malbec1 Linux (Ubuntu 18.04.4 LTS) / x86_64  OK  OK  WARNINGS UNNEEDED, same version exists in internal repository
nebbiolo1 Linux (Ubuntu 20.04.1 LTS) / x86_64  OK  OK  ERROR 
tokay1 Windows Server 2012 R2 Standard / x64  OK  OK  WARNINGS  OK UNNEEDED, same version exists in internal repository
merida1 macOS 10.14.6 Mojave / x86_64  OK  OK [ WARNINGS ] OK UNNEEDED, same version exists in internal repository

Summary

Package: AnnotationHubData
Version: 1.19.3
Command: /Library/Frameworks/R.framework/Versions/Current/Resources/bin/R CMD check --install=check:AnnotationHubData.install-out.txt --library=/Library/Frameworks/R.framework/Versions/Current/Resources/library --no-vignettes --timings AnnotationHubData_1.19.3.tar.gz
StartedAt: 2020-08-13 01:41:31 -0400 (Thu, 13 Aug 2020)
EndedAt: 2020-08-13 01:52:54 -0400 (Thu, 13 Aug 2020)
EllapsedTime: 683.5 seconds
RetCode: 0
Status:  WARNINGS 
CheckDir: AnnotationHubData.Rcheck
Warnings: 1

Command output

##############################################################################
##############################################################################
###
### Running command:
###
###   /Library/Frameworks/R.framework/Versions/Current/Resources/bin/R CMD check --install=check:AnnotationHubData.install-out.txt --library=/Library/Frameworks/R.framework/Versions/Current/Resources/library --no-vignettes --timings AnnotationHubData_1.19.3.tar.gz
###
##############################################################################
##############################################################################


* using log directory ‘/Users/biocbuild/bbs-3.12-bioc/meat/AnnotationHubData.Rcheck’
* using R version 4.0.2 (2020-06-22)
* using platform: x86_64-apple-darwin17.0 (64-bit)
* using session charset: UTF-8
* using option ‘--no-vignettes’
* checking for file ‘AnnotationHubData/DESCRIPTION’ ... OK
* checking extension type ... Package
* this is package ‘AnnotationHubData’ version ‘1.19.3’
* package encoding: UTF-8
* checking package namespace information ... OK
* checking package dependencies ... OK
* checking if this is a source package ... OK
* checking if there is a namespace ... OK
* checking for hidden files and directories ... OK
* checking for portable file names ... OK
* checking for sufficient/correct file permissions ... OK
* checking whether package ‘AnnotationHubData’ can be installed ... OK
* checking installed package size ... OK
* checking package directory ... OK
* checking ‘build’ directory ... OK
* checking DESCRIPTION meta-information ... OK
* checking top-level files ... OK
* checking for left-over files ... OK
* checking index information ... OK
* checking package subdirectories ... OK
* checking R files for non-ASCII characters ... OK
* checking R files for syntax errors ... OK
* checking whether the package can be loaded ... OK
* checking whether the package can be loaded with stated dependencies ... OK
* checking whether the package can be unloaded cleanly ... OK
* checking whether the namespace can be loaded with stated dependencies ... OK
* checking whether the namespace can be unloaded cleanly ... OK
* checking dependencies in R code ... WARNING
'::' or ':::' import not declared from: ‘stringr’
Missing objects imported by ':::' calls:
  ‘AnnotationHub:::.db_connection’
  ‘GenomicFeatures:::.makeUCSCChrominfo’
* checking S3 generic/method consistency ... OK
* checking replacement functions ... OK
* checking foreign function calls ... OK
* checking R code for possible problems ... NOTE
.NCBIMetadataFromUrl: no visible binding for global variable ‘results’
.NCBIMetadataFromUrl: no visible binding for global variable ‘specData’
.makeComplexGR: no visible binding for global variable ‘seqname’
needToRerunNonStandardOrgDb: no visible binding for global variable
  ‘results’
needToRerunNonStandardOrgDb: no visible binding for global variable
  ‘specData’
trackWithAuxiliaryTablesToGRanges: no visible binding for global
  variable ‘seqname’
Undefined global functions or variables:
  results seqname specData
* checking Rd files ... OK
* checking Rd metadata ... OK
* checking Rd cross-references ... OK
* checking for missing documentation entries ... OK
* checking for code/documentation mismatches ... OK
* checking Rd \usage sections ... OK
* checking Rd contents ... OK
* checking for unstated dependencies in examples ... OK
* checking include directives in Makefiles ... OK
* checking files in ‘vignettes’ ... OK
* checking examples ... OK
Examples with CPU (user + system) or elapsed time > 5s
                      user system elapsed
validationFunctions 89.161  1.031  90.296
* checking for unstated dependencies in ‘tests’ ... OK
* checking tests ...
  Running ‘AnnotationHubData_unit_tests.R’
 OK
* checking for unstated dependencies in vignettes ... OK
* checking package vignettes in ‘inst/doc’ ... OK
* checking running R code from vignettes ... SKIPPED
* checking re-building of vignette outputs ... SKIPPED
* checking PDF version of manual ... OK
* DONE

Status: 1 WARNING, 1 NOTE
See
  ‘/Users/biocbuild/bbs-3.12-bioc/meat/AnnotationHubData.Rcheck/00check.log’
for details.



Installation output

AnnotationHubData.Rcheck/00install.out

##############################################################################
##############################################################################
###
### Running command:
###
###   /Library/Frameworks/R.framework/Versions/Current/Resources/bin/R CMD INSTALL AnnotationHubData
###
##############################################################################
##############################################################################


* installing to library ‘/Library/Frameworks/R.framework/Versions/4.0/Resources/library’
* installing *source* package ‘AnnotationHubData’ ...
** using staged installation
** R
** inst
** byte-compile and prepare package for lazy loading
** help
*** installing help indices
** building package indices
** installing vignettes
** testing if installed package can be loaded from temporary location
** testing if installed package can be loaded from final location
** testing if installed package keeps a record of temporary installation path
* DONE (AnnotationHubData)

Tests output

AnnotationHubData.Rcheck/tests/AnnotationHubData_unit_tests.Rout


R version 4.0.2 (2020-06-22) -- "Taking Off Again"
Copyright (C) 2020 The R Foundation for Statistical Computing
Platform: x86_64-apple-darwin17.0 (64-bit)

R is free software and comes with ABSOLUTELY NO WARRANTY.
You are welcome to redistribute it under certain conditions.
Type 'license()' or 'licence()' for distribution details.

R is a collaborative project with many contributors.
Type 'contributors()' for more information and
'citation()' on how to cite R or R packages in publications.

Type 'demo()' for some demos, 'help()' for on-line help, or
'help.start()' for an HTML browser interface to help.
Type 'q()' to quit R.

> BiocGenerics:::testPackage("AnnotationHubData")

Attaching package: 'BiocGenerics'

The following objects are masked from 'package:parallel':

    clusterApply, clusterApplyLB, clusterCall, clusterEvalQ,
    clusterExport, clusterMap, parApply, parCapply, parLapply,
    parLapplyLB, parRapply, parSapply, parSapplyLB

The following objects are masked from 'package:stats':

    IQR, mad, sd, var, xtabs

The following objects are masked from 'package:base':

    Filter, Find, Map, Position, Reduce, anyDuplicated, append,
    as.data.frame, basename, cbind, colnames, dirname, do.call,
    duplicated, eval, evalq, get, grep, grepl, intersect, is.unsorted,
    lapply, mapply, match, mget, order, paste, pmax, pmax.int, pmin,
    pmin.int, rank, rbind, rownames, sapply, setdiff, sort, table,
    tapply, union, unique, unsplit, which.max, which.min


Attaching package: 'S4Vectors'

The following object is masked from 'package:base':

    expand.grid

INFO [2020-08-13 01:49:49] Preparer Class: ChEAImportPreparer
complete!
INFO [2020-08-13 01:49:49] Preparer Class: EncodeImportPreparer
getting file info: wgEncodeAffyRnaChipFiltTransfragsGm12878CellTotal.broadPeak.gz
getting file info: wgEncodeAffyRnaChipFiltTransfragsGm12878CytosolLongnonpolya.broadPeak.gz
getting file info: wgEncodeAffyRnaChipFiltTransfragsGm12878CytosolLongpolya.broadPeak.gz
getting file info: wgEncodeAffyRnaChipFiltTransfragsGm12878NucleolusTotal.broadPeak.gz
getting file info: wgEncodeAffyRnaChipFiltTransfragsGm12878NucleusLongnonpolya.broadPeak.gz
complete!
INFO [2020-08-13 01:49:50] Preparer Class: EnsemblGtfImportPreparer
ftp://ftp.ensembl.org/pub/release-96/gtf/acanthochromis_polyacanthus/
ftp://ftp.ensembl.org/pub/release-96/gtf/ailuropoda_melanoleuca/
acanthochromis_polyacanthus

acanthochromis_polyacanthus

ailuropoda_melanoleuca

ailuropoda_melanoleuca

acanthochromis_polyacanthus

acanthochromis_polyacanthus

ailuropoda_melanoleuca

ailuropoda_melanoleuca

complete!
INFO [2020-08-13 01:49:58] Preparer Class: EnsemblGtfImportPreparer
ftp://ftp.ensembl.org/pub/release-85/gtf/ailuropoda_melanoleuca/
ftp://ftp.ensembl.org/pub/release-85/gtf/anas_platyrhynchos/
INFO [2020-08-13 01:50:04] Preparer Class: EnsemblTwoBitPreparer
acanthochromis_polyacanthus

acanthochromis_polyacanthus

acanthochromis_polyacanthus

acanthochromis_polyacanthus

ailuropoda_melanoleuca

acanthochromis_polyacanthus

acanthochromis_polyacanthus

acanthochromis_polyacanthus

acanthochromis_polyacanthus

ailuropoda_melanoleuca

complete!
INFO [2020-08-13 01:50:21] Preparer Class: EnsemblTwoBitPreparer
INFO [2020-08-13 01:50:32] Preparer Class: EpigenomeRoadMapPreparer
trying URL 'https://egg2.wustl.edu/roadmap/data/byDataType/dnamethylation/RRBS/FractionalMethylation_bigwig/'
downloaded 13 KB

trying URL 'https://egg2.wustl.edu/roadmap/data/byDataType/dnamethylation/WGBS/FractionalMethylation_bigwig/'
downloaded 10 KB

trying URL 'https://egg2.wustl.edu/roadmap/data/byDataType/dnamethylation/mCRF/FractionalMethylation_bigwig/'
Content type 'text/html;charset=UTF-8' length 5015 bytes
==================================================
downloaded 5015 bytes

getting file info: E002_RRBS_FractionalMethylation.bigwig
getting file info: E003_RRBS_FractionalMethylation.bigwig
complete!
INFO [2020-08-13 01:50:36] Preparer Class: GencodeFastaImportPreparer
getting file info: gencode.v23.chr_patch_hapl_scaff.transcripts.fa.gz
getting file info: gencode.v23.lncRNA_transcripts.fa.gz
complete!
INFO [2020-08-13 01:50:40] Preparer Class: GencodeGffImportPreparer
getting file info: gencode.v31.2wayconspseudos.gff3.gz
getting file info: gencode.v31.annotation.gff3.gz
complete!
INFO [2020-08-13 01:50:44] Preparer Class: Grasp2ImportPreparer
complete!
INFO [2020-08-13 01:50:44] Preparer Class: NCBIImportPreparer
looking up value for: 3708
looking up value for: 3818
looking up value for: 90675
looking up value for: 3469
looking up value for: 7957
looking up value for: 4232
Processing 8 files.
complete!
INFO [2020-08-13 01:50:54] Preparer Class: RefNetImportPreparer
complete!
INFO [2020-08-13 01:50:54] Preparer Class: dbSNPVCFPreparer
ftp://ftp.ncbi.nlm.nih.gov/pub/clinvar/vcf_GRCh37/archive_1.0/2016/
complete!
Found invalid DispatchClass.

[1] "somethingNotThere"

For currently available DispatchClass run
    'AnnotationHub::DispatchClassList()'

Found invalid DispatchClass.

[1] "somethingNotThere"

For currently available DispatchClass run
    'AnnotationHub::DispatchClassList()'

Loading valid species information.
ftp://ftp1.nci.nih.gov/pub/PID/BioPAX/
ftp://ftp1.nci.nih.gov/pub/PID/BioPAX/
ftp://ftp1.nci.nih.gov/pub/PID/BioPAX/


RUNIT TEST PROTOCOL -- Thu Aug 13 01:52:41 2020 
*********************************************** 
Number of test functions: 26 
Number of errors: 0 
Number of failures: 0 

 
1 Test Suite : 
AnnotationHubData RUnit Tests - 26 test functions, 0 errors, 0 failures
Number of test functions: 26 
Number of errors: 0 
Number of failures: 0 
Warning message:
In value[[3L]](cond) : chea-background.zip: Service Unavailable

> 
> proc.time()
   user  system elapsed 
168.477   2.254 229.493 

Example timings

AnnotationHubData.Rcheck/AnnotationHubData-Ex.timings

nameusersystemelapsed
AnnotationHubMetadata-class0.0050.0030.007
ImportPreparer-class0.0010.0010.002
makeAnnotationHubMetadata0.0040.0010.005
makeEnsemblFasta0.0000.0010.001
makeGencodeFasta0.0000.0010.001
makeStandardOrgDbs0.0010.0020.002
updateResources0.0010.0020.003
upload_to_S30.0000.0000.001
validationFunctions89.161 1.03190.296